000
CXUS55 KCAE 011400
CF6OGB
PRELIMINARY LOCAL CLIMATOLOGICAL DATA (WS FORM: F-6)
STATION: ORANGEBURG AIRPORT SC
MONTH: MARCH
YEAR: 2020
LATITUDE: 33 27 N
LONGITUDE: 80 51 W
TEMPERATURE IN F: :PCPN: SNOW: WIND :SUNSHINE: SKY :PK WND
================================================================================
1 2 3 4 5 6A 6B 7 8 9 10 11 12 13 14 15 16 17 18
12Z AVG MX 2MIN
DY MAX MIN AVG DEP HDD CDD WTR SNW DPTH SPD SPD DIR MIN PSBL S-S WX SPD DR
================================================================================
1 62 28 45 -8 20 0 0.00 M M 3.5 12 250 M M 0 15 240
2 70 38 54 1 11 0 0.33 M 0 5.6 24 210 M M 4 18 31 200
3 72 56 64 11 1 0 0.74 M M 10.4 29 240 M M 9 1 39 230
4 64 54 59 5 6 0 0.52 M M 4.0 10 40 M M 10 1 13 30
5 55 49 52 -2 13 0 0.96 M M 8.2 16 80 M M 9 1 23 70
6 63 44 54 0 11 0 0.00 M M 12.4 28 310 M M 5 39 290
7 58 37 48 -6 17 0 0.00 M M 7.1 17 10 M M 0 26 340
8 62 32 47 -8 18 0 0.00 M M 1.9 10 130 M M 0 14 150
9 73 39 56 1 9 0 0.00 M M 5.2 17 190 M M 3 23 210
10 73 54 64 9 1 0 T M M 6.0 17 200 M M 5 22 220
11 78 55 67 12 0 2 0.00 M M 6.4 21 230 M M 3 1 25 240
12 79 56 68 12 0 3 0.00 M M 6.7 14 190 M M 1 18 200
13 82 63 73 17 0 8 0.00 M M 8.4 17 240 M M 2 8 23 230
14 74 60 67 11 0 2 0.00 M M 5.8 15 70 M M 3 22 60
15 73 55 64 8 1 0 T M M 6.2 17 40 M M 5 22 40
16 60 52 56 -1 9 0 T M M 4.7 12 60 M M 10 17 70
17 73 55 64 7 1 0 T M M 1.7 10 230 M M 6 13 230
18 75 58 67 10 0 2 0.03 M M 5.1 12 140 M M 8 12 16 150
19 85 64 75 17 0 10 0.00 M M 7.2 16 190 M M 5 12 20 170
20 86 64 75 17 0 10 0.00 M M 10.2 18 220 M M 2 24 200
21 85 65 75 17 0 10 0.00 M M 7.0 16 240 M M M 22 240
22 68 51 60 2 5 0 0.35 M M 8.1 18 50 M M 8 1 25 60
23 60 50 55 -3 10 0 0.27 M M 4.5 9 230 M M 10 1 12 20
24 67 59 63 4 2 0 0.26 M M 4.9 12 30 M M 10 1 M M
25 75 60 68 9 0 3 0.24 M M 9.5 16 20 M M 5 1 21 20
26 72 50 61 2 4 0 0.00 M M 5.3 10 180 M M 2 19 110
27 84 55 70 11 0 5 0.00 M M 6.2 18 200 M M 3 12 21 200
28 86 63 75 15 0 10 0.00 M M 9.3 22 220 M M 0 18 28 230
29 86 64 75 15 0 10 0.00 M M 9.8 22 240 M M 2 28 240
30 80 58 69 9 0 4 0.00 M M 4.8 12 290 M M 0 15 230
31 68 52 60 0 5 0 0.45 M M 6.0 20 340 M M 6 1 34 350
================================================================================
SM 2248 1640 144 79 4.15 M 202.1 M 136
================================================================================
AV 72.5 52.9 6.5 FASTST M M 5 MAX(MPH)
MISC ----> # 29 240 # 39 230
================================================================================
NOTES:
# LAST OF SEVERAL OCCURRENCES
COLUMN 17 PEAK WIND IN M.P.H.
PRELIMINARY LOCAL CLIMATOLOGICAL DATA (WS FORM: F-6) , PAGE 2
STATION: ORANGEBURG AIRPORT SC
MONTH: MARCH
YEAR: 2020
LATITUDE: 33 27 N
LONGITUDE: 80 51 W
[TEMPERATURE DATA] [PRECIPITATION DATA] SYMBOLS USED IN COLUMN 16
AVERAGE MONTHLY: 62.7 TOTAL FOR MONTH: 4.15 1 = FOG OR MIST
DPTR FM NORMAL: 6.1 DPTR FM NORMAL: 0.17 2 = FOG REDUCING VISIBILITY
HIGHEST: 86 ON 29,28 GRTST 24HR 0.96 ON 5- 5 TO 1/4 MILE OR LESS
LOWEST: 28 ON 1 3 = THUNDER
SNOW, ICE PELLETS, HAIL 4 = ICE PELLETS
TOTAL MONTH: M 5 = HAIL
GRTST 24HR M ON M 6 = FREEZING RAIN OR DRIZZLE
GRTST DEPTH: 0 7 = DUSTSTORM OR SANDSTORM:
VSBY 1/2 MILE OR LESS
8 = SMOKE OR HAZE
[NO. OF DAYS WITH] [WEATHER - DAYS WITH] 9 = BLOWING SNOW
X = TORNADO
MAX 32 OR BELOW: 0 0.01 INCH OR MORE: 10
MAX 90 OR ABOVE: 0 0.10 INCH OR MORE: 9
MIN 32 OR BELOW: 2 0.50 INCH OR MORE: 3
MIN 0 OR BELOW: 0 1.00 INCH OR MORE: 0
[HDD (BASE 65) ]
TOTAL THIS MO. 144 CLEAR (SCALE 0-3) 13
DPTR FM NORMAL -133 PTCLDY (SCALE 4-7) 10
TOTAL FM JUL 1 1684 CLOUDY (SCALE 8-10) 7
DPTR FM NORMAL -525
[CDD (BASE 65) ]
TOTAL THIS MO. 79
DPTR FM NORMAL 62 [PRESSURE DATA]
TOTAL FM JAN 1 114 HIGHEST SLP 30.64 ON 8
DPTR FM NORMAL 94 LOWEST SLP 29.55 ON 31
[REMARKS]
#FINAL-03-20#