000
CXHW52 PHFO 011625
CLMOGG
CLIMATE REPORT
NATIONAL WEATHER SERVICE HONOLULU HI
625 AM HST MON MAY 01 2023
...................................
...THE KAHULUI HI CLIMATE SUMMARY FOR THE MONTH OF APRIL 2023...
CLIMATE NORMAL PERIOD 1991 TO 2020
CLIMATE RECORD PERIOD 1954 TO 2023
WEATHER OBSERVED NORMAL DEPART LAST YEAR`S
VALUE DATE(S) VALUE FROM VALUE DATE(S)
NORMAL
................................................................
TEMPERATURE (F)
RECORD
HIGH 96 04/08/2005
LOW 54 04/04/1985
HIGHEST 88 04/16 83 5 90 04/28
04/17
04/21
LOWEST 63 04/07 66 -3 64 04/09
04/24
AVG. MAXIMUM 84.4 84.5 -0.1 85.9
AVG. MINIMUM 67.2 66.6 0.6 69.8
MEAN 75.8 75.5 0.3 77.9
DAYS MAX >= 90 0 1
DAYS MAX >= 93 0 0
DAYS MAX <= 80 1 0
DAYS MIN >= 72 0 7
DAYS MIN <= 60 0 0
DAYS MIN <= 55 0 0
PRECIPITATION (INCHES)
RECORD
MAXIMUM 14.29 1989
MINIMUM 0.03 2008
TOTALS 1.37 1.32 0.05 0.09
DAILY AVG. 0.05 0.04 0.00 0.00
DAYS >= .01 6 8.6 -2.6 4
DAYS >= .10 4 2.5 1.5 0
DAYS >= .50 1 0.6 0.4 0
DAYS >= 1.00 0 0.3 -0.3 0
GREATEST
24 HR. TOTAL 0.66 04/19 TO 04/19 0.06
SNOWFALL (INCHES)
RECORDS
TOTAL MM 0
TOTALS MM MM MM MM
SINCE 7/1 MM MM MM MM
SNOWDEPTH AVG. MM MM
DAYS >= 1.0 MM MM MM MM
GREATEST
SNOW DEPTH MM MM MM
24 HR TOTAL MM MM
DEGREE DAYS
HEATING TOTAL 0 0 0 0
SINCE 7/1 0 0 0 MM
COOLING TOTAL 330 316 14 392
SINCE 1/1 1071 1064 7 MM
................................................................
WIND (MPH)
AVERAGE WIND SPEED 11.5
HIGHEST WIND SPEED/DIRECTION 35/200 DATE 04/19
HIGHEST GUST SPEED/DIRECTION 46/210 DATE 04/19
SKY COVER
POSSIBLE SUNSHINE (PERCENT) MM
AVERAGE SKY COVER 0.35
NUMBER OF DAYS FAIR 18
NUMBER OF DAYS PC 12
NUMBER OF DAYS CLOUDY 0
AVERAGE RH (PERCENT) 70
WEATHER CONDITIONS. NUMBER OF DAYS WITH
THUNDERSTORM MM MIXED PRECIP MM
HEAVY RAIN 1 RAIN 1
LIGHT RAIN 10 FREEZING RAIN MM
LT FREEZING RAIN MM HAIL MM
HEAVY SNOW MM SNOW MM
LIGHT SNOW MM SLEET MM
FOG 6 FOG W/VIS <= 1/4 MILE MM
HAZE MM
- INDICATES NEGATIVE NUMBERS.
R INDICATES RECORD WAS SET OR TIED.
MM INDICATES DATA IS MISSING.
T INDICATES TRACE AMOUNT.
$$