000
CXUS53 KEAX 010736
CF6OJC
PRELIMINARY LOCAL CLIMATOLOGICAL DATA (WS FORM: F-6)
STATION: JOHNSON COUNTY EXECUTIVE KS
MONTH: JUNE
YEAR: 2022
LATITUDE: 38 50 N
LONGITUDE: 94 44 W
TEMPERATURE IN F: :PCPN: SNOW: WIND :SUNSHINE: SKY :PK WND
================================================================================
1 2 3 4 5 6A 6B 7 8 9 10 11 12 13 14 15 16 17 18
12Z AVG MX 2MIN
DY MAX MIN AVG DEP HDD CDD WTR SNW DPTH SPD SPD DIR MIN PSBL S-S WX SPD DR
================================================================================
1 70 55 63 -7 2 0 0.36 M M 8.1 18 20 M M 6 13 26 20
2 76 55 66 -5 0 1 0.00 M M 6.4 15 350 M M 0 24 20
3 80 55 68 -3 0 3 0.00 M M 4.0 12 180 M M 0 16 170
4 74 57 66 -5 0 1 0.07 M M 6.1 16 180 M M 5 23 170
5 77 61 69 -3 0 4 0.05 M M 7.1 17 170 M M 2 13 25 140
6 84 65 75 3 0 10 T M M 5.8 18 20 M M 5 3 23 20
7 87 69 78 6 0 13 0.00 M M 6.1 14 150 M M 3 3 20 230
8 80 63 72 0 0 7 0.41 M M 7.1 31 310 M M 4 138 45 300
9 81 57 69 -4 0 4 0.00 M M 3.2 12 160 M M 2 1 17 200
10 84 65 75 2 0 10 0.06 M M 5.4 24 160 M M 5 33 170
11 90 66 78 5 0 13 0.00 M M 6.7 18 170 M M 1 1 25 180
12 89 75 82 8 0 17 0.00 M M 9.8 28 170 M M 0 1 36 170
13 97 78 88 14 0 23 0.02 M M 12.7 23 200 M M 0 3 33 200
14 92 79 86 12 0 21 0.00 M M 15.5 26 170 M M 1 37 210
15 90 78 84 10 0 19 0.00 M M 12.7 23 210 M M 2 36 190
16 96 74 85 11 0 20 0.00 M M 6.8 13 200 M M 1 19 200
17 95 72 84 9 0 19 0.00 M M 6.9 21 10 M M 2 34 360
18 94 77 86 11 0 21 0.00 M M 6.3 16 120 M M 1 23 130
19 92 72 82 7 0 17 0.00 M M 10.3 18 160 M M 0 25 160
20 92 67 80 5 0 15 0.00 M M 9.5 17 170 M M 0 25 170
21 97 74 86 10 0 21 T M M 10.1 26 310 M M 0 3 41 310
22 87 71 79 3 0 14 0.04 M M 3.7 13 340 M M 3 1 20 340
23 80 68 74 -2 0 9 0.12 M M 6.1 14 160 M M 2 1 19 150
24 90 71 81 5 0 16 0.06 M M 9.5 20 150 M M 2 13 28 130
25 96 78 87 11 0 22 0.00 M M 10.7 18 360 M M 0 29 240
26 80 66 73 -3 0 8 0.00 M M 11.9 22 360 M M 2 31 10
27 85 61 73 -3 0 8 0.00 M M 5.2 14 60 M M 0 19 50
28 86 61 74 -3 0 9 0.00 M M 5.4 14 190 M M 0 8 21 240
29 92 63 78 1 0 13 0.00 M M 6.3 14 200 M M 0 20 240
30 92 64 78 1 0 13 0.00 M M 9.8 20 180 M M 0 29 210
================================================================================
SM 2605 2017 2 371 1.19 M 235.2 M 49
================================================================================
AV 86.8 67.2 7.8 FASTST M M 2 MAX(MPH)
MISC ----> 31 310 45 300
================================================================================
NOTES:
# LAST OF SEVERAL OCCURRENCES
COLUMN 17 PEAK WIND IN M.P.H.
PRELIMINARY LOCAL CLIMATOLOGICAL DATA (WS FORM: F-6) , PAGE 2
STATION: JOHNSON COUNTY EXECUTIVE KS
MONTH: JUNE
YEAR: 2022
LATITUDE: 38 50 N
LONGITUDE: 94 44 W
[TEMPERATURE DATA] [PRECIPITATION DATA] SYMBOLS USED IN COLUMN 16
AVERAGE MONTHLY: 77.0 TOTAL FOR MONTH: 1.19 1 = FOG OR MIST
DPTR FM NORMAL: 3.0 DPTR FM NORMAL: -3.96 2 = FOG REDUCING VISIBILITY
HIGHEST: 97 ON 21,13 GRTST 24HR 0.56 ON 31- 1 TO 1/4 MILE OR LESS
LOWEST: 55 ON 3, 2 3 = THUNDER
SNOW, ICE PELLETS, HAIL 4 = ICE PELLETS
TOTAL MONTH: M 5 = HAIL
GRTST 24HR M ON M 6 = FREEZING RAIN OR DRIZZLE
GRTST DEPTH: M ON M 7 = DUSTSTORM OR SANDSTORM:
VSBY 1/2 MILE OR LESS
8 = SMOKE OR HAZE
[NO. OF DAYS WITH] [WEATHER - DAYS WITH] 9 = BLOWING SNOW
X = TORNADO
MAX 32 OR BELOW: 0 0.01 INCH OR MORE: 9
MAX 90 OR ABOVE: 14 0.10 INCH OR MORE: 3
MIN 32 OR BELOW: 0 0.50 INCH OR MORE: 0
MIN 0 OR BELOW: 0 1.00 INCH OR MORE: 0
[HDD (BASE 65) ]
TOTAL THIS MO. 2 CLEAR (SCALE 0-3) 25
DPTR FM NORMAL -4 PTCLDY (SCALE 4-7) 5
TOTAL FM JUL 1 4358 CLOUDY (SCALE 8-10) 0
DPTR FM NORMAL -564
[CDD (BASE 65) ]
TOTAL THIS MO. 371
DPTR FM NORMAL 93 [PRESSURE DATA]
TOTAL FM JAN 1 530 HIGHEST SLP M ON M
DPTR FM NORMAL 141 LOWEST SLP 29.56 ON 11
[REMARKS]
#FINAL-06-22#