000
CXUS55 KEAX 010736
CF6OJC
PRELIMINARY LOCAL CLIMATOLOGICAL DATA (WS FORM: F-6)
STATION: JOHNSON COUNTY EXECUTIVE KS
MONTH: APRIL
YEAR: 2021
LATITUDE: 38 50 N
LONGITUDE: 94 44 W
TEMPERATURE IN F: :PCPN: SNOW: WIND :SUNSHINE: SKY :PK WND
================================================================================
1 2 3 4 5 6A 6B 7 8 9 10 11 12 13 14 15 16 17 18
12Z AVG MX 2MIN
DY MAX MIN AVG DEP HDD CDD WTR SNW DPTH SPD SPD DIR MIN PSBL S-S WX SPD DR
================================================================================
1 52 28 40 -10 25 0 0.00 M M 4.3 12 20 M M 0 16 70
2 67 35 51 0 14 0 0.00 M M 13.0 23 180 M M 0 8 33 190
3 73 46 60 9 5 0 0.00 M M 11.0 22 210 M M 0 32 210
4 78 48 63 11 2 0 0.00 M M 10.8 22 180 M M 0 29 190
5 77 54 66 14 0 1 0.00 M M 14.3 26 190 M M 1 39 180
6 77 59 68 16 0 3 0.00 M M 17.0 29 160 M M 2 43 160
7 68 45 57 5 8 0 0.70 M M 12.1 24 160 M M 10 13 33 170
8 57 45 51 -2 14 0 0.30 M M 8.2 16 270 M M 8 1 30 290
9 73 39 56 3 9 0 0.18 M M 7.4 23 340 M M 3 12 36 320
10 60 46 53 0 12 0 0.41 M M 11.5 22 310 M M 7 1 33 350
11 79 41 60 6 5 0 0.00 M M 6.8 18 320 M M 0 27 310
12 61 46 54 0 11 0 0.00 M M 9.9 22 360 M M 4 31 360
13 61 42 52 -2 13 0 0.00 M M 6.9 16 330 M M 1 24 330
14 59 41 50 -5 15 0 0.00 M M 9.5 17 40 M M 0 24 40
15 60 37 49 -6 16 0 0.00 M M 5.8 15 50 M M 2 19 10
16 51 43 47 -8 18 0 0.49 M M 7.0 13 50 M M 8 1 19 50
17 55 42 49 -7 16 0 T M M 8.0 14 320 M M 10 1 19 300
18 60 41 51 -5 14 0 0.00 M M 6.1 17 300 M M 6 27 280
19 56 35 46 -10 19 0 0.00 M M 10.1 22 10 M M 1 8 30 30
20 45 31 38 -18 27 0 0.16 M M 8.1 17 10 M M 7 1 25 340
21 47 31 39 -18 26 0 0.00 M M 7.9 20 340 M M 4 30 320
22 56 28 42 -15 23 0 0.07 M M 7.3 18 190 M M 3 27 180
23 56 43 50 -8 15 0 0.15 M M 8.1 17 360 M M 10 13 22 170
24 67 49 58 0 7 0 0.02 M M 8.3 18 10 M M 3 1 25 310
25 73 45 59 1 6 0 0.00 M M 10.9 29 160 M M 0 38 170
26 82 58 70 12 0 5 0.00 M M 18.4 29 210 M M 0 43 170
27 79 65 72 13 0 7 0.00 M M 13.2 24 200 M M 2 37 200
28 77 59 68 9 0 3 1.12 M M 6.7 15 340 M M 8 12 20 350
29 77 56 67 8 0 2 0.00 M M 9.2 21 360 M M 2 18 30 10
30 79 48 64 4 1 0 0.00 M M 5.7 13 250 M M 0 18 260
================================================================================
SM 1962 1326 321 21 3.60 M 283.5 M 102
================================================================================
AV 65.4 44.2 9.5 FASTST M M 3 MAX(MPH)
MISC ----> # 29 160 # 43 160
================================================================================
NOTES:
# LAST OF SEVERAL OCCURRENCES
COLUMN 17 PEAK WIND IN M.P.H.
PRELIMINARY LOCAL CLIMATOLOGICAL DATA (WS FORM: F-6) , PAGE 2
STATION: JOHNSON COUNTY EXECUTIVE KS
MONTH: APRIL
YEAR: 2021
LATITUDE: 38 50 N
LONGITUDE: 94 44 W
[TEMPERATURE DATA] [PRECIPITATION DATA] SYMBOLS USED IN COLUMN 16
AVERAGE MONTHLY: 54.8 TOTAL FOR MONTH: 3.60 1 = FOG OR MIST
DPTR FM NORMAL: -0.3 DPTR FM NORMAL: -0.39 2 = FOG REDUCING VISIBILITY
HIGHEST: 82 ON 26 GRTST 24HR 1.12 ON 28-28 TO 1/4 MILE OR LESS
LOWEST: 28 ON 22, 1 3 = THUNDER
SNOW, ICE PELLETS, HAIL 4 = ICE PELLETS
TOTAL MONTH: M 5 = HAIL
GRTST 24HR M ON M 6 = FREEZING RAIN OR DRIZZLE
GRTST DEPTH: M ON M 7 = DUSTSTORM OR SANDSTORM:
VSBY 1/2 MILE OR LESS
8 = SMOKE OR HAZE
[NO. OF DAYS WITH] [WEATHER - DAYS WITH] 9 = BLOWING SNOW
X = TORNADO
MAX 32 OR BELOW: 0 0.01 INCH OR MORE: 10
MAX 90 OR ABOVE: 0 0.10 INCH OR MORE: 8
MIN 32 OR BELOW: 4 0.50 INCH OR MORE: 2
MIN 0 OR BELOW: 0 1.00 INCH OR MORE: 1
[HDD (BASE 65) ]
TOTAL THIS MO. 321 CLEAR (SCALE 0-3) 18
DPTR FM NORMAL 7 PTCLDY (SCALE 4-7) 7
TOTAL FM JUL 1 4701 CLOUDY (SCALE 8-10) 5
DPTR FM NORMAL -130
[CDD (BASE 65) ]
TOTAL THIS MO. 21
DPTR FM NORMAL 4 [PRESSURE DATA]
TOTAL FM JAN 1 21 HIGHEST SLP M ON M
DPTR FM NORMAL 3 LOWEST SLP 29.48 ON 8
[REMARKS]
#FINAL-04-21#