000
CXUS56 KSGX 011045
CF6OKB
PRELIMINARY LOCAL CLIMATOLOGICAL DATA (WS FORM: F-6)
STATION: OCEANSIDE AIRPORT CA
MONTH: OCTOBER
YEAR: 2021
LATITUDE: 33 13 N
LONGITUDE: 117 21 W
TEMPERATURE IN F: :PCPN: SNOW: WIND :SUNSHINE: SKY :PK WND
================================================================================
1 2 3 4 5 6A 6B 7 8 9 10 11 12 13 14 15 16 17 18
12Z AVG MX 2MIN
DY MAX MIN AVG DEP HDD CDD WTR SNW DPTH SPD SPD DIR MIN PSBL S-S WX SPD DR
================================================================================
1 88 46 67 1 0 2 0.00 M M 3.5 14 290 M M 0 18 300
2 89 47 68 2 0 3 0.00 M M 4.6 16 280 M M 0 1 21 290
3 89 50 70 4 0 5 0.00 M M 3.3 14 250 M M 0 17 240
4 84 54 69 3 0 4 0.17 M M 4.6 14 170 M M 3 13 20 160
5 79 60 70 4 0 5 0.37 M M 4.9 15 210 M M 2 1 19 40
6 74 62 68 2 0 3 T M M 3.8 16 240 M M 8 18 21 250
7 72 59 66 0 0 1 0.00 M M 3.2 12 250 M M 6 18 15 240
8 70 61 66 1 0 1 0.81 M M 4.6 13 260 M M 7 1 16 240
9 72 54 63 -2 2 0 0.00 M M 4.3 17 260 M M 2 1 21 280
10 76 50 63 -2 2 0 0.00 M M 3.9 14 240 M M 0 1 17 250
11 72 54 63 -2 2 0 0.00 M M 9.2 22 250 M M 9 8 29 300
12 71 44 58 -7 7 0 0.00 M M 6.6 20 250 M M 1 26 280
13 72 43 58 -6 7 0 0.00 M M 5.5 15 260 M M 0 19 260
14 75 42 59 -5 6 0 0.00 M M 3.5 14 260 M M 0 17 250
15 90 44 67 3 0 2 0.00 M M 4.6 17 290 M M 0 21 290
16 83 45 64 0 1 0 0.00 M M 4.0 17 280 M M 0 23 260
17 75 44 60 -4 5 0 0.00 M M 3.5 14 250 M M 2 1 16 240
18 69 44 57 -7 8 0 T M M 4.9 18 250 M M 6 1 22 240
19 69 42 56 -7 9 0 0.00 M M 3.7 13 250 M M 0 16 260
20 70 42 56 -7 9 0 0.00 M M 4.4 15 270 M M 0 19 260
21 72 44 58 -5 7 0 0.00 M M 3.0 13 250 M M 1 12 16 260
22 69 56 63 0 2 0 0.00 M M 4.5 15 290 M M 8 1 19 260
23 68 55 62 0 3 0 0.02 M M 4.1 14 240 M M 7 18 17 220
24 71 49 60 -2 5 0 0.00 M M 3.5 14 260 M M 1 1 16 240
25 68 50 59 -3 6 0 0.20 M M 4.9 22 300 M M 9 18 32 310
26 67 47 57 -5 8 0 0.00 M M 3.5 14 250 M M 3 12 17 260
27 76 43 60 -2 5 0 0.00 M M 3.1 13 240 M M 0 1 15 250
28 85 48 67 5 0 2 0.00 M M 2.9 13 250 M M 0 15 230
29 79 48 64 3 1 0 0.00 M M 3.9 12 240 M M 2 1 14 240
30 68 60 64 3 1 0 0.00 M M 4.4 10 230 M M 8 18 14 210
31 68 53 61 0 4 0 0.00 M M 2.6 12 260 M M 5 15 260
================================================================================
SM 2330 1540 100 28 1.57 M 131.0 M 90
================================================================================
AV 75.2 49.7 4.2 FASTST M M 3 MAX(MPH)
MISC ----> # 22 250 32 310
================================================================================
NOTES:
# LAST OF SEVERAL OCCURRENCES
COLUMN 17 PEAK WIND IN M.P.H.
PRELIMINARY LOCAL CLIMATOLOGICAL DATA (WS FORM: F-6) , PAGE 2
STATION: OCEANSIDE AIRPORT CA
MONTH: OCTOBER
YEAR: 2021
LATITUDE: 33 13 N
LONGITUDE: 117 21 W
[TEMPERATURE DATA] [PRECIPITATION DATA] SYMBOLS USED IN COLUMN 16
AVERAGE MONTHLY: 62.4 TOTAL FOR MONTH: 1.57 1 = FOG OR MIST
DPTR FM NORMAL: -1.4 DPTR FM NORMAL: 0.93 2 = FOG REDUCING VISIBILITY
HIGHEST: 90 ON 15 GRTST 24HR 0.81 ON 8- 8 TO 1/4 MILE OR LESS
LOWEST: 42 ON 20,19 3 = THUNDER
SNOW, ICE PELLETS, HAIL 4 = ICE PELLETS
TOTAL MONTH: M 5 = HAIL
GRTST 24HR M ON M 6 = FREEZING RAIN OR DRIZZLE
GRTST DEPTH: M ON M 7 = DUSTSTORM OR SANDSTORM:
VSBY 1/2 MILE OR LESS
8 = SMOKE OR HAZE
[NO. OF DAYS WITH] [WEATHER - DAYS WITH] 9 = BLOWING SNOW
X = TORNADO
MAX 32 OR BELOW: 0 0.01 INCH OR MORE: 5
MAX 90 OR ABOVE: 1 0.10 INCH OR MORE: 4
MIN 32 OR BELOW: 0 0.50 INCH OR MORE: 1
MIN 0 OR BELOW: 0 1.00 INCH OR MORE: 0
[HDD (BASE 65) ]
TOTAL THIS MO. 100 CLEAR (SCALE 0-3) 21
DPTR FM NORMAL 25 PTCLDY (SCALE 4-7) 6
TOTAL FM JUL 1 103 CLOUDY (SCALE 8-10) 4
DPTR FM NORMAL 14
[CDD (BASE 65) ]
TOTAL THIS MO. 28
DPTR FM NORMAL -10 [PRESSURE DATA]
TOTAL FM JAN 1 570 HIGHEST SLP 30.17 ON 27
DPTR FM NORMAL 66 LOWEST SLP 29.66 ON 11
[REMARKS]
#FINAL-10-21#