988
CXUS55 KGGW 010910
CF6OLF
PRELIMINARY LOCAL CLIMATOLOGICAL DATA (WS FORM: F-6)
STATION: WOLF POINT MT
MONTH: OCTOBER
YEAR: 2020
LATITUDE: 48 5 N
LONGITUDE: 105 35 W
TEMPERATURE IN F: :PCPN: SNOW: WIND :SUNSHINE: SKY :PK WND
================================================================================
1 2 3 4 5 6A 6B 7 8 9 10 11 12 13 14 15 16 17 18
12Z AVG MX 2MIN
DY MAX MIN AVG DEP HDD CDD WTR SNW DPTH SPD SPD DIR MIN PSBL S-S WX SPD DR
================================================================================
1 58 24 41 -9 24 0 0.00 M M 2.7 8 90 M M 0 10 80
2 70 33 52 2 13 0 0.02 M M 9.9 31 360 M M 3 36 360
3 67 34 51 1 14 0 0.00 M M 3.5 10 320 M M 2 14 210
4 82 30 56 7 9 0 0.00 M M 5.2 16 270 M M 0 20 250
5 74 42 58 9 7 0 T M M 8.7 23 290 M M 3 32 300
6 78 40 59 11 6 0 0.00 M M 5.7 16 10 M M 0 20 50
7 68 42 55 7 10 0 0.00 M M 6.3 13 90 M M 5 16 80
8 77 40 59 12 6 0 0.00 M M 5.2 12 80 M M 0 13 70
9 67 42 55 8 10 0 0.00 M M 5.5 13 250 M M 0 17 260
10 85 36 61 15 4 0 0.00 M M 7.1 25 260 M M 0 34 270
11 66 37 52 6 13 0 0.00 M M 18.1 38 300 M M 2 47 300
12 62 25 44 -2 21 0 T M M 7.6 22 280 M M 4 30 270
13 57 29 43 -2 22 0 0.13 M M 7.9 32 280 M M 3 44 280
14 51 30 41 -4 24 0 0.00 M M 11.7 23 340 M M 5 28 350
15 48 27 38 -6 27 0 T M M 12.5 30 300 M M 4 42 300
16 41 27 34 -10 31 0 0.23 M M 8.0 22 40 M M 8 30 50
17 33 19 26 -17 39 0 0.00 M M 11.2 20 300 M M 3 24 290
18 27 20 24 -19 41 0 T M M 7.1 15 310 M M 9 19 280
19 31 14 23 -19 42 0 0.02 M M 8.1 16 80 M M 6 20 80
20 35 11 23 -19 42 0 0.06 M M 7.4 18 310 M M 7 22 260
21 32 10 21 -21 44 0 0.02 M M 12.9 25 60 M M 6 32 60
22 27 0 14 -27 51 0 T M M 12.6 22 10 M M 6 29 20
23 17 -2 8 -32 57 0 T M M 6.0 12 70 M M 5 15 80
24 21 4 13 -27 52 0 T M M 8.9 16 20 M M 6 20 20
25 21 2 12 -27 53 0 0.00 M M 7.8 17 290 M M 9 21 290
26 23 -4 10 -29 55 0 0.00 M M 5.7 14 260 M M 3 17 260
27 42 7 25 -13 40 0 0.00 M M 7.5 20 240 M M 4 24 240
28 43 28 36 -2 29 0 0.00 M M 6.9 20 260 M M 8 23 260
29 51 29 40 3 25 0 T M M 6.9 15 300 M M 6 17 300
30 67 28 48 11 17 0 T M M 10.1 46 310 M M 3 59 300
31 46 25 36 0 29 0 0.00 M M 15.1 33 320 M M 2 44 300
================================================================================
SM 1567 729 857 0 0.48 M 259.8 M 122
================================================================================
AV 50.5 23.5 8.4 FASTST M M 4 MAX(MPH)
MISC ----> 46 310 59 300
================================================================================
NOTES:
# LAST OF SEVERAL OCCURRENCES
COLUMN 17 PEAK WIND IN M.P.H.
PRELIMINARY LOCAL CLIMATOLOGICAL DATA (WS FORM: F-6) , PAGE 2
STATION: WOLF POINT MT
MONTH: OCTOBER
YEAR: 2020
LATITUDE: 48 5 N
LONGITUDE: 105 35 W
[TEMPERATURE DATA] [PRECIPITATION DATA] SYMBOLS USED IN COLUMN 16
AVERAGE MONTHLY: 37.0 TOTAL FOR MONTH: 0.48 1 = FOG OR MIST
DPTR FM NORMAL: -6.7 DPTR FM NORMAL: -0.33 2 = FOG REDUCING VISIBILITY
HIGHEST: 85 ON 10 GRTST 24HR 0.23 ON 16-16 TO 1/4 MILE OR LESS
LOWEST: -4 ON 26 3 = THUNDER
SNOW, ICE PELLETS, HAIL 4 = ICE PELLETS
TOTAL MONTH: M 5 = HAIL
GRTST 24HR M ON M 6 = FREEZING RAIN OR DRIZZLE
GRTST DEPTH: M ON M 7 = DUSTSTORM OR SANDSTORM:
VSBY 1/2 MILE OR LESS
8 = SMOKE OR HAZE
[NO. OF DAYS WITH] [WEATHER - DAYS WITH] 9 = BLOWING SNOW
X = TORNADO
MAX 32 OR BELOW: 8 0.01 INCH OR MORE: 6
MAX 90 OR ABOVE: 0 0.10 INCH OR MORE: 2
MIN 32 OR BELOW: 22 0.50 INCH OR MORE: 0
MIN 0 OR BELOW: 3 1.00 INCH OR MORE: 0
[HDD (BASE 65) ]
TOTAL THIS MO. 857 CLEAR (SCALE 0-3) 11
DPTR FM NORMAL 195 PTCLDY (SCALE 4-7) 17
TOTAL FM JUL 1 1098 CLOUDY (SCALE 8-10) 3
DPTR FM NORMAL 110
[CDD (BASE 65) ]
TOTAL THIS MO. 0
DPTR FM NORMAL 0 [PRESSURE DATA]
TOTAL FM JAN 1 504 HIGHEST SLP M ON M
DPTR FM NORMAL 56 LOWEST SLP 29.25 ON 10
[REMARKS]
#FINAL-10-20#