000
CXUS55 KSEW 010930
CF6OLM
PRELIMINARY LOCAL CLIMATOLOGICAL DATA (WS FORM: F-6)
STATION: OLYMPIA WA AIRPORT
MONTH: AUGUST
YEAR: 2022
LATITUDE: 46 58 N
LONGITUDE: 122 54 W
TEMPERATURE IN F: :PCPN: SNOW: WIND :SUNSHINE: SKY :PK WND
================================================================================
1 2 3 4 5 6A 6B 7 8 9 10 11 12 13 14 15 16 17 18
12Z AVG MX 2MIN
DY MAX MIN AVG DEP HDD CDD WTR SNW DPTH SPD SPD DIR MIN PSBL S-S WX SPD DR
================================================================================
1 82 58 70 4 0 5 0.00 M M 9.8 18 240 M M 0 24 220
2 80 52 66 1 0 1 0.00 M M 6.8 14 240 M M 3 19 200
3 73 44 59 -6 6 0 0.00 M M 7.6 18 210 M M 3 1 25 210
4 74 52 63 -2 2 0 T M M 7.1 15 220 M M 6 18 21 210
5 78 45 62 -3 3 0 0.00 M M 4.9 16 360 M M 0 22 60
6 86 46 66 1 0 1 0.00 M M 5.9 17 20 M M 0 22 20
7 92 47 70 5 0 5 0.00 M M 5.0 14 50 M M 0 21 60
8 92 50 71 6 0 6 0.00 M M 4.2 10 310 M M 0 15 360
9 82 55 69 4 0 4 T M M 1.8 8 10 M M 4 13 60
10 69 54 62 -3 3 0 0.03 M M 4.2 12 200 M M 7 138 16 190
11 82 50 66 1 0 1 0.00 M M 3.0 10 40 M M 4 12 15 30
12 77 51 64 -1 1 0 0.00 M M 5.6 15 260 M M 5 22 230
13 72 51 62 -3 3 0 T M M 5.0 13 240 M M 7 18 15 200
14 82 46 64 -1 1 0 0.00 M M 2.8 10 360 M M 2 12 14 360
15 87 50 69 5 0 4 0.00 M M 2.3 12 360 M M 0 1 15 10
16 85 50 68 4 0 3 0.00 M M 5.0 13 30 M M 1 1 17 30
17 90 52 71 7 0 6 0.00 M M 5.8 17 20 M M 0 25 70
18 96 65 81 17 0 16 0.00 M M 3.6 13 160 M M 0 15 160
19 82 61 72 8 0 7 0.02 M M 7.0 14 210 M M 1 21 230
20 80 58 69 5 0 4 0.00 M M 4.4 13 200 M M 6 17 180
21 85 57 71 7 0 6 0.00 M M 3.0 9 230 M M 4 14 260
22 87 54 71 7 0 6 0.00 M M 3.2 10 20 M M 1 16 340
23 84 52 68 4 0 3 0.00 M M 3.3 10 30 M M 3 1 17 60
24 88 54 71 8 0 6 0.00 M M 3.5 13 20 M M 0 21 80
25 89 57 73 10 0 8 0.00 M M 5.7 13 210 M M 0 1 16 210
26 74 58 66 3 0 1 0.00 M M 10.8 18 240 M M 7 27 210
27 71 51 61 -2 4 0 0.00 M M 9.5 20 240 M M 4 30 240
28 79 47 63 0 2 0 0.00 M M 3.1 10 20 M M 1 1 15 10
29 85 49 67 4 0 2 0.00 M M 5.4 16 10 M M 0 1 21 40
30 92 53 73 10 0 8 0.00 M M 3.7 13 30 M M 0 22 20
31 85 55 70 8 0 5 0.00 M M 5.8 15 240 M M 0 21 240
================================================================================
SM 2560 1624 25 108 0.05 M 158.8 M 69
================================================================================
AV 82.6 52.4 5.1 FASTST M M 2 MAX(MPH)
MISC ----> 20 240 30 240
================================================================================
NOTES:
# LAST OF SEVERAL OCCURRENCES
COLUMN 17 PEAK WIND IN M.P.H.
PRELIMINARY LOCAL CLIMATOLOGICAL DATA (WS FORM: F-6) , PAGE 2
STATION: OLYMPIA WA AIRPORT
MONTH: AUGUST
YEAR: 2022
LATITUDE: 46 58 N
LONGITUDE: 122 54 W
[TEMPERATURE DATA] [PRECIPITATION DATA] SYMBOLS USED IN COLUMN 16
AVERAGE MONTHLY: 67.5 TOTAL FOR MONTH: 0.05 1 = FOG OR MIST
DPTR FM NORMAL: 3.3 DPTR FM NORMAL: -0.91 2 = FOG REDUCING VISIBILITY
HIGHEST: 96 ON 18 GRTST 24HR 0.03 ON 9-10 TO 1/4 MILE OR LESS
LOWEST: 44 ON 3 3 = THUNDER
SNOW, ICE PELLETS, HAIL 4 = ICE PELLETS
TOTAL MONTH: M 5 = HAIL
GRTST 24HR M ON M 6 = FREEZING RAIN OR DRIZZLE
GRTST DEPTH: M ON M 7 = DUSTSTORM OR SANDSTORM:
VSBY 1/2 MILE OR LESS
8 = SMOKE OR HAZE
[NO. OF DAYS WITH] [WEATHER - DAYS WITH] 9 = BLOWING SNOW
X = TORNADO
MAX 32 OR BELOW: 0 0.01 INCH OR MORE: 2
MAX 90 OR ABOVE: 5 0.10 INCH OR MORE: 0
MIN 32 OR BELOW: 0 0.50 INCH OR MORE: 0
MIN 0 OR BELOW: 0 1.00 INCH OR MORE: 0
[HDD (BASE 65) ]
TOTAL THIS MO. 25 CLEAR (SCALE 0-3) 21
DPTR FM NORMAL -42 PTCLDY (SCALE 4-7) 10
TOTAL FM JUL 1 74 CLOUDY (SCALE 8-10) 0
DPTR FM NORMAL -68
[CDD (BASE 65) ]
TOTAL THIS MO. 108
DPTR FM NORMAL 64 [PRESSURE DATA]
TOTAL FM JAN 1 230 HIGHEST SLP M ON M
DPTR FM NORMAL 125 LOWEST SLP 29.85 ON 18
[REMARKS]
#FINAL-08-22#