000
CXUS53 KARX 010900
CF6OLZ
PRELIMINARY LOCAL CLIMATOLOGICAL DATA (WS FORM: F-6)
STATION: OELWEIN IA
MONTH: MAY
YEAR: 2021
LATITUDE: 42 40 N
LONGITUDE: 91 58 W
TEMPERATURE IN F: :PCPN: SNOW: WIND :SUNSHINE: SKY :PK WND
================================================================================
1 2 3 4 5 6A 6B 7 8 9 10 11 12 13 14 15 16 17 18
12Z AVG MX 2MIN
DY MAX MIN AVG DEP HDD CDD WTR SNW DPTH SPD SPD DIR MIN PSBL S-S WX SPD DR
================================================================================
1 91 50 71 M 0 6 0.00 0.0 0 21.6 35 240 M M 1 8 45 240
2 84 57 71 M 0 6 0.00 0.0 0 14.3 21 210 M M 3 32 210
3 66 50 58 M 7 0 0.17 M M 10.8 20 340 M M 6 1 24 360
4 61 41 51 M 14 0 0.00 0.0 0 12.9 21 360 M M 1 30 360
5 64 34 49 M 16 0 M 0.0 0 6.4 14 300 M M 3 22 300
6 59 41 50 M 15 0 M 0.0 0 14.0 22 310 M M 5 31 310
7 59 41 50 M 15 0 0.00 0.0 0 11.2 20 350 M M 2 29 360
8 54 32 43 M 22 0 0.72 M M 11.7 17 150 M M 4 1 23 90
9 61 39 50 M 15 0 0.00 0.0 0 9.4 18 30 M M 6 23 30
10 59 41 50 M 15 0 0.00 0.0 0 7.8 17 20 M M 6 22 20
11 59 34 47 M 18 0 0.00 0.0 0 6.7 10 30 M M 0 22 30
12 64 36 50 M 15 0 0.00 0.0 0 4.2 9 210 M M 0 16 0
13 66 37 52 M 13 0 0.00 0.0 0 6.3 13 180 M M 1 21 180
14 68 41 55 M 10 0 0.01 0.0 0 10.9 21 200 M M 4 27 210
15 68 50 59 M 6 0 0.06 0.0 0 11.9 17 170 M M 8 20 150
16 68 55 62 M 3 0 M 0.0 M 8.4 14 160 M M 7 1 17 120
17 72 52 62 M 3 0 0.00 0.0 0 13.7 23 130 M M 6 32 130
18 63 57 60 M 5 0 0.43 0.0 M 16.1 22 150 M M 9 1 29 130
19 73 63 68 M 0 3 0.10 0.0 M 13.0 18 160 M M 9 1 29 160
20 73 64 69 M 0 4 0.23 0.0 M 14.7 22 180 M M 9 1 30 160
21 75 66 71 M 0 6 0.01 0.0 M 14.5 18 180 M M 6 25 190
22 75 64 70 M 0 5 0.00 0.0 0 11.3 16 200 M M 9 23 200
23 81 64 73 M 0 8 0.00 0.0 0 9.6 15 200 M M 8 20 210
24 82 64 73 M 0 8 0.00 0.0 0 13.8 24 210 M M 3 32 210
25 82 63 73 M 0 8 0.06 0.0 0 16.9 23 220 M M 7 30 220
26 73 55 64 M 1 0 0.00 0.0 0 10.1 18 290 M M 0 27 290
27 57 41 49 M 16 0 0.56 M M 18.0 30 80 M M 7 18 37 80
28 50 39 45 M 20 0 0.02 M M 13.9 18 70 M M 8 1 25 50
29 63 36 50 M 15 0 0.00 0.0 0 7.2 14 90 M M 0 17 110
30 64 43 54 M 11 0 0.00 0.0 0 6.3 10 230 M M 3 15 200
31 73 48 61 M 4 0 0.03 M M 7.2 20 360 M M 3 8 21 360
================================================================================
SM 2107 1498 259 54 2.40 0.0 354.8 M 144
================================================================================
AV 68.0 48.3 11.4 FASTST M M 5 MAX(MPH)
MISC ----> 35 240 45 240
================================================================================
NOTES:
# LAST OF SEVERAL OCCURRENCES
COLUMN 17 PEAK WIND IN M.P.H.
PRELIMINARY LOCAL CLIMATOLOGICAL DATA (WS FORM: F-6) , PAGE 2
STATION: OELWEIN IA
MONTH: MAY
YEAR: 2021
LATITUDE: 42 40 N
LONGITUDE: 91 58 W
[TEMPERATURE DATA] [PRECIPITATION DATA] SYMBOLS USED IN COLUMN 16
AVERAGE MONTHLY: 58.1 TOTAL FOR MONTH: 2.40 1 = FOG OR MIST
DPTR FM NORMAL: 0.0 DPTR FM NORMAL: M 2 = FOG REDUCING VISIBILITY
HIGHEST: 91 ON 1 GRTST 24HR 0.72 ON 8- 8 TO 1/4 MILE OR LESS
LOWEST: 32 ON 8 3 = THUNDER
SNOW, ICE PELLETS, HAIL 4 = ICE PELLETS
TOTAL MONTH: 0.0 INCH 5 = HAIL
GRTST 24HR 0.0 6 = FREEZING RAIN OR DRIZZLE
GRTST DEPTH: 0 7 = DUSTSTORM OR SANDSTORM:
VSBY 1/2 MILE OR LESS
8 = SMOKE OR HAZE
[NO. OF DAYS WITH] [WEATHER - DAYS WITH] 9 = BLOWING SNOW
X = TORNADO
MAX 32 OR BELOW: 0 0.01 INCH OR MORE: 12
MAX 90 OR ABOVE: 1 0.10 INCH OR MORE: 6
MIN 32 OR BELOW: 1 0.50 INCH OR MORE: 2
MIN 0 OR BELOW: 0 1.00 INCH OR MORE: 0
[HDD (BASE 65) ]
TOTAL THIS MO. 259 CLEAR (SCALE 0-3) 10
DPTR FM NORMAL M PTCLDY (SCALE 4-7) 17
TOTAL FM JUL 1 7131 CLOUDY (SCALE 8-10) 4
DPTR FM NORMAL M
[CDD (BASE 65) ]
TOTAL THIS MO. 54
DPTR FM NORMAL M [PRESSURE DATA]
TOTAL FM JAN 1 63 HIGHEST SLP M ON M
DPTR FM NORMAL M LOWEST SLP M ON M
[REMARKS]
#FINAL-05-21#