000
CXUS56 KOTX 011253
CLMOMK
CLIMATE REPORT
NATIONAL WEATHER SERVICE SPOKANE WA
553 AM PDT TUE AUG 01 2023
...................................
...THE OMAK WA AIRPORT CLIMATE SUMMARY FOR THE MONTH OF JULY 2023...
CLIMATE NORMAL PERIOD 1991 TO 2020
CLIMATE RECORD PERIOD 9999 TO 9999
WEATHER OBSERVED NORMAL DEPART LAST YEAR`S
VALUE DATE(S) VALUE FROM VALUE DATE(S)
NORMAL
................................................................
TEMPERATURE (F)
RECORD
HIGH 114 07/26/1928
LOW 35 07/02/1962
07/01/1973
HIGHEST 102 07/21 MM MM 109 07/28
07/29
LOWEST 53 07/04 MM MM 48 07/05
07/26
AVG. MAXIMUM 93.0 89.4 3.6 93.5
AVG. MINIMUM 60.3 58.1 2.2 59.6
MEAN 76.6 73.7 2.9 76.5
DAYS MAX >= 90 24 17.2 6.8 21
DAYS MAX <= 32 0 0.0 0.0 0
DAYS MIN <= 32 0 0.0 0.0 0
DAYS MIN <= 0 0 0.0 0.0 0
PRECIPITATION (INCHES)
RECORD
MAXIMUM 4.65 1992
MINIMUM 0.00 2017
TOTALS T 0.52 -0.52 1.08
DAILY AVG. T 0.02 -0.02 0.03
DAYS >= .01 0 3.1 -3.1 3
DAYS >= .10 0 0.9 -0.9 3
DAYS >= .50 0 0.1 -0.1 0
DAYS >= 1.00 0 0.0 0.0 0
GREATEST
24 HR. TOTAL T 07/07 TO 07/07 0.41
07/10 TO 07/10
07/11 TO 07/11
DEGREE DAYS
HEATING TOTAL 0 10 -10 4
SINCE 7/1 0 8 -8 MM
COOLING TOTAL 367 281 86 370
SINCE 1/1 642 383 259 MM
................................................................
WIND (MPH)
AVERAGE WIND SPEED 8.6
HIGHEST WIND SPEED/DIRECTION 33/020 DATE 07/12
HIGHEST GUST SPEED/DIRECTION 42/010 DATE 07/12
SKY COVER
POSSIBLE SUNSHINE (PERCENT) MM
AVERAGE SKY COVER 0.05
NUMBER OF DAYS FAIR 30
NUMBER OF DAYS PC 1
NUMBER OF DAYS CLOUDY 0
AVERAGE RH (PERCENT) 35
WEATHER CONDITIONS. NUMBER OF DAYS WITH
THUNDERSTORM 1 MIXED PRECIP 0
HEAVY RAIN 0 RAIN 0
LIGHT RAIN 2 FREEZING RAIN 0
LT FREEZING RAIN 0 HAIL 0
HEAVY SNOW 0 SNOW 0
LIGHT SNOW 0 SLEET 0
FOG 0 FOG W/VIS <= 1/4 MILE 0
HAZE 1
- INDICATES NEGATIVE NUMBERS.
R INDICATES RECORD WAS SET OR TIED.
MM INDICATES DATA IS MISSING.
T INDICATES TRACE AMOUNT.
$$