000
CXUS52 KMFL 011030
CF6OPF
PRELIMINARY LOCAL CLIMATOLOGICAL DATA (WS FORM: F-6)
STATION: OPA-LOCKA ARPT
MONTH: SEPTEMBER
YEAR: 2021
LATITUDE: 25 53 N
LONGITUDE: 80 17 W
TEMPERATURE IN F: :PCPN: SNOW: WIND :SUNSHINE: SKY :PK WND
================================================================================
1 2 3 4 5 6A 6B 7 8 9 10 11 12 13 14 15 16 17 18
12Z AVG MX 2MIN
DY MAX MIN AVG DEP HDD CDD WTR SNW DPTH SPD SPD DIR MIN PSBL S-S WX SPD DR
================================================================================
1 94 76 85 2 0 20 T M M 3.4 17 140 M M 1 3 21 140
2 93 75 84 1 0 19 0.95 0.0 0 3.5 22 240 M M 1 138 29 270
3 86 75 81 -2 0 16 0.70 0.0 0 4.7 25 280 M M 3 138 32 280
4 92 75 84 1 0 19 0.03 M M 3.2 21 240 M M 2 38 27 250
5 93 76 85 2 0 20 0.17 0.0 0 4.6 26 290 M M 2 3 33 290
6 95 76 86 3 0 21 0.16 0.0 0 4.6 18 220 M M 2 13 23 220
7 92 76 84 1 0 19 0.07 0.0 0 2.6 20 180 M M 2 3 24 330
8 90 77 84 1 0 19 0.04 0.0 0 3.0 20 100 M M 1 3 24 90
9 94 76 85 2 0 20 0.02 0.0 M 5.2 21 160 M M 1 3 24 190
10 92 76 84 1 0 19 0.41 0.0 M 3.7 20 230 M M 1 3 26 250
11 92 75 84 1 0 19 0.00 M M 5.3 13 80 M M 0 17 100
12 91 79 85 2 0 20 T M M 8.5 22 120 M M 1 3 29 120
13 89 78 84 1 0 19 0.26 M M 5.7 23 90 M M 3 13 27 90
14 90 76 83 0 0 18 T M M 5.8 15 100 M M 1 20 100
15 91 76 84 1 0 19 0.01 M M 3.9 15 180 M M 2 3 21 120
16 87 76 82 -1 0 17 0.12 0.0 0 4.4 18 280 M M 3 13 23 220
17 91 76 84 1 0 19 0.04 0.0 0 4.9 18 130 M M 4 13 22 130
18 91 75 83 0 0 18 0.10 0.0 0 3.4 16 130 M M 3 3 19 140
19 91 77 84 1 0 19 0.16 0.0 0 4.0 25 290 M M 3 13 27 280
20 91 76 84 1 0 19 0.00 M M 4.5 16 270 M M 1 3 21 250
21 88 77 83 1 0 18 0.01 M M 4.7 13 80 M M 1 3 14 80
22 89 74 82 0 0 17 0.44 M M 4.9 23 270 M M 3 13 27 270
23 90 74 82 0 0 17 0.90 0.0 0 3.4 23 260 M M 3 13 31 270
24 92 75 84 2 0 19 0.14 0.0 0 2.7 14 290 M M 3 13 16 290
25 92 75 84 2 0 19 0.15 0.0 0 4.1 17 60 M M 3 3 20 60
26 91 76 84 2 0 19 0.00 0.0 0 8.5 18 80 M M 2 26 50
27 90 73 82 0 0 17 0.00 0.0 0 8.4 16 50 M M 1 21 60
28 90 74 82 0 0 17 0.00 0.0 0 7.7 16 80 M M 1 23 50
29 90 74 82 0 0 17 0.00 M M 5.8 16 90 M M 2 20 80
30 90 74 82 0 0 17 0.00 M M 8.0 22 80 M M 2 25 90
================================================================================
SM 2727 2268 0 556 4.88 0.0 147.1 M 58
================================================================================
AV 90.9 75.6 4.9 FASTST M M 2 MAX(MPH)
MISC ----> 26 290 33 290
================================================================================
NOTES:
# LAST OF SEVERAL OCCURRENCES
COLUMN 17 PEAK WIND IN M.P.H.
PRELIMINARY LOCAL CLIMATOLOGICAL DATA (WS FORM: F-6) , PAGE 2
STATION: OPA-LOCKA ARPT
MONTH: SEPTEMBER
YEAR: 2021
LATITUDE: 25 53 N
LONGITUDE: 80 17 W
[TEMPERATURE DATA] [PRECIPITATION DATA] SYMBOLS USED IN COLUMN 16
AVERAGE MONTHLY: 83.3 TOTAL FOR MONTH: 4.88 1 = FOG OR MIST
DPTR FM NORMAL: 0.4 DPTR FM NORMAL: -3.83 2 = FOG REDUCING VISIBILITY
HIGHEST: 95 ON 6 GRTST 24HR 1.17 ON 2- 3 TO 1/4 MILE OR LESS
LOWEST: 73 ON 27 3 = THUNDER
SNOW, ICE PELLETS, HAIL 4 = ICE PELLETS
TOTAL MONTH: 0.0 INCH 5 = HAIL
GRTST 24HR 0.0 6 = FREEZING RAIN OR DRIZZLE
GRTST DEPTH: 0 7 = DUSTSTORM OR SANDSTORM:
VSBY 1/2 MILE OR LESS
8 = SMOKE OR HAZE
[NO. OF DAYS WITH] [WEATHER - DAYS WITH] 9 = BLOWING SNOW
X = TORNADO
MAX 32 OR BELOW: 0 0.01 INCH OR MORE: 20
MAX 90 OR ABOVE: 25 0.10 INCH OR MORE: 13
MIN 32 OR BELOW: 0 0.50 INCH OR MORE: 3
MIN 0 OR BELOW: 0 1.00 INCH OR MORE: 0
[HDD (BASE 65) ]
TOTAL THIS MO. 0 CLEAR (SCALE 0-3) 25
DPTR FM NORMAL 0 PTCLDY (SCALE 4-7) 5
TOTAL FM JUL 1 0 CLOUDY (SCALE 8-10) 0
DPTR FM NORMAL 0
[CDD (BASE 65) ]
TOTAL THIS MO. 556
DPTR FM NORMAL 24 [PRESSURE DATA]
TOTAL FM JAN 1 3761 HIGHEST SLP 30.18 ON 12
DPTR FM NORMAL 199 LOWEST SLP 29.84 ON 23
[REMARKS]
#FINAL-09-21#