000
CXUS52 KMFL 011000
CF6OPF
PRELIMINARY LOCAL CLIMATOLOGICAL DATA (WS FORM: F-6)
STATION: OPA-LOCKA ARPT
MONTH: MAY
YEAR: 2020
LATITUDE: 25 53 N
LONGITUDE: 80 17 W
TEMPERATURE IN F: :PCPN: SNOW: WIND :SUNSHINE: SKY :PK WND
================================================================================
1 2 3 4 5 6A 6B 7 8 9 10 11 12 13 14 15 16 17 18
12Z AVG MX 2MIN
DY MAX MIN AVG DEP HDD CDD WTR SNW DPTH SPD SPD DIR MIN PSBL S-S WX SPD DR
================================================================================
1 85 63 74 -3 0 9 0.00 0.0 0 7.6 17 330 M M 1 22 330
2 83 67 75 -2 0 10 0.00 0.0 0 7.5 18 100 M M 1 23 70
3 83 67 75 -2 0 10 0.00 0.0 0 5.8 14 80 M M 1 18 90
4 87 68 78 1 0 13 0.00 0.0 0 5.5 15 110 M M 0 19 120
5 89 71 80 3 0 15 0.00 0.0 0 6.2 16 160 M M 1 19 150
6 91 71 81 4 0 16 0.00 0.0 0 8.0 21 260 M M 2 28 260
7 86 69 78 0 0 13 0.00 0.0 0 11.3 17 50 M M 0 23 360
8 83 64 74 -4 0 9 0.00 0.0 0 7.3 16 130 M M 1 22 150
9 87 66 77 -1 0 12 0.00 0.0 0 6.5 18 90 M M 0 24 80
10 78 70 74 -4 0 9 0.20 0.0 0 7.3 16 80 M M 5 20 100
11 85 70 78 0 0 13 T 0.0 0 11.5 23 50 M M 5 29 50
12 85 72 79 1 0 14 0.00 0.0 0 13.6 25 80 M M 2 35 70
13 84 74 79 1 0 14 0.00 0.0 0 17.9 26 90 M M 4 32 90
14 80 74 77 -2 0 12 0.03 0.0 0 18.8 25 80 M M 9 31 80
15 81 70 76 -3 0 11 5.98 0.0 0 9.7 24 80 M M 10 13 27 90
16 90 72 81 2 0 16 0.01 0.0 0 9.9 21 310 M M 6 13 27 300
17 91 73 82 3 0 17 0.38 0.0 0 5.5 23 210 M M 3 3 38 110
18 88 70 79 0 0 14 1.69 0.0 0 5.5 26 320 M M 3 138 32 320
19 89 72 81 1 0 16 0.15 0.0 0 10.0 26 220 M M 5 3 36 230
20 93 75 84 4 0 19 T 0.0 0 6.0 25 340 M M 3 3 35 330
21 91 74 83 3 0 18 0.02 0.0 0 6.1 16 120 M M 2 3 19 90
22 88 76 82 2 0 17 0.00 0.0 0 10.0 20 110 M M 2 3 28 80
23 88 76 82 2 0 17 0.09 0.0 0 11.6 20 100 M M 4 25 80
24 79 73 76 -4 0 11 2.30 0.0 0 10.3 28 140 M M 8 13 34 140
25 78 73 76 -4 0 11 3.41 0.0 0 10.3 25 170 M M 9 13 33 150
26 89 71 80 -1 0 15 1.88 0.0 0 10.0 29 250 M M 2 138 37 240
27 88 72 80 -1 0 15 0.18 0.0 0 6.8 20 160 M M 3 138 23 160
28 89 75 82 1 0 17 0.00 0.0 0 7.9 17 130 M M 2 30 100
29 89 77 83 2 0 18 0.00 0.0 0 10.2 17 130 M M 2 22 140
30 90 78 84 3 0 19 0.00 0.0 0 9.0 15 110 M M 2 26 120
31 89 76 83 2 0 18 0.00 0.0 0 6.5 16 130 M M 2 19 130
================================================================================
SM 2676 2219 0 438 16.32 0.0 280.1 M 100
================================================================================
AV 86.3 71.6 9.0 FASTST M M 3 MAX(MPH)
MISC ----> # 29 250 # 38 110
================================================================================
NOTES:
# LAST OF SEVERAL OCCURRENCES
COLUMN 17 PEAK WIND IN M.P.H.
PRELIMINARY LOCAL CLIMATOLOGICAL DATA (WS FORM: F-6) , PAGE 2
STATION: OPA-LOCKA ARPT
MONTH: MAY
YEAR: 2020
LATITUDE: 25 53 N
LONGITUDE: 80 17 W
[TEMPERATURE DATA] [PRECIPITATION DATA] SYMBOLS USED IN COLUMN 16
AVERAGE MONTHLY: 79.0 TOTAL FOR MONTH: 16.32 1 = FOG OR MIST
DPTR FM NORMAL: -0.0 DPTR FM NORMAL: 10.48 2 = FOG REDUCING VISIBILITY
HIGHEST: 93 ON 20 GRTST 24HR 5.98 ON 15-15 TO 1/4 MILE OR LESS
LOWEST: 63 ON 1 3 = THUNDER
SNOW, ICE PELLETS, HAIL 4 = ICE PELLETS
TOTAL MONTH: 0.0 INCH 5 = HAIL
GRTST 24HR 0.0 6 = FREEZING RAIN OR DRIZZLE
GRTST DEPTH: 0 7 = DUSTSTORM OR SANDSTORM:
VSBY 1/2 MILE OR LESS
8 = SMOKE OR HAZE
[NO. OF DAYS WITH] [WEATHER - DAYS WITH] 9 = BLOWING SNOW
X = TORNADO
MAX 32 OR BELOW: 0 0.01 INCH OR MORE: 13
MAX 90 OR ABOVE: 6 0.10 INCH OR MORE: 9
MIN 32 OR BELOW: 0 0.50 INCH OR MORE: 5
MIN 0 OR BELOW: 0 1.00 INCH OR MORE: 5
[HDD (BASE 65) ]
TOTAL THIS MO. 0 CLEAR (SCALE 0-3) 19
DPTR FM NORMAL 0 PTCLDY (SCALE 4-7) 9
TOTAL FM JUL 1 56 CLOUDY (SCALE 8-10) 3
DPTR FM NORMAL -84
[CDD (BASE 65) ]
TOTAL THIS MO. 438
DPTR FM NORMAL 4 [PRESSURE DATA]
TOTAL FM JAN 1 1672 HIGHEST SLP 30.16 ON 13
DPTR FM NORMAL 441 LOWEST SLP 29.81 ON 16
[REMARKS]
#FINAL-05-20#