000
CXUS51 KBOX 031238
CF6ORH
PRELIMINARY LOCAL CLIMATOLOGICAL DATA (WS FORM: F-6)
STATION: WORCESTER MA
MONTH: JULY
YEAR: 2021
LATITUDE: 42 16 N
LONGITUDE: 71 52 W
TEMPERATURE IN F: :PCPN: SNOW: WIND :SUNSHINE: SKY :PK WND
================================================================================
1 2 3 4 5 6A 6B 7 8 9 10 11 12 13 14 15 16 17 18
12Z AVG MX 2MIN
DY MAX MIN AVG DEP HDD CDD WTR SNW DPTH SPD SPD DIR MIN PSBL S-S WX SPD DR
================================================================================
1 74 65 70 1 0 5 1.45 0.0 M 7.4 14 270 M M 7 1 18 270
2 65 54 60 -10 5 0 0.81 0.0 M 9.2 15 60 M M 10 12 23 70
3 57 53 55 -15 10 0 0.62 0.0 M 8.5 15 40 M M 10 1 24 30
4 69 53 61 -9 4 0 0.06 0.0 M 5.6 13 50 M M 9 1 18 60
5 72 55 64 -6 1 0 0.00 0.0 M 7.8 14 210 M M 8 1 18 210
6 86 66 76 6 0 11 0.57 0.0 M 13.7 29 260 M M 2 13 41 270
7 86 67 77 7 0 12 0.08 0.0 M 8.6 17 270 M M 1 3 24 290
8 70 60 65 -5 0 0 0.43 0.0 M 7.0 23 270 M M 9 123 35 270
9 74 61 68 -3 0 3 2.47 0.0 M 8.8 24 330 M M 7 12 34 320
10 72 62 67 -4 0 2 0.01 0.0 M 5.6 12 360 M M 7 16 50
11 76 61 69 -2 0 4 0.76 0.0 M 6.0 13 200 M M 7 12 16 220
12 67 63 65 -6 0 0 1.01 0.0 M 6.9 15 280 M M 10 12 19 280
13 66 61 64 -7 1 0 0.02 0.0 M 5.6 10 80 M M 10 12 15 80
14 81 63 72 1 0 7 0.28 0.0 M 5.5 14 310 M M 9 123 17 230
15 85 67 76 5 0 11 0.00 0.0 M 7.9 13 230 M M 0 17 220
16 88 71 80 9 0 15 0.09 0.0 M 9.0 23 300 M M 1 13 29 320
17 85 64 75 4 0 10 2.27 0.0 M 5.6 28 160 M M 6 123 34 170
18 70 63 67 -4 0 2 1.74 0.0 M 6.6 14 30 M M 10 123 16 30
19 73 63 68 -3 0 3 0.03 0.0 M 5.4 10 290 M M 9 12 14 300
20 82 65 74 3 0 9 T 0.0 M 8.2 26 310 M M 1 138 35 300
21 78 62 70 -1 0 5 0.00 0.0 M 7.8 10 340 M M 2 1 M M
22 78 59 69 -2 0 4 0.00 0.0 M 9.3 17 330 M M 3 22 340
23 78 62 70 -1 0 5 0.00 0.0 M 7.2 17 350 M M 2 20 340
24 79 60 70 -1 0 5 0.00 0.0 M 5.9 12 220 M M 1 16 210
25 73 63 68 -3 0 3 0.16 0.0 M 10.6 23 220 M M 6 1 31 210
26 84 67 76 5 0 11 0.00 0.0 M 9.4 15 280 M M 3 128 20 270
27 85 63 74 3 0 9 0.68 0.0 M 8.7 38 310 M M 2 138 52 320
28 73 61 67 -4 0 2 T 0.0 M 5.8 15 20 M M 6 1 22 20
29 75 62 69 -2 0 4 0.31 0.0 M 12.4 23 190 M M 9 1 32 190
30 77 56 67 -4 0 2 T 0.0 M 13.0 23 320 M M 2 31 320
31 70 51 61 -10 4 0 0.00 0.0 M 9.7 18 280 M M 1 24 290
================================================================================
SM 2348 1903 25 144 13.85 0.0 248.7 M 170
================================================================================
AV 75.7 61.4 8.0 FASTST M M 5 MAX(MPH)
MISC ----> 38 310 52 320
================================================================================
NOTES:
# LAST OF SEVERAL OCCURRENCES
COLUMN 17 PEAK WIND IN M.P.H.
PRELIMINARY LOCAL CLIMATOLOGICAL DATA (WS FORM: F-6) , PAGE 2
STATION: WORCESTER MA
MONTH: JULY
YEAR: 2021
LATITUDE: 42 16 N
LONGITUDE: 71 52 W
[TEMPERATURE DATA] [PRECIPITATION DATA] SYMBOLS USED IN COLUMN 16
AVERAGE MONTHLY: 68.6 TOTAL FOR MONTH: 13.85 1 = FOG OR MIST
DPTR FM NORMAL: -2.2 DPTR FM NORMAL: 9.92 2 = FOG REDUCING VISIBILITY
HIGHEST: 88 ON 16 GRTST 24HR 4.01 ON 17-18 TO 1/4 MILE OR LESS
LOWEST: 51 ON 31 3 = THUNDER
SNOW, ICE PELLETS, HAIL 4 = ICE PELLETS
TOTAL MONTH: 0.0 INCH 5 = HAIL
GRTST 24HR 0.0 6 = FREEZING RAIN OR DRIZZLE
GRTST DEPTH: M ON M 7 = DUSTSTORM OR SANDSTORM:
VSBY 1/2 MILE OR LESS
8 = SMOKE OR HAZE
[NO. OF DAYS WITH] [WEATHER - DAYS WITH] 9 = BLOWING SNOW
X = TORNADO
MAX 32 OR BELOW: 0 0.01 INCH OR MORE: 20
MAX 90 OR ABOVE: 0 0.10 INCH OR MORE: 14
MIN 32 OR BELOW: 0 0.50 INCH OR MORE: 10
MIN 0 OR BELOW: 0 1.00 INCH OR MORE: 5
[HDD (BASE 65) ]
TOTAL THIS MO. 25 CLEAR (SCALE 0-3) 13
DPTR FM NORMAL 13 PTCLDY (SCALE 4-7) 7
TOTAL FM JUL 1 25 CLOUDY (SCALE 8-10) 11
DPTR FM NORMAL 21
[CDD (BASE 65) ]
TOTAL THIS MO. 144
DPTR FM NORMAL -46 [PRESSURE DATA]
TOTAL FM JAN 1 361 HIGHEST SLP 30.32 ON 13
DPTR FM NORMAL 63 LOWEST SLP 29.65 ON 30
[REMARKS]
#FINAL-07-21#