000
CXUS52 KMLB 010628
CF6ORL
PRELIMINARY LOCAL CLIMATOLOGICAL DATA (WS FORM: F-6)
STATION: ORLANDO EXEC
MONTH: OCTOBER
YEAR: 2023
LATITUDE: 28 32 N
LONGITUDE: 81 20 W
TEMPERATURE IN F: :PCPN: SNOW: WIND :SUNSHINE: SKY :PK WND
================================================================================
1 2 3 4 5 6A 6B 7 8 9 10 11 12 13 14 15 16 17 18
12Z AVG MX 2MIN
DY MAX MIN AVG DEP HDD CDD WTR SNW DPTH SPD SPD DIR MIN PSBL S-S WX SPD DR
================================================================================
1 81 75 78 -2 0 13 1.55 0.0 0 7.7 17 60 M M 6 1 24 70
2 88 73 81 1 0 16 0.07 0.0 0 10.4 23 60 M M 3 18 31 80
3 88 72 80 0 0 15 0.13 0.0 0 8.6 24 70 M M 6 18 32 70
4 87 73 80 1 0 15 0.07 0.0 0 8.9 22 60 M M 4 27 60
5 89 74 82 3 0 17 0.47 0.0 0 7.8 20 80 M M 3 18 25 80
6 91 74 83 4 0 18 T 0.0 0 5.2 15 70 M M 1 18 50
7 89 74 82 3 0 17 0.00 0.0 0 5.2 15 10 M M 5 19 300
8 78 67 73 -5 0 8 0.00 0.0 0 8.1 13 20 M M 3 18 10
9 81 65 73 -5 0 8 0.00 0.0 0 7.1 12 10 M M 1 17 360
10 84 69 77 -1 0 12 0.00 0.0 0 6.9 14 70 M M 1 17 20
11 86 73 80 2 0 15 0.36 0.0 0 9.3 20 80 M M 5 1 27 100
12 87 77 82 4 0 17 0.09 0.0 0 14.0 28 230 M M 7 138 38 230
13 91 77 84 7 0 19 T 0.0 0 6.5 15 230 M M 6 19 260
14 84 71 78 1 0 13 0.00 0.0 0 9.9 20 300 M M 2 26 270
15 81 66 74 -3 0 9 0.00 0.0 0 11.2 21 290 M M 2 27 260
16 72 60 66 -10 0 1 0.00 0.0 0 9.5 20 290 M M 5 26 280
17 73 55 64 -12 1 0 0.00 0.0 0 6.8 15 290 M M 0 22 350
18 80 58 69 -7 0 4 0.00 0.0 0 6.8 15 70 M M 1 19 60
19 83 63 73 -3 0 8 0.00 0.0 0 4.6 13 80 M M 1 15 40
20 82 62 72 -3 0 7 0.00 0.0 0 6.8 18 280 M M 0 25 250
21 87 67 77 2 0 12 0.00 0.0 0 8.4 17 270 M M 1 25 290
22 86 60 73 -2 0 8 0.00 0.0 0 3.9 10 290 M M 0 13 300
23 87 67 77 2 0 12 0.00 0.0 0 8.0 18 70 M M 1 24 70
24 85 67 76 2 0 11 0.00 0.0 0 9.9 24 70 M M 2 32 70
25 85 67 76 2 0 11 T 0.0 0 10.7 25 60 M M 5 31 50
26 87 66 77 3 0 12 0.00 0.0 0 9.9 21 70 M M 4 27 70
27 86 70 78 4 0 13 T 0.0 0 8.2 20 70 M M 5 24 70
28 86 70 78 5 0 13 0.00 0.0 0 8.3 21 80 M M 2 25 80
29 87 69 78 5 0 13 0.00 0.0 0 8.8 20 60 M M 2 31 70
30 87 66 77 4 0 12 0.00 0.0 0 6.1 14 80 M M 2 1 20 70
31 86 67 77 5 0 12 0.00 0.0 0 5.8 14 360 M M 1 1 21 10
================================================================================
SM 2624 2114 1 361 2.74 0.0 249.3 M 87
================================================================================
AV 84.6 68.2 8.0 FASTST M M 3 MAX(MPH)
MISC ----> 28 230 38 230
================================================================================
NOTES:
# LAST OF SEVERAL OCCURRENCES
COLUMN 17 PEAK WIND IN M.P.H.
PRELIMINARY LOCAL CLIMATOLOGICAL DATA (WS FORM: F-6) , PAGE 2
STATION: ORLANDO EXEC
MONTH: OCTOBER
YEAR: 2023
LATITUDE: 28 32 N
LONGITUDE: 81 20 W
[TEMPERATURE DATA] [PRECIPITATION DATA] SYMBOLS USED IN COLUMN 16
AVERAGE MONTHLY: 76.4 TOTAL FOR MONTH: 2.74 1 = FOG OR MIST
DPTR FM NORMAL: 0.0 DPTR FM NORMAL: -0.50 2 = FOG REDUCING VISIBILITY
HIGHEST: 91 ON 13, 6 GRTST 24HR 1.55 ON 1- 1 TO 1/4 MILE OR LESS
LOWEST: 55 ON 17 3 = THUNDER
SNOW, ICE PELLETS, HAIL 4 = ICE PELLETS
TOTAL MONTH: 0.0 INCH 5 = HAIL
GRTST 24HR 0.0 6 = FREEZING RAIN OR DRIZZLE
GRTST DEPTH: 0 7 = DUSTSTORM OR SANDSTORM:
VSBY 1/2 MILE OR LESS
8 = SMOKE OR HAZE
[NO. OF DAYS WITH] [WEATHER - DAYS WITH] 9 = BLOWING SNOW
X = TORNADO
MAX 32 OR BELOW: 0 0.01 INCH OR MORE: 7
MAX 90 OR ABOVE: 2 0.10 INCH OR MORE: 4
MIN 32 OR BELOW: 0 0.50 INCH OR MORE: 1
MIN 0 OR BELOW: 0 1.00 INCH OR MORE: 1
[HDD (BASE 65) ]
TOTAL THIS MO. 1 CLEAR (SCALE 0-3) 19
DPTR FM NORMAL -3 PTCLDY (SCALE 4-7) 12
TOTAL FM JUL 1 1 CLOUDY (SCALE 8-10) 0
DPTR FM NORMAL 1
[CDD (BASE 65) ]
TOTAL THIS MO. 361
DPTR FM NORMAL 5 [PRESSURE DATA]
TOTAL FM JAN 1 4046 HIGHEST SLP M ON M
DPTR FM NORMAL 590 LOWEST SLP 29.67 ON 12
[REMARKS]
#FINAL-10-23#