000
CXUS56 KMFR 010930
CF6OTH
PRELIMINARY LOCAL CLIMATOLOGICAL DATA (WS FORM: F-6)
STATION: NORTH BEND OR
MONTH: SEPTEMBER
YEAR: 2021
LATITUDE: 43 25 N
LONGITUDE: 124 15 W
TEMPERATURE IN F: :PCPN: SNOW: WIND :SUNSHINE: SKY :PK WND
================================================================================
1 2 3 4 5 6A 6B 7 8 9 10 11 12 13 14 15 16 17 18
12Z AVG MX 2MIN
DY MAX MIN AVG DEP HDD CDD WTR SNW DPTH SPD SPD DIR MIN PSBL S-S WX SPD DR
================================================================================
1 64 47 56 -4 9 0 0.00 M M 15.1 30 360 M M 0 40 10
2 63 50 57 -3 8 0 0.00 M M 9.6 26 360 M M 7 1 31 10
3 65 50 58 -2 7 0 0.00 M M 6.0 17 350 M M 5 12 21 340
4 72 49 61 1 4 0 0.00 M M 5.5 12 280 M M 3 12 14 280
5 72 54 63 3 2 0 0.00 M M 6.7 18 350 M M 3 12 21 340
6 69 52 61 1 4 0 0.00 M M 11.7 26 360 M M 1 1 32 10
7 65 50 58 -2 7 0 0.04 M M 4.8 16 270 M M 2 1 17 260
8 65 51 58 -2 7 0 0.01 M M 5.2 15 320 M M 7 128 18 320
9 69 52 61 1 4 0 T M M 5.7 13 330 M M 9 1 16 330
10 69 53 61 1 4 0 0.00 M M 7.4 16 360 M M 5 1 21 320
11 69 48 59 -1 6 0 0.00 M M 7.9 22 350 M M 1 1 26 340
12 67 52 60 0 5 0 0.00 M M 13.1 29 360 M M 4 1 37 360
13 68 49 59 0 6 0 0.00 M M 11.6 36 360 M M M 41 10
14 71 45 58 -1 7 0 T M M 7.4 21 350 M M 2 1 25 360
15 65 51 58 -1 7 0 T M M 18.2 36 360 M M 4 1 45 10
16 64 46 55 -4 10 0 0.00 M M 10.9 28 360 M M 0 33 360
17 73 46 60 1 5 0 0.18 M M 11.3 29 250 M M 5 1 36 250
18 65 56 61 2 4 0 1.28 M M 12.2 26 250 M M 10 1 32 250
19 66 52 59 0 6 0 0.11 M M 6.5 14 220 M M 4 1 18 240
20 69 49 59 0 6 0 0.00 M M 8.1 28 350 M M 1 1 32 360
21 78 51 65 7 0 0 0.00 M M 5.2 14 250 M M 0 16 270
22 70 53 62 4 3 0 0.00 M M 7.0 15 330 M M 3 1 18 330
23 68 52 60 2 5 0 0.00 M M 10.5 30 350 M M 1 1 37 350
24 80 49 65 7 0 0 0.00 M M 4.4 14 270 M M 0 1 15 270
25 60 51 56 -2 9 0 0.00 M M 5.6 13 200 M M 8 1 16 200
26 72 57 65 7 0 0 0.11 M M 11.3 23 190 M M 9 1 29 190
27 63 54 59 1 6 0 1.43 M M 9.4 23 260 M M 9 1 26 210
28 64 49 57 -1 8 0 0.05 M M 7.3 15 260 M M 6 8 16 230
29 70 47 59 2 6 0 0.00 M M 7.5 14 140 M M 2 M M
30 69 54 62 5 3 0 0.00 M M 9.5 17 360 M M 6 24 360
================================================================================
SM 2044 1519 158 0 3.21 M 262.6 M 117
================================================================================
AV 68.1 50.6 8.8 FASTST M M 4 MAX(MPH)
MISC ----> # 36 360 45 10
================================================================================
NOTES:
# LAST OF SEVERAL OCCURRENCES
COLUMN 17 PEAK WIND IN M.P.H.
PRELIMINARY LOCAL CLIMATOLOGICAL DATA (WS FORM: F-6) , PAGE 2
STATION: NORTH BEND OR
MONTH: SEPTEMBER
YEAR: 2021
LATITUDE: 43 25 N
LONGITUDE: 124 15 W
[TEMPERATURE DATA] [PRECIPITATION DATA] SYMBOLS USED IN COLUMN 16
AVERAGE MONTHLY: 59.4 TOTAL FOR MONTH: 3.21 1 = FOG OR MIST
DPTR FM NORMAL: 0.4 DPTR FM NORMAL: 1.66 2 = FOG REDUCING VISIBILITY
HIGHEST: 80 ON 24 GRTST 24HR 1.51 ON 26-27 TO 1/4 MILE OR LESS
LOWEST: 45 ON 14 3 = THUNDER
SNOW, ICE PELLETS, HAIL 4 = ICE PELLETS
TOTAL MONTH: M 5 = HAIL
GRTST 24HR M ON M 6 = FREEZING RAIN OR DRIZZLE
GRTST DEPTH: M ON M 7 = DUSTSTORM OR SANDSTORM:
VSBY 1/2 MILE OR LESS
8 = SMOKE OR HAZE
[NO. OF DAYS WITH] [WEATHER - DAYS WITH] 9 = BLOWING SNOW
X = TORNADO
MAX 32 OR BELOW: 0 0.01 INCH OR MORE: 8
MAX 90 OR ABOVE: 0 0.10 INCH OR MORE: 5
MIN 32 OR BELOW: 0 0.50 INCH OR MORE: 2
MIN 0 OR BELOW: 0 1.00 INCH OR MORE: 2
[HDD (BASE 65) ]
TOTAL THIS MO. 158 CLEAR (SCALE 0-3) 13
DPTR FM NORMAL -25 PTCLDY (SCALE 4-7) 12
TOTAL FM JUL 1 458 CLOUDY (SCALE 8-10) 5
DPTR FM NORMAL -29
[CDD (BASE 65) ]
TOTAL THIS MO. 0
DPTR FM NORMAL -3 [PRESSURE DATA]
TOTAL FM JAN 1 1 HIGHEST SLP 30.33 ON 20
DPTR FM NORMAL -5 LOWEST SLP 29.76 ON 18
[REMARKS]
#FINAL-09-21#