000
CXUS53 KDMX 050302
CF6OTM
PRELIMINARY LOCAL CLIMATOLOGICAL DATA (WS FORM: F-6)
STATION: OTTUMWA IA
MONTH: MARCH
YEAR: 2022
LATITUDE: 41 6 N
LONGITUDE: 92 27 W
TEMPERATURE IN F: :PCPN: SNOW: WIND :SUNSHINE: SKY :PK WND
================================================================================
1 2 3 4 5 6A 6B 7 8 9 10 11 12 13 14 15 16 17 18
12Z AVG MX 2MIN
DY MAX MIN AVG DEP HDD CDD WTR SNW DPTH SPD SPD DIR MIN PSBL S-S WX SPD DR
================================================================================
1 64 30 47 14 18 0 0.00 0.0 0 7.0 13 320 M M 1 17 300
2 71 33 52 19 13 0 T 0.0 0 9.0 20 10 M M 3 25 10
3 43 27 35 1 30 0 T T 0 10.7 18 70 M M 3 26 60
4 52 25 39 5 26 0 T 0.0 0 14.3 21 120 M M 1 27 120
5 65 37 51 16 14 0 0.09 0.0 0 18.1 33 250 M M 7 13 46 250
6 39 28 34 -1 31 0 0.18 1.9 0 13.1 28 260 M M 6 1 37 250
7 30 16 23 -13 42 0 0.24 2.5 4 14.2 25 320 M M 5 1 33 310
8 36 9 23 -13 42 0 0.00 0.0 3 7.8 17 200 M M 0 1 22 200
9 31 21 26 -11 39 0 T T 1 11.1 22 340 M M 3 1 26 340
10 21 14 18 -19 47 0 0.09 1.4 1 8.5 22 10 M M 8 1 28 360
11 27 9 18 -20 47 0 0.00 0.0 2 14.0 29 320 M M 1 37 320
12 24 7 16 -22 49 0 0.00 0.0 1 11.6 20 190 M M 1 24 190
13 57 24 41 3 24 0 0.00 0.0 T 9.4 22 240 M M 2 28 240
14 62 37 50 11 15 0 0.00 0.0 0 10.2 23 220 M M 3 29 200
15 61 33 47 8 18 0 0.00 0.0 0 5.3 16 320 M M 2 1 21 320
16 71 35 53 13 12 0 0.00 0.0 0 9.9 23 230 M M 0 34 220
17 65 43 54 14 11 0 0.00 0.0 0 12.7 25 360 M M 2 33 10
18 46 37 42 2 23 0 0.89 0.0 0 20.0 29 40 M M 10 1 40 40
19 55 33 44 3 21 0 0.00 0.0 0 12.3 23 340 M M 2 28 300
20 72 35 54 13 11 0 0.00 0.0 0 11.0 18 210 M M 0 24 170
21 76 50 63 21 2 0 0.14 0.0 0 13.4 29 200 M M 2 1 39 190
22 55 46 51 9 14 0 0.86 0.0 0 10.4 23 60 M M 10 1 33 70
23 46 35 41 -2 24 0 0.12 0.0 0 16.4 25 320 M M 10 1 32 320
24 40 33 37 -6 28 0 0.13 T 0 8.8 16 310 M M 10 1 20 300
25 52 35 44 1 21 0 0.00 0.0 0 18.2 41 320 M M 5 55 310
26 41 27 34 -10 31 0 0.00 0.0 0 20.2 33 320 M M 0 43 330
27 41 22 32 -12 33 0 0.00 0.0 0 9.4 18 350 M M 0 21 340
28 45 23 34 -11 31 0 0.00 0.0 0 11.3 20 120 M M 2 8 27 130
29 51 34 43 -2 22 0 0.42 0.0 0 20.2 31 120 M M 9 13 39 120
30 54 33 44 -1 21 0 0.26 T 0 15.4 25 110 M M 9 1 36 140
31 36 32 34 -12 31 0 0.03 0.2 T 15.0 23 320 M M 10 1 31 300
================================================================================
SM 1529 903 791 0 3.45 6.0 388.9 M 127
================================================================================
AV 49.3 29.1 12.5 FASTST M M 4 MAX(MPH)
MISC ----> 41 320 55 310
================================================================================
NOTES:
# LAST OF SEVERAL OCCURRENCES
COLUMN 17 PEAK WIND IN M.P.H.
PRELIMINARY LOCAL CLIMATOLOGICAL DATA (WS FORM: F-6) , PAGE 2
STATION: OTTUMWA IA
MONTH: MARCH
YEAR: 2022
LATITUDE: 41 6 N
LONGITUDE: 92 27 W
[TEMPERATURE DATA] [PRECIPITATION DATA] SYMBOLS USED IN COLUMN 16
AVERAGE MONTHLY: 39.2 TOTAL FOR MONTH: 3.45 1 = FOG OR MIST
DPTR FM NORMAL: -0.4 DPTR FM NORMAL: 1.21 2 = FOG REDUCING VISIBILITY
HIGHEST: 76 ON 21 GRTST 24HR 0.97 ON 21-22 TO 1/4 MILE OR LESS
LOWEST: 7 ON 12 3 = THUNDER
SNOW, ICE PELLETS, HAIL 4 = ICE PELLETS
TOTAL MONTH: 6.0 INCHES 5 = HAIL
GRTST 24HR 2.5 ON 7- 7 6 = FREEZING RAIN OR DRIZZLE
GRTST DEPTH: 4 ON 7 7 = DUSTSTORM OR SANDSTORM:
VSBY 1/2 MILE OR LESS
8 = SMOKE OR HAZE
[NO. OF DAYS WITH] [WEATHER - DAYS WITH] 9 = BLOWING SNOW
X = TORNADO
MAX 32 OR BELOW: 5 0.01 INCH OR MORE: 12
MAX 90 OR ABOVE: 0 0.10 INCH OR MORE: 9
MIN 32 OR BELOW: 15 0.50 INCH OR MORE: 2
MIN 0 OR BELOW: 0 1.00 INCH OR MORE: 0
[HDD (BASE 65) ]
TOTAL THIS MO. 791 CLEAR (SCALE 0-3) 18
DPTR FM NORMAL 0 PTCLDY (SCALE 4-7) 6
TOTAL FM JUL 1 5264 CLOUDY (SCALE 8-10) 7
DPTR FM NORMAL -276
[CDD (BASE 65) ]
TOTAL THIS MO. 0
DPTR FM NORMAL -2 [PRESSURE DATA]
TOTAL FM JAN 1 0 HIGHEST SLP 30.42 ON 3
DPTR FM NORMAL -2 LOWEST SLP 29.28 ON 30
[REMARKS]
#FINAL-03-22#