000
CXUS53 KARX 240647
CF6OVS
PRELIMINARY LOCAL CLIMATOLOGICAL DATA (WS FORM: F-6)
STATION: BOSCOBEL_(ASOS) WI
MONTH: JUNE
YEAR: 2022
LATITUDE: 43 9 N
LONGITUDE: 90 41 W
TEMPERATURE IN F: :PCPN: SNOW: WIND :SUNSHINE: SKY :PK WND
================================================================================
1 2 3 4 5 6A 6B 7 8 9 10 11 12 13 14 15 16 17 18
12Z AVG MX 2MIN
DY MAX MIN AVG DEP HDD CDD WTR SNW DPTH SPD SPD DIR MIN PSBL S-S WX SPD DR
================================================================================
1 74 51 63 -2 2 0 0.00 0.0 0 4.4 15 300 M M 1 22 350
2 80 46 63 -2 2 0 0.00 0.0 0 4.1 15 310 M M 1 12 26 260
3 77 46 62 -4 3 0 0.00 0.0 0 5.8 17 290 M M 0 26 310
4 65 48 57 -9 8 0 0.21 0.0 0 1.1 5 200 M M 8 1 M M
5 76 48 62 -4 3 0 0.51 0.0 0 1.8 8 80 M M 7 1 13 80
6 70 53 62 -5 3 0 0.10 0.0 0 2.1 12 20 M M 8 12 19 10
7 79 55 67 0 0 2 0.00 0.0 0 2.7 12 300 M M 3 12 16 290
8 75 53 64 -3 1 0 0.17 0.0 0 4.0 15 310 M M 3 13 21 320
9 80 52 66 -2 0 1 0.00 0.0 0 4.5 16 300 M M 3 12 23 290
10 80 56 68 0 0 3 T 0.0 0 3.8 14 240 M M 2 22 220
11 72 56 64 -4 1 0 0.17 0.0 0 1.2 7 99 M M 6 12 M M
12 75 56 66 -2 0 1 0.00 0.0 0 2.9 10 70 M M 9 12 17 60
13 80 60 70 1 0 5 0.12 0.0 0 4.1 17 330 M M 5 13 25 110
14 98 68 83 14 0 18 0.00 0.0 0 7.1 17 190 M M 2 12 30 190
15 93 62 78 9 0 13 0.22 0.0 0 5.0 13 260 M M 5 13 30 180
16 89 57 73 4 0 8 0.00 0.0 0 7.3 24 280 M M 0 12 41 260
17 84 56 70 0 0 5 0.00 0.0 0 4.5 15 320 M M 0 24 360
18 80 51 66 -4 0 1 0.00 0.0 0 3.2 10 120 M M 0 17 130
19 86 49 68 -2 0 3 0.00 0.0 0 4.1 13 210 M M 0 18 20 200
20 94 59 77 7 0 12 0.00 0.0 0 6.5 15 220 M M 0 24 220
21 97 66 82 11 0 17 0.00 0.0 0 5.8 18 300 M M 1 28 310
22 88 58 73 2 0 8 0.00 0.0 0 4.2 15 290 M M 1 23 10
23 91 56 74 3 0 9 0.00 0.0 0 3.2 13 210 M M 2 12 20 210
24 92 58 75 4 0 10 0.00 0.0 0 3.6 14 230 M M 0 1 24 230
25 75 63 69 -2 0 4 0.56 0.0 0 2.6 16 120 M M 6 13 29 130
26 77 51 64 -8 1 0 0.00 0.0 0 8.7 21 290 M M 1 1 31 290
27 81 50 66 -6 0 1 0.00 0.0 0 3.8 14 280 M M 0 21 300
28 86 51 69 -3 0 4 0.01 0.0 0 5.2 18 220 M M 2 12 30 240
29 89 55 72 0 0 7 0.00 0.0 0 4.0 12 210 M M 2 12 21 210
30 91 73 82 10 0 17 0.00 0.0 0 7.0 21 220 M M 1 32 220
================================================================================
SM 2474 1663 24 149 2.07 0.0 128.3 M 79
================================================================================
AV 82.5 55.4 4.3 FASTST M M 3 MAX(MPH)
MISC ----> 24 280 41 260
================================================================================
NOTES:
# LAST OF SEVERAL OCCURRENCES
COLUMN 17 PEAK WIND IN M.P.H.
PRELIMINARY LOCAL CLIMATOLOGICAL DATA (WS FORM: F-6) , PAGE 2
STATION: BOSCOBEL_(ASOS) WI
MONTH: JUNE
YEAR: 2022
LATITUDE: 43 9 N
LONGITUDE: 90 41 W
[TEMPERATURE DATA] [PRECIPITATION DATA] SYMBOLS USED IN COLUMN 16
AVERAGE MONTHLY: 69.0 TOTAL FOR MONTH: 2.07 1 = FOG OR MIST
DPTR FM NORMAL: -0.2 DPTR FM NORMAL: -3.08 2 = FOG REDUCING VISIBILITY
HIGHEST: 98 ON 14 GRTST 24HR 0.61 ON 5- 6 TO 1/4 MILE OR LESS
LOWEST: 46 ON 3, 2 3 = THUNDER
SNOW, ICE PELLETS, HAIL 4 = ICE PELLETS
TOTAL MONTH: 0.0 INCH 5 = HAIL
GRTST 24HR 0.0 6 = FREEZING RAIN OR DRIZZLE
GRTST DEPTH: 0 7 = DUSTSTORM OR SANDSTORM:
VSBY 1/2 MILE OR LESS
8 = SMOKE OR HAZE
[NO. OF DAYS WITH] [WEATHER - DAYS WITH] 9 = BLOWING SNOW
X = TORNADO
MAX 32 OR BELOW: 0 0.01 INCH OR MORE: 9
MAX 90 OR ABOVE: 7 0.10 INCH OR MORE: 8
MIN 32 OR BELOW: 0 0.50 INCH OR MORE: 2
MIN 0 OR BELOW: 0 1.00 INCH OR MORE: 0
[HDD (BASE 65) ]
TOTAL THIS MO. 24 CLEAR (SCALE 0-3) 22
DPTR FM NORMAL -10 PTCLDY (SCALE 4-7) 6
TOTAL FM JUL 1 6696 CLOUDY (SCALE 8-10) 2
DPTR FM NORMAL -180
[CDD (BASE 65) ]
TOTAL THIS MO. 149
DPTR FM NORMAL -6 [PRESSURE DATA]
TOTAL FM JAN 1 264 HIGHEST SLP 30.29 ON 27
DPTR FM NORMAL 60 LOWEST SLP 29.60 ON 15
[REMARKS]
#FINAL-06-22#