000
CXUS53 KDDC 011515
CF6P28
PRELIMINARY LOCAL CLIMATOLOGICAL DATA (WS FORM: F-6)
STATION: MEDICINE LODGE KS
MONTH: APRIL
YEAR: 2022
LATITUDE: 37 17 N
LONGITUDE: 98 35 W
TEMPERATURE IN F: :PCPN: SNOW: WIND :SUNSHINE: SKY :PK WND
================================================================================
1 2 3 4 5 6A 6B 7 8 9 10 11 12 13 14 15 16 17 18
12Z AVG MX 2MIN
DY MAX MIN AVG DEP HDD CDD WTR SNW DPTH SPD SPD DIR MIN PSBL S-S WX SPD DR
================================================================================
1 69 33 51 -2 14 0 0.00 0.0 0 8.2 22 170 M M 0 35 170
2 67 38 53 0 12 0 0.00 0.0 0 7.9 21 20 M M 0 27 10
3 78 45 62 8 3 0 0.00 0.0 0 13.8 25 10 M M 0 38 20
4 66 42 54 0 11 0 0.00 0.0 0 6.8 15 20 M M 0 25 60
5 82 48 65 11 0 0 0.00 0.0 0 15.0 33 30 M M 0 47 10
6 64 38 51 -3 14 0 0.00 0.0 0 17.4 33 330 M M 0 51 300
7 60 36 48 -7 17 0 0.00 0.0 0 17.2 38 330 M M 0 55 330
8 61 30 46 -9 19 0 0.00 0.0 0 14.6 31 330 M M 0 44 330
9 88 26 57 2 8 0 0.00 0.0 0 9.7 23 180 M M 0 34 170
10 76 55 66 11 0 1 0.00 0.0 0 12.7 28 10 M M 0 38 10
11 71 48 60 4 5 0 0.00 0.0 0 10.5 26 10 M M 0 37 10
12 92 54 73 17 0 8 0.00 0.0 0 23.2 38 10 M M 0 55 180
13 56 32 44 -12 21 0 0.03 0.0 0 14.3 43 10 M M 0 55 10
14 70 26 48 -8 17 0 0.00 0.0 0 8.8 24 190 M M 0 34 210
15 81 45 63 6 2 0 0.00 0.0 0 11.0 26 20 M M 0 36 20
16 60 40 50 -7 15 0 0.00 0.0 0 16.6 30 20 M M 0 43 20
17 67 43 55 -2 10 0 0.00 0.0 0 7.5 17 360 M M 0 25 10
18 63 35 49 -9 16 0 0.00 0.0 0 7.9 17 40 M M 0 24 60
19 67 40 54 -4 11 0 0.00 0.0 0 13.1 29 190 M M 0 41 180
20 83 58 71 13 0 6 0.00 0.0 0 12.8 25 360 M M 0 35 320
21 84 57 71 13 0 6 0.04 0.0 0 13.2 24 150 M M 0 41 170
22 82 70 76 17 0 11 0.00 0.0 0 21.8 36 170 M M 0 62 170
23 84 57 71 12 0 6 0.06 0.0 0 18.7 37 200 M M 0 54 210
24 73 42 58 -1 7 0 0.00 0.0 0 11.3 24 350 M M 0 34 20
25 66 38 52 -8 13 0 0.00 0.0 0 10.7 25 10 M M 0 37 30
26 72 30 51 -9 14 0 0.00 0.0 0 10.0 23 180 M M 0 32 180
27 78 48 63 3 2 0 0.14 0.0 0 15.6 31 180 M M 0 47 180
28 79 60 70 10 0 5 0.28 0.0 0 11.7 39 170 M M 0 64 170
29 94 57 76 15 0 11 0.00 0.0 0 16.3 36 220 M M 0 49 210
30 74 50 62 1 3 0 0.00 0.0 0 12.7 28 320 M M 0 40 300
================================================================================
SM 2207 1321 234 54 0.55 0.0 391.0 M 0
================================================================================
AV 73.6 44.0 13.0 FASTST M M 0 MAX(MPH)
MISC ----> 43 10 64 170
================================================================================
NOTES:
# LAST OF SEVERAL OCCURRENCES
COLUMN 17 PEAK WIND IN M.P.H.
PRELIMINARY LOCAL CLIMATOLOGICAL DATA (WS FORM: F-6) , PAGE 2
STATION: MEDICINE LODGE KS
MONTH: APRIL
YEAR: 2022
LATITUDE: 37 17 N
LONGITUDE: 98 35 W
[TEMPERATURE DATA] [PRECIPITATION DATA] SYMBOLS USED IN COLUMN 16
AVERAGE MONTHLY: 58.8 TOTAL FOR MONTH: 0.55 1 = FOG OR MIST
DPTR FM NORMAL: 1.9 DPTR FM NORMAL: -1.88 2 = FOG REDUCING VISIBILITY
HIGHEST: 94 ON 29 GRTST 24HR 0.42 ON 27-28 TO 1/4 MILE OR LESS
LOWEST: 26 ON 14, 9 3 = THUNDER
SNOW, ICE PELLETS, HAIL 4 = ICE PELLETS
TOTAL MONTH: 0.0 INCH 5 = HAIL
GRTST 24HR 0.0 6 = FREEZING RAIN OR DRIZZLE
GRTST DEPTH: 0 7 = DUSTSTORM OR SANDSTORM:
VSBY 1/2 MILE OR LESS
8 = SMOKE OR HAZE
[NO. OF DAYS WITH] [WEATHER - DAYS WITH] 9 = BLOWING SNOW
X = TORNADO
MAX 32 OR BELOW: 0 0.01 INCH OR MORE: 5
MAX 90 OR ABOVE: 2 0.10 INCH OR MORE: 2
MIN 32 OR BELOW: 5 0.50 INCH OR MORE: 0
MIN 0 OR BELOW: 0 1.00 INCH OR MORE: 0
[HDD (BASE 65) ]
TOTAL THIS MO. 234
DPTR FM NORMAL -37
TOTAL FM JUL 1 3937
DPTR FM NORMAL -366
[CDD (BASE 65) ]
TOTAL THIS MO. 54
DPTR FM NORMAL 26 [PRESSURE DATA]
TOTAL FM JAN 1 60 HIGHEST SLP 30.45 ON 18
DPTR FM NORMAL 28 LOWEST SLP 29.21 ON 12
[REMARKS]
#FINAL-04-22#