000
CXUS56 KLKN 011435
CF6P68
PRELIMINARY LOCAL CLIMATOLOGICAL DATA (WS FORM: F-6)
STATION: EUREKA AIRPORT NV
MONTH: FEBRUARY
YEAR: 2021
LATITUDE: 39 30 N
LONGITUDE: 115 58 W
TEMPERATURE IN F: :PCPN: SNOW: WIND :SUNSHINE: SKY :PK WND
================================================================================
1 2 3 4 5 6A 6B 7 8 9 10 11 12 13 14 15 16 17 18
12Z AVG MX 2MIN
DY MAX MIN AVG DEP HDD CDD WTR SNW DPTH SPD SPD DIR MIN PSBL S-S WX SPD DR
================================================================================
1 47 31 39 13 26 0 0.00 M M 11.1 26 140 M M M 31 140
2 49 30 40 14 25 0 0.00 M M 7.3 20 160 M M M 23 150
3 39 24 32 6 33 0 0.01 M M 8.1 29 260 M M M 36 260
4 37 17 27 1 38 0 0.00 M M 5.6 15 10 M M M 18 10
5 48 16 32 5 33 0 0.00 M M 7.6 25 290 M M M 33 290
6 52 20 36 9 29 0 0.00 M M 8.8 24 260 M M M 36 260
7 54 23 39 12 26 0 0.00 M M 7.5 18 290 M M M 24 290
8 54 20 37 10 28 0 0.00 M M 6.9 20 250 M M M 26 300
9 43 29 36 8 29 0 0.00 M M 3.1 12 290 M M M 15 300
10 49 27 38 10 27 0 0.00 M M 5.7 14 290 M M M 18 280
11 52 26 39 11 26 0 0.04 M M 5.0 18 280 M M M 23 280
12 49 28 39 11 26 0 0.04 M M 6.0 13 310 M M M M M
13 36 12 24 -5 41 0 0.24 M M 9.6 33 350 M M M 50 350
14 33 14 24 -5 41 0 0.00 M M 2.5 8 210 M M M 10 270
15 42 28 35 6 30 0 0.14 M M 10.8 24 270 M M M 33 280
16 37 22 30 0 35 0 0.01 M M 10.9 24 290 M M M 31 290
17 32 8 20 -10 45 0 0.10 M M 8.0 21 350 M M M 25 350
18 37 5 21 -9 44 0 0.00 M M 4.1 12 200 M M M 12 210
19 52 30 41 11 24 0 0.00 M M 5.5 13 230 M M M 17 200
20 38 21 30 -1 35 0 0.04 M M 7.8 23 330 M M M 30 330
21 37 10 24 -7 41 0 0.00 M M 4.7 13 30 M M M 16 30
22 50 19 35 4 30 0 0.00 M M 2.6 8 180 M M M 10 200
23 47 24 36 4 29 0 0.00 M M 6.2 18 10 M M M 22 10
24 33 14 24 -8 41 0 0.00 M M 9.8 20 10 M M M 30 350
25 39 9 24 -8 41 0 0.00 M M 5.0 14 360 M M M 18 350
26 48 15 32 0 33 0 0.00 M M 11.2 31 280 M M M 43 290
27 31 11 21 -12 44 0 0.08 M M 8.7 24 340 M M M 30 340
28 36 2 19 -14 46 0 0.00 M M 4.1 9 320 M M M 13 40
================================================================================
SM 1201 535 946 0 0.70 M 194.2 M M
================================================================================
AV 42.9 19.1 6.9 FASTST M M M MAX(MPH)
MISC ----> 33 350 50 350
================================================================================
NOTES:
# LAST OF SEVERAL OCCURRENCES
COLUMN 17 PEAK WIND IN M.P.H.
PRELIMINARY LOCAL CLIMATOLOGICAL DATA (WS FORM: F-6) , PAGE 2
STATION: EUREKA AIRPORT NV
MONTH: FEBRUARY
YEAR: 2021
LATITUDE: 39 30 N
LONGITUDE: 115 58 W
[TEMPERATURE DATA] [PRECIPITATION DATA] SYMBOLS USED IN COLUMN 16
AVERAGE MONTHLY: 31.0 TOTAL FOR MONTH: 0.70 1 = FOG OR MIST
DPTR FM NORMAL: 1.8 DPTR FM NORMAL: -0.16 2 = FOG REDUCING VISIBILITY
HIGHEST: 54 ON 8, 7 GRTST 24HR 0.24 ON 13-13 TO 1/4 MILE OR LESS
LOWEST: 2 ON 28 3 = THUNDER
SNOW, ICE PELLETS, HAIL 4 = ICE PELLETS
TOTAL MONTH: M 5 = HAIL
GRTST 24HR M ON M 6 = FREEZING RAIN OR DRIZZLE
GRTST DEPTH: M ON M 7 = DUSTSTORM OR SANDSTORM:
VSBY 1/2 MILE OR LESS
8 = SMOKE OR HAZE
[NO. OF DAYS WITH] [WEATHER - DAYS WITH] 9 = BLOWING SNOW
X = TORNADO
MAX 32 OR BELOW: 2 0.01 INCH OR MORE: 9
MAX 90 OR ABOVE: 0 0.10 INCH OR MORE: 3
MIN 32 OR BELOW: 28 0.50 INCH OR MORE: 0
MIN 0 OR BELOW: 0 1.00 INCH OR MORE: 0
[HDD (BASE 65) ]
TOTAL THIS MO. 946 CLEAR (SCALE 0-3) 0
DPTR FM NORMAL -56 PTCLDY (SCALE 4-7) 0
TOTAL FM JUL 1 4870 CLOUDY (SCALE 8-10) 28
DPTR FM NORMAL -416
[CDD (BASE 65) ]
TOTAL THIS MO. 0
DPTR FM NORMAL 0 [PRESSURE DATA]
TOTAL FM JAN 1 0 HIGHEST SLP 30.60 ON 21
DPTR FM NORMAL 0 LOWEST SLP 29.63 ON 13
[REMARKS]
#FINAL-02-21#