408
CXUS56 KLKN 031111
CF6P68
PRELIMINARY LOCAL CLIMATOLOGICAL DATA (WS FORM: F-6)
STATION: EUREKA AIRPORT NV
MONTH: SEPTEMBER
YEAR: 2020
LATITUDE: 39 30 N
LONGITUDE: 115 58 W
TEMPERATURE IN F: :PCPN: SNOW: WIND :SUNSHINE: SKY :PK WND
================================================================================
1 2 3 4 5 6A 6B 7 8 9 10 11 12 13 14 15 16 17 18
12Z AVG MX 2MIN
DY MAX MIN AVG DEP HDD CDD WTR SNW DPTH SPD SPD DIR MIN PSBL S-S WX SPD DR
================================================================================
1 82 36 59 -4 6 0 0.00 M M 5.4 13 20 M M M 17 20
2 91 45 68 5 0 3 0.00 M M 4.6 14 40 M M M 17 40
3 94 49 72 9 0 7 0.00 M M 5.8 15 20 M M M 19 350
4 97 48 73 11 0 8 0.00 M M 4.6 13 40 M M M 18 50
5 99 46 73 11 0 8 0.00 M M 5.0 13 20 M M M 20 40
6 98 53 76 14 0 11 0.00 M M 7.9 20 340 M M M 26 340
7 89 49 69 8 0 4 0.00 M M 13.8 32 340 M M M 41 340
8 61 32 47 -14 18 0 0.00 M M 14.1 30 340 M M M 37 340
9 71 22 47 -14 18 0 0.00 M M 7.8 20 10 M M M 25 350
10 76 29 53 -7 12 0 0.00 M M 5.9 14 20 M M M 21 360
11 82 38 60 0 5 0 0.00 M M 6.4 13 210 M M M 14 80
12 87 38 63 3 2 0 0.00 M M 6.0 12 20 M M M 15 20
13 87 42 65 6 0 0 0.00 M M 7.5 16 140 M M M 20 170
14 87 44 66 7 0 1 0.00 M M 8.5 23 160 M M M 30 150
15 85 43 64 6 1 0 0.00 M M 7.1 17 260 M M M 21 260
16 87 43 65 7 0 0 0.00 M M 6.1 21 200 M M M 27 170
17 87 45 66 8 0 1 0.00 M M 9.2 26 170 M M M 33 190
18 82 50 66 9 0 1 0.01 M M 9.9 29 180 M M M 37 180
19 74 36 55 -2 10 0 0.01 M M 5.6 16 280 M M M 22 220
20 80 34 57 1 8 0 0.00 M M 4.7 12 50 M M M 17 30
21 86 39 63 7 2 0 0.00 M M 7.5 23 170 M M M 32 170
22 82 43 63 7 2 0 0.00 M M 6.7 22 280 M M M 26 270
23 86 41 64 9 1 0 0.00 M M 6.0 15 160 M M M 21 180
24 86 41 64 9 1 0 0.00 M M 6.7 17 260 M M M 26 270
25 83 35 59 5 6 0 0.00 M M 8.0 20 260 M M M 28 280
26 79 39 59 5 6 0 0.00 M M 7.4 20 300 M M M 24 300
27 71 31 51 -3 14 0 0.00 M M 6.9 17 350 M M M 24 10
28 75 31 53 0 12 0 0.00 M M 5.9 18 40 M M M 23 10
29 80 32 56 3 9 0 0.00 M M 6.1 12 340 M M M 16 30
30 84 38 61 9 4 0 0.00 M M 6.6 13 20 M M M 17 360
================================================================================
SM 2508 1192 137 44 0.02 M 213.7 M M
================================================================================
AV 83.6 39.7 7.1 FASTST M M M MAX(MPH)
MISC ----> 32 340 41 340
================================================================================
NOTES:
# LAST OF SEVERAL OCCURRENCES
COLUMN 17 PEAK WIND IN M.P.H.
PRELIMINARY LOCAL CLIMATOLOGICAL DATA (WS FORM: F-6) , PAGE 2
STATION: EUREKA AIRPORT NV
MONTH: SEPTEMBER
YEAR: 2020
LATITUDE: 39 30 N
LONGITUDE: 115 58 W
[TEMPERATURE DATA] [PRECIPITATION DATA] SYMBOLS USED IN COLUMN 16
AVERAGE MONTHLY: 61.7 TOTAL FOR MONTH: 0.02 1 = FOG OR MIST
DPTR FM NORMAL: 3.5 DPTR FM NORMAL: -0.56 2 = FOG REDUCING VISIBILITY
HIGHEST: 99 ON 5 GRTST 24HR 0.02 ON 18-19 TO 1/4 MILE OR LESS
LOWEST: 22 ON 9 3 = THUNDER
SNOW, ICE PELLETS, HAIL 4 = ICE PELLETS
TOTAL MONTH: M 5 = HAIL
GRTST 24HR M ON M 6 = FREEZING RAIN OR DRIZZLE
GRTST DEPTH: M ON M 7 = DUSTSTORM OR SANDSTORM:
VSBY 1/2 MILE OR LESS
8 = SMOKE OR HAZE
[NO. OF DAYS WITH] [WEATHER - DAYS WITH] 9 = BLOWING SNOW
X = TORNADO
MAX 32 OR BELOW: 0 0.01 INCH OR MORE: 2
MAX 90 OR ABOVE: 5 0.10 INCH OR MORE: 0
MIN 32 OR BELOW: 6 0.50 INCH OR MORE: 0
MIN 0 OR BELOW: 0 1.00 INCH OR MORE: 0
[HDD (BASE 65) ]
TOTAL THIS MO. 137 CLEAR (SCALE 0-3) 0
DPTR FM NORMAL -80 PTCLDY (SCALE 4-7) 0
TOTAL FM JUL 1 140 CLOUDY (SCALE 8-10) 30
DPTR FM NORMAL -124
[CDD (BASE 65) ]
TOTAL THIS MO. 44
DPTR FM NORMAL 33 [PRESSURE DATA]
TOTAL FM JAN 1 508 HIGHEST SLP 30.39 ON 28
DPTR FM NORMAL 220 LOWEST SLP 29.65 ON 7
[REMARKS]
#FINAL-09-20#