000
CXUS53 KPAH 010914
CLMPAH
CLIMATE REPORT
NATIONAL WEATHER SERVICE PADUCAH KY
314 AM CST THU FEB 01 2024
...................................
...THE PADUCAH KY CLIMATE SUMMARY FOR THE MONTH OF JANUARY 2024...
CLIMATE NORMAL PERIOD 1991 TO 2020
CLIMATE RECORD PERIOD 1937 TO 2024
WEATHER OBSERVED NORMAL DEPART LAST YEAR`S
VALUE DATE(S) VALUE FROM VALUE DATE(S)
NORMAL
................................................................
TEMPERATURE (F)
RECORD
HIGH 77 01/25/1943
LOW -15 01/20/1985
HIGHEST 60 01/24 70 01/02
LOWEST 2 01/17 20 01/31
AVG. MAXIMUM 41.3 44.7 -3.4 52.0
AVG. MINIMUM 26.5 27.3 -0.8 35.1
MEAN 33.9 36.0 -2.1 43.5
DAYS MAX >= 90 0 0.0 0.0 0
DAYS MAX <= 32 8 5.3 2.7 1
DAYS MIN <= 32 20 22.2 -2.2 15
DAYS MIN <= 0 0 0.2 -0.2 0
PRECIPITATION (INCHES)
RECORD
MAXIMUM 14.13 1950
MINIMUM 0.47 1943
TOTALS 9.43 3.85 5.58 7.61
DAILY AVG. 0.30 0.12 0.18 0.25
DAYS >= .01 11 10.4 0.6 13
DAYS >= .10 10 6.3 3.7 10
DAYS >= .50 6 2.5 3.5 4
DAYS >= 1.00 4 0.9 3.1 2
GREATEST
24 HR. TOTAL 2.74 01/12 TO 01/12
SNOWFALL (INCHES)
RECORDS
TOTAL 24.7 1978
TOTALS 1.7 2.7 -1.0 1.8
SINCE 7/1 1.7 4.8 -3.1 MM
SNOWDEPTH AVG. 0 0
DAYS >= TRACE 7
DAYS >= 1.0 1 0.8 0.2 1
GREATEST
SNOW DEPTH 1 01/15 1 01/31
01/16
01/17
24 HR TOTAL 1.7 01/14 TO 01/15
STORM TOTAL 1.7
(MM/DD(HH))
DEGREE DAYS
HEATING TOTAL 959 899 60 657
SINCE 7/1 2224 2441 -217 MM
FREEZE DATES
EARLIEST 10/30
LATEST 03/29
................................................................
WIND (MPH)
AVERAGE WIND SPEED 5.8
HIGHEST WIND SPEED/DIRECTION 30/250 DATE 01/12
HIGHEST GUST SPEED/DIRECTION 51/230 DATE 01/12
SKY COVER
POSSIBLE SUNSHINE (PERCENT) MM
AVERAGE SKY COVER 0.61
NUMBER OF DAYS FAIR 7
NUMBER OF DAYS PC 12
NUMBER OF DAYS CLOUDY 12
AVERAGE RH (PERCENT) 73
WEATHER CONDITIONS. NUMBER OF DAYS WITH
THUNDERSTORM 2 MIXED PRECIP 0
HEAVY RAIN 6 RAIN 8
LIGHT RAIN 15 FREEZING RAIN 0
LT FREEZING RAIN 0 HAIL 0
HEAVY SNOW 0 SNOW 1
LIGHT SNOW 7 SLEET 0
FOG 16 FOG W/VIS <= 1/4 MILE 3
HAZE 3
- INDICATES NEGATIVE NUMBERS.
R INDICATES RECORD WAS SET OR TIED.
MM INDICATES DATA IS MISSING.
T INDICATES TRACE AMOUNT.
$$