000
CXUS51 KBTV 011506
CLMPBG
CLIMATE REPORT
NATIONAL WEATHER SERVICE BURLINGTON VT
1106 AM EDT MON APR 01 2024
...................................
...THE PLATTSBURGH NY CLIMATE SUMMARY FOR THE MONTH OF MARCH 2024...
CLIMATE NORMAL PERIOD: 1991 TO 2020
CLIMATE RECORD PERIOD: 1945 TO 2024
WEATHER OBSERVED NORMAL DEPART LAST YEAR`S
VALUE DATE(S) VALUE FROM VALUE DATE(S)
NORMAL
................................................................
TEMPERATURE (F)
RECORD
HIGH 85
LOW -15
HIGHEST 58 03/04 MM MM 51 03/29
LOWEST 1 03/24 MM MM 13 03/10
AVG. MAXIMUM 44.7 40.0 4.7 39.3
AVG. MINIMUM 26.8 20.5 6.3 24.8
MEAN 35.7 30.2 5.5 32.1
DAYS MAX >= 90 0 0.0 0.0 0
DAYS MAX <= 32 3 7.5 -4.5 4
DAYS MIN <= 32 24 26.0 -2.0 28
DAYS MIN <= 0 0 1.9 -1.9 0
PRECIPITATION (INCHES)
RECORD
MAXIMUM 4.04 1971
MINIMUM 0.19 1967
TOTALS 2.58 1.33 1.25 1.03
DAILY AVG. 0.08 0.04 0.04 0.03
DAYS >= .01 11 10.7 0.3 11
DAYS >= .10 5 4.2 0.8 4
DAYS >= .50 2 0.2 1.8 0
DAYS >= 1.00 0 0.1 -0.1 0
GREATEST
24 HR. TOTAL 0.94 03/06 TO 03/07 0.29 03/13 TO 03/14
STORM TOTAL 0.91 0.27
(MM/DD(HH)) MM
DEGREE DAYS
HEATING TOTAL 899 1077 -178 1015
SINCE 7/1 5549 6524 -975 MM
COOLING TOTAL 0 0 0 0
SINCE 1/1 0 0 0 MM
................................................................
WIND (MPH)
AVERAGE WIND SPEED 7.2
HIGHEST WIND SPEED/DIRECTION 30/160 DATE 03/09
HIGHEST GUST SPEED/DIRECTION 44/300 DATE 03/11
SKY COVER
POSSIBLE SUNSHINE (PERCENT) MM
AVERAGE SKY COVER 0.53
NUMBER OF DAYS FAIR 10
NUMBER OF DAYS PC 11
NUMBER OF DAYS CLOUDY 10
AVERAGE RH (PERCENT) 66
WEATHER CONDITIONS. NUMBER OF DAYS WITH
THUNDERSTORM 0 MIXED PRECIP 0
HEAVY RAIN 1 RAIN 1
LIGHT RAIN 10 FREEZING RAIN 0
LT FREEZING RAIN 0 HAIL 0
HEAVY SNOW 0 SNOW 2
LIGHT SNOW 4 SLEET 0
FOG 12 FOG W/VIS <= 1/4 MILE 0
HAZE 1
- INDICATES NEGATIVE NUMBERS.
R INDICATES RECORD WAS SET OR TIED.
MM INDICATES DATA IS MISSING.
T INDICATES TRACE AMOUNT.
$$