000
CXUS52 KMFL 011030
CF6PBI
PRELIMINARY LOCAL CLIMATOLOGICAL DATA (WS FORM: F-6)
STATION: WEST PALM BEACH
MONTH: MARCH
YEAR: 2022
LATITUDE: 26 40 N
LONGITUDE: 80 7 W
TEMPERATURE IN F: :PCPN: SNOW: WIND :SUNSHINE: SKY :PK WND
================================================================================
1 2 3 4 5 6A 6B 7 8 9 10 11 12 13 14 15 16 17 18
12Z AVG MX 2MIN
DY MAX MIN AVG DEP HDD CDD WTR SNW DPTH SPD SPD DIR MIN PSBL S-S WX SPD DR
================================================================================
1 78 65 72 2 0 7 T 0.0 0 10.1 17 10 M M 6 24 20
2 76 61 69 -1 0 4 0.04 0.0 0 5.8 16 360 M M 5 1 20 30
3 81 61 71 1 0 6 0.00 M M 6.8 15 90 M M 3 8 21 100
4 82 66 74 4 0 9 0.00 M M 12.1 21 60 M M 4 25 70
5 83 72 78 8 0 13 T 0.0 0 19.0 28 100 M M 5 33 80
6 84 75 80 10 0 15 0.00 0.0 0 18.3 24 100 M M 6 30 120
7 83 70 77 7 0 12 0.07 0.0 0 16.8 23 130 M M 6 8 28 140
8 85 75 80 10 0 15 T 0.0 0 12.8 23 140 M M 5 27 160
9 87 73 80 10 0 15 0.00 0.0 0 12.7 24 150 M M 4 32 140
10 85 71 78 8 0 13 0.29 0.0 0 7.5 22 160 M M 5 1 27 160
11 86 69 78 7 0 13 0.00 0.0 M 8.5 24 150 M M 4 3 32 150
12 90 57 74 3 0 9 0.09 0.0 0 15.5 35 240 M M 5 1 44 240
13 74 48 61 -10 4 0 0.00 0.0 0 14.0 22 50 M M 5 28 40
14 79 69 74 3 0 9 T 0.0 0 14.8 22 90 M M 7 27 90
15 80 70 75 4 0 10 1.75 0.0 0 13.5 24 60 M M 9 12 29 60
16 85 70 78 7 0 13 T 0.0 0 8.4 21 170 M M 6 3 24 150
17 86 73 80 9 0 15 0.05 0.0 0 6.9 17 140 M M 6 3 23 140
18 85 71 78 7 0 13 0.00 0.0 0 9.2 18 130 M M 3 24 150
19 86 75 81 10 0 16 0.00 0.0 0 10.4 18 130 M M 3 23 150
20 85 71 78 7 0 13 0.00 0.0 0 9.1 20 20 M M 5 26 20
21 79 71 75 3 0 10 0.00 0.0 0 15.6 22 80 M M 4 27 70
22 82 71 77 5 0 12 0.00 0.0 0 15.8 23 110 M M 6 28 110
23 85 75 80 8 0 15 0.00 0.0 0 15.3 26 140 M M 6 34 140
24 87 74 81 9 0 16 0.40 0.0 0 12.5 25 150 M M 5 13 33 140
25 79 63 71 -1 0 6 T 0.0 0 9.5 21 330 M M 5 26 330
26 80 57 69 -3 0 4 0.00 M M 7.8 16 270 M M 0 24 320
27 82 59 71 -1 0 6 0.00 0.0 M 9.5 21 320 M M 0 27 340
28 82 57 70 -2 0 5 0.00 0.0 M 6.9 15 350 M M 1 18 350
29 84 60 72 0 0 7 0.00 0.0 M 8.1 14 90 M M 0 19 60
30 83 72 78 5 0 13 0.00 0.0 0 17.4 26 140 M M 3 33 120
31 85 75 80 7 0 15 0.00 0.0 0 18.6 28 150 M M 5 36 140
================================================================================
SM 2568 2096 4 329 2.69 0.0 369.2 M 137
================================================================================
AV 82.8 67.6 11.9 FASTST M M 4 MAX(MPH)
MISC ----> 35 240 44 240
================================================================================
NOTES:
# LAST OF SEVERAL OCCURRENCES
COLUMN 17 PEAK WIND IN M.P.H.
PRELIMINARY LOCAL CLIMATOLOGICAL DATA (WS FORM: F-6) , PAGE 2
STATION: WEST PALM BEACH
MONTH: MARCH
YEAR: 2022
LATITUDE: 26 40 N
LONGITUDE: 80 7 W
[TEMPERATURE DATA] [PRECIPITATION DATA] SYMBOLS USED IN COLUMN 16
AVERAGE MONTHLY: 75.2 TOTAL FOR MONTH: 2.69 1 = FOG OR MIST
DPTR FM NORMAL: 4.1 DPTR FM NORMAL: -0.62 2 = FOG REDUCING VISIBILITY
HIGHEST: 90 ON 12 GRTST 24HR 1.75 ON 14-15 TO 1/4 MILE OR LESS
LOWEST: 48 ON 13 3 = THUNDER
SNOW, ICE PELLETS, HAIL 4 = ICE PELLETS
TOTAL MONTH: 0.0 INCH 5 = HAIL
GRTST 24HR 0.0 6 = FREEZING RAIN OR DRIZZLE
GRTST DEPTH: 0 7 = DUSTSTORM OR SANDSTORM:
VSBY 1/2 MILE OR LESS
8 = SMOKE OR HAZE
[NO. OF DAYS WITH] [WEATHER - DAYS WITH] 9 = BLOWING SNOW
X = TORNADO
MAX 32 OR BELOW: 0 0.01 INCH OR MORE: 7
MAX 90 OR ABOVE: 1 0.10 INCH OR MORE: 3
MIN 32 OR BELOW: 0 0.50 INCH OR MORE: 1
MIN 0 OR BELOW: 0 1.00 INCH OR MORE: 1
[HDD (BASE 65) ]
TOTAL THIS MO. 4 CLEAR (SCALE 0-3) 4
DPTR FM NORMAL -17 PTCLDY (SCALE 4-7) 26
TOTAL FM JUL 1 97 CLOUDY (SCALE 8-10) 1
DPTR FM NORMAL -100
[CDD (BASE 65) ]
TOTAL THIS MO. 329
DPTR FM NORMAL 119 [PRESSURE DATA]
TOTAL FM JAN 1 676 HIGHEST SLP 30.33 ON 14
DPTR FM NORMAL 212 LOWEST SLP 29.85 ON 12
[REMARKS]
#FINAL-03-22#