000
CXUS54 KMAF 011210
CF6PEQ
PRELIMINARY LOCAL CLIMATOLOGICAL DATA (WS FORM: F-6)
STATION: PECOS MUNICIPAL AIRPORT
MONTH: NOVEMBER
YEAR: 2023
LATITUDE: 31 22 N
LONGITUDE: 103 31 W
TEMPERATURE IN F: :PCPN: SNOW: WIND :SUNSHINE: SKY :PK WND
================================================================================
1 2 3 4 5 6A 6B 7 8 9 10 11 12 13 14 15 16 17 18
12Z AVG MX 2MIN
DY MAX MIN AVG DEP HDD CDD WTR SNW DPTH SPD SPD DIR MIN PSBL S-S WX SPD DR
================================================================================
1 65 28 47 M 18 0 M M M 3.0 10 80 M M 0 M M
2 76 32 54 M 11 0 M M M 1.4 8 180 M M 0 M M
3 86 37 62 M 3 0 M M M 1.9 8 230 M M 0 17 0
4 84 41 63 M 2 0 M M M 1.0 6 60 M M 0 M M
5 80 42 61 M 4 0 M M M 1.9 7 110 M M 0 M M
6 92 44 68 M 0 3 M M M 2.0 15 270 M M 0 17 270
7 92 49 71 M 0 6 M M M 5.7 20 250 M M 0 23 250
8 91 52 72 M 0 7 M M M 5.1 24 280 M M 1 31 280
9 78 47 63 M 2 0 0.15 M M 6.9 13 20 M M 10 1 21 270
10 49 44 47 M 18 0 0.01 M M 6.7 13 320 M M 10 1 16 330
11 55 45 50 M 15 0 M M M 1.2 8 300 M M 10 M M
12 58 43 51 M 14 0 0.13 M M 1.0 7 110 M M 9 1 M M
13 56 52 54 M 11 0 0.26 M M 2.1 8 90 M M 10 M M
14 59 48 54 M 11 0 M M M 2.9 8 100 M M 7 M M
15 62 47 55 M 10 0 M M M 1.3 8 90 M M 6 12 M M
16 69 47 58 M 7 0 M M M 0.4 6 180 M M 4 12 M M
17 76 53 65 M 0 0 M M M 3.6 8 40 M M 0 M M
18 69 53 61 M 4 0 M M M 6.4 10 90 M M 3 8 M M
19 78 49 64 M 1 0 M M M 7.4 25 260 M M 2 1 33 260
20 67 50 59 M 6 0 M M M 12.4 22 310 M M 1 29 320
21 59 38 49 M 16 0 M M M 7.8 16 350 M M 2 26 20
22 64 31 48 M 17 0 M M M 0.0 M M M M 0 M M
23 68 31 50 M 15 0 M M M 1.2 10 130 M M 0 M M
24 56 38 47 M 18 0 M M M 6.8 18 330 M M 0 24 330
25 62 43 53 M 12 0 M M M 0.3 7 20 M M 6 M M
26 52 38 45 M 20 0 M M M 4.9 14 10 M M 4 17 10
27 54 34 44 M 21 0 M M M 3.1 10 90 M M 7 M M
28 58 35 47 M 18 0 M M M 0.6 6 60 M M 1 M M
29 64 37 51 M 14 0 M M M 2.3 10 80 M M 0 M M
30 69 40 55 M 10 0 M M M 9.6 28 270 M M 3 12 37 260
================================================================================
SM 2048 1268 298 16 0.55 M 110.7 M 96
================================================================================
AV 68.3 42.3 3.7 FASTST M M 3 MAX(MPH)
MISC ----> 28 270 37 260
================================================================================
NOTES:
# LAST OF SEVERAL OCCURRENCES
COLUMN 17 PEAK WIND IN M.P.H.
PRELIMINARY LOCAL CLIMATOLOGICAL DATA (WS FORM: F-6) , PAGE 2
STATION: PECOS MUNICIPAL AIRPORT
MONTH: NOVEMBER
YEAR: 2023
LATITUDE: 31 22 N
LONGITUDE: 103 31 W
[TEMPERATURE DATA] [PRECIPITATION DATA] SYMBOLS USED IN COLUMN 16
AVERAGE MONTHLY: 55.3 TOTAL FOR MONTH: 0.55 1 = FOG OR MIST
DPTR FM NORMAL: 0.0 DPTR FM NORMAL: M 2 = FOG REDUCING VISIBILITY
HIGHEST: 92 ON 7, 6 GRTST 24HR 0.26 ON 13-13 TO 1/4 MILE OR LESS
LOWEST: 28 ON 1 3 = THUNDER
SNOW, ICE PELLETS, HAIL 4 = ICE PELLETS
TOTAL MONTH: M 5 = HAIL
GRTST 24HR M ON M 6 = FREEZING RAIN OR DRIZZLE
GRTST DEPTH: M ON M 7 = DUSTSTORM OR SANDSTORM:
VSBY 1/2 MILE OR LESS
8 = SMOKE OR HAZE
[NO. OF DAYS WITH] [WEATHER - DAYS WITH] 9 = BLOWING SNOW
X = TORNADO
MAX 32 OR BELOW: 0 0.01 INCH OR MORE: 4
MAX 90 OR ABOVE: 3 0.10 INCH OR MORE: 3
MIN 32 OR BELOW: 4 0.50 INCH OR MORE: 0
MIN 0 OR BELOW: 0 1.00 INCH OR MORE: 0
[HDD (BASE 65) ]
TOTAL THIS MO. 298 CLEAR (SCALE 0-3) 18
DPTR FM NORMAL M PTCLDY (SCALE 4-7) 7
TOTAL FM JUL 1 369 CLOUDY (SCALE 8-10) 5
DPTR FM NORMAL M
[CDD (BASE 65) ]
TOTAL THIS MO. 16
DPTR FM NORMAL M [PRESSURE DATA]
TOTAL FM JAN 1 3205 HIGHEST SLP M ON M
DPTR FM NORMAL M LOWEST SLP M ON M
[REMARKS]
#FINAL-11-23#