000
CXUS54 KEWX 011010
CF6PEZ
PRELIMINARY LOCAL CLIMATOLOGICAL DATA (WS FORM: F-6)
STATION: PLEASANTON MUNICIPAL AIRPORT
MONTH: MARCH
YEAR: 2021
LATITUDE: 28 57 N
LONGITUDE: 98 31 W
TEMPERATURE IN F: :PCPN: SNOW: WIND :SUNSHINE: SKY :PK WND
================================================================================
1 2 3 4 5 6A 6B 7 8 9 10 11 12 13 14 15 16 17 18
12Z AVG MX 2MIN
DY MAX MIN AVG DEP HDD CDD WTR SNW DPTH SPD SPD DIR MIN PSBL S-S WX SPD DR
================================================================================
1 72 55 64 M 1 0 0.00 M M 11.8 20 20 M M 10 1 29 20
2 68 42 55 M 10 0 0.00 M M 4.8 10 40 M M 0 18 360
3 76 36 56 M 9 0 0.00 M M 3.0 9 140 M M 0 18 140
4 79 43 61 M 4 0 0.00 M M 5.7 12 130 M M 1 21 140
5 85 59 72 M 0 7 0.00 M M 6.5 15 280 M M 5 12 23 360
6 70 45 58 M 7 0 0.00 M M 7.9 14 60 M M 1 21 10
7 74 40 57 M 8 0 0.00 M M 4.3 13 110 M M 3 17 90
8 76 52 64 M 1 0 0.00 M M 6.0 12 140 M M 7 18 140
9 82 54 68 M 0 3 0.00 M M 9.5 17 160 M M 6 1 25 130
10 87 64 76 M 0 11 0.00 M M 12.8 25 160 M M 5 35 160
11 82 67 75 M 0 10 0.00 M M 10.5 17 160 M M 7 26 160
12 82 70 76 M 0 11 0.00 M M 11.3 18 150 M M 8 25 150
13 83 70 77 M 0 12 0.01 M M 13.3 22 140 M M 9 30 140
14 77 53 65 M 0 0 0.08 M M 6.0 15 150 M M 6 26 150
15 86 44 65 M 0 0 0.00 M M 4.1 9 150 M M 0 20 140
16 83 64 74 M 0 9 0.00 M M 6.7 14 120 M M 7 1 20 180
17 85 61 73 M 0 8 0.00 M M 13.2 23 320 M M 4 1 33 310
18 78 40 59 M 6 0 0.00 M M 7.5 17 360 M M 0 28 360
19 74 47 61 M 4 0 0.00 M M 5.9 14 30 M M 0 20 20
20 73 43 58 M 7 0 0.00 M M 5.3 13 70 M M 0 17 80
21 79 37 58 M 7 0 0.00 M M 6.2 14 140 M M 0 22 140
22 79 55 67 M 0 2 0.00 M M 9.0 17 140 M M 9 29 140
23 85 54 70 M 0 5 0.00 M M 3.6 8 340 M M 2 18 M M
24 85 51 68 M 0 3 0.00 M M 7.6 15 90 M M 6 1 23 100
25 81 59 70 M 0 5 0.00 M M 7.4 16 310 M M 3 30 60
26 89 45 67 M 0 2 0.00 M M 5.2 9 130 M M 0 17 130
27 93 65 79 M 0 14 0.00 M M 5.9 14 160 M M 5 18 190
28 75 51 63 M 2 0 0.37 M M 9.9 24 10 M M 6 1 32 30
29 77 44 61 M 4 0 0.00 M M 4.7 12 150 M M 5 17 130
30 83 63 73 M 0 8 0.00 M M 6.1 15 160 M M 6 12 23 160
31 75 62 69 M 0 4 0.00 M M 9.0 16 40 M M 9 1 26 40
================================================================================
SM 2473 1635 70 114 0.46 M 230.5 M 130
================================================================================
AV 79.8 52.7 7.4 FASTST M M 4 MAX(MPH)
MISC ----> 25 160 35 160
================================================================================
NOTES:
# LAST OF SEVERAL OCCURRENCES
COLUMN 17 PEAK WIND IN M.P.H.
PRELIMINARY LOCAL CLIMATOLOGICAL DATA (WS FORM: F-6) , PAGE 2
STATION: PLEASANTON MUNICIPAL AIRPORT
MONTH: MARCH
YEAR: 2021
LATITUDE: 28 57 N
LONGITUDE: 98 31 W
[TEMPERATURE DATA] [PRECIPITATION DATA] SYMBOLS USED IN COLUMN 16
AVERAGE MONTHLY: 66.3 TOTAL FOR MONTH: 0.46 1 = FOG OR MIST
DPTR FM NORMAL: 0.0 DPTR FM NORMAL: M 2 = FOG REDUCING VISIBILITY
HIGHEST: 93 ON 27 GRTST 24HR 0.37 ON 28-28 TO 1/4 MILE OR LESS
LOWEST: 36 ON 3 3 = THUNDER
SNOW, ICE PELLETS, HAIL 4 = ICE PELLETS
TOTAL MONTH: M 5 = HAIL
GRTST 24HR M ON M 6 = FREEZING RAIN OR DRIZZLE
GRTST DEPTH: M ON M 7 = DUSTSTORM OR SANDSTORM:
VSBY 1/2 MILE OR LESS
8 = SMOKE OR HAZE
[NO. OF DAYS WITH] [WEATHER - DAYS WITH] 9 = BLOWING SNOW
X = TORNADO
MAX 32 OR BELOW: 0 0.01 INCH OR MORE: 3
MAX 90 OR ABOVE: 1 0.10 INCH OR MORE: 1
MIN 32 OR BELOW: 0 0.50 INCH OR MORE: 0
MIN 0 OR BELOW: 0 1.00 INCH OR MORE: 0
[HDD (BASE 65) ]
TOTAL THIS MO. 70 CLEAR (SCALE 0-3) 13
DPTR FM NORMAL M PTCLDY (SCALE 4-7) 13
TOTAL FM JUL 1 1161 CLOUDY (SCALE 8-10) 5
DPTR FM NORMAL M
[CDD (BASE 65) ]
TOTAL THIS MO. 114
DPTR FM NORMAL M [PRESSURE DATA]
TOTAL FM JAN 1 163 HIGHEST SLP M ON M
DPTR FM NORMAL M LOWEST SLP M ON M
[REMARKS]
#FINAL-03-21#