000
CXUS51 KPBZ 010730
CF6PHD
PRELIMINARY LOCAL CLIMATOLOGICAL DATA (WS FORM: F-6)
STATION: NEW PHILADELPHIA OH
MONTH: SEPTEMBER
YEAR: 2022
LATITUDE: 40 28 N
LONGITUDE: 81 25 W
TEMPERATURE IN F: :PCPN: SNOW: WIND :SUNSHINE: SKY :PK WND
================================================================================
1 2 3 4 5 6A 6B 7 8 9 10 11 12 13 14 15 16 17 18
12Z AVG MX 2MIN
DY MAX MIN AVG DEP HDD CDD WTR SNW DPTH SPD SPD DIR MIN PSBL S-S WX SPD DR
================================================================================
1 84 56 70 1 0 5 0.00 M M 2.1 12 320 M M 1 1 17 280
2 84 57 71 2 0 6 0.00 M M 1.6 9 140 M M 0 1 11 120
3 80 65 73 5 0 8 0.05 M M 2.0 10 190 M M 5 13 13 190
4 76 68 72 4 0 7 0.25 M M 2.5 9 170 M M 8 13 13 130
5 76 67 72 4 0 7 1.46 M M 1.8 8 340 M M 8 1 10 330
6 76 65 71 3 0 6 0.03 M M 4.7 12 310 M M 10 1 15 360
7 79 56 68 1 0 3 0.00 M M 4.6 12 330 M M 5 1 18 360
8 80 57 69 2 0 4 0.00 M M 2.2 9 10 M M 4 1 14 50
9 83 54 69 2 0 4 0.00 M M 2.4 10 130 M M 0 1 13 140
10 76 59 68 1 0 3 0.08 M M 2.9 12 150 M M 3 18 170
11 74 65 70 4 0 5 0.50 M M 2.2 9 130 M M 9 1 14 130
12 74 57 66 0 0 1 0.04 M M 4.0 13 260 M M 6 1 18 260
13 68 53 61 -5 4 0 T M M 4.2 10 300 M M 8 17 300
14 72 52 62 -3 3 0 0.00 M M 1.8 8 270 M M 5 12 10 230
15 78 56 67 2 0 2 0.00 M M 1.2 8 350 M M 5 12 11 20
16 81 55 68 3 0 3 0.00 M M 0.8 8 310 M M 4 12 11 330
17 81 58 70 6 0 5 0.00 M M 2.1 9 230 M M 4 12 14 210
18 82 58 70 6 0 5 0.00 M M 4.0 12 230 M M 3 12 17 260
19 77 62 70 6 0 5 0.40 M M 3.5 10 240 M M 6 123 15 250
20 80 59 70 7 0 5 0.00 M M 2.2 10 250 M M 5 12 13 260
21 87 61 74 11 0 9 T M M 4.1 14 190 M M 1 13 20 190
22 70 45 58 -5 7 0 0.13 M M 8.5 22 340 M M 6 1 30 310
23 65 39 52 -10 13 0 0.00 M M 2.3 13 330 M M 2 1 17 330
24 67 49 58 -4 7 0 0.00 M M 3.0 9 210 M M 7 14 210
25 72 56 64 2 1 0 0.26 M M 7.2 17 280 M M 7 13 27 260
26 68 51 60 -1 5 0 0.06 M M 7.3 21 300 M M 6 1 31 320
27 61 42 52 -9 13 0 0.10 M M 3.8 18 310 M M 4 13 24 310
28 63 40 52 -8 13 0 T M M 3.4 15 330 M M 7 1 21 340
29 60 41 51 -9 14 0 0.00 M M 2.7 12 10 M M 5 1 15 10
30 63 37 50 -10 15 0 0.00 M M 2.9 10 30 M M 1 12 16 70
================================================================================
SM 2237 1640 95 93 3.36 M 98.0 M 145
================================================================================
AV 74.6 54.7 3.3 FASTST M M 5 MAX(MPH)
MISC ----> 22 340 31 320
================================================================================
NOTES:
# LAST OF SEVERAL OCCURRENCES
COLUMN 17 PEAK WIND IN M.P.H.
PRELIMINARY LOCAL CLIMATOLOGICAL DATA (WS FORM: F-6) , PAGE 2
STATION: NEW PHILADELPHIA OH
MONTH: SEPTEMBER
YEAR: 2022
LATITUDE: 40 28 N
LONGITUDE: 81 25 W
[TEMPERATURE DATA] [PRECIPITATION DATA] SYMBOLS USED IN COLUMN 16
AVERAGE MONTHLY: 64.6 TOTAL FOR MONTH: 3.36 1 = FOG OR MIST
DPTR FM NORMAL: -0.1 DPTR FM NORMAL: 0.39 2 = FOG REDUCING VISIBILITY
HIGHEST: 87 ON 21 GRTST 24HR 1.47 ON 4- 5 TO 1/4 MILE OR LESS
LOWEST: 37 ON 30 3 = THUNDER
SNOW, ICE PELLETS, HAIL 4 = ICE PELLETS
TOTAL MONTH: M 5 = HAIL
GRTST 24HR M ON M 6 = FREEZING RAIN OR DRIZZLE
GRTST DEPTH: M ON M 7 = DUSTSTORM OR SANDSTORM:
VSBY 1/2 MILE OR LESS
8 = SMOKE OR HAZE
[NO. OF DAYS WITH] [WEATHER - DAYS WITH] 9 = BLOWING SNOW
X = TORNADO
MAX 32 OR BELOW: 0 0.01 INCH OR MORE: 12
MAX 90 OR ABOVE: 0 0.10 INCH OR MORE: 7
MIN 32 OR BELOW: 0 0.50 INCH OR MORE: 2
MIN 0 OR BELOW: 0 1.00 INCH OR MORE: 1
[HDD (BASE 65) ]
TOTAL THIS MO. 95 CLEAR (SCALE 0-3) 8
DPTR FM NORMAL 5 PTCLDY (SCALE 4-7) 19
TOTAL FM JUL 1 96 CLOUDY (SCALE 8-10) 3
DPTR FM NORMAL -6
[CDD (BASE 65) ]
TOTAL THIS MO. 93
DPTR FM NORMAL 12 [PRESSURE DATA]
TOTAL FM JAN 1 903 HIGHEST SLP M ON M
DPTR FM NORMAL 136 LOWEST SLP 29.63 ON 25
[REMARKS]
#FINAL-09-22#