000
CXUS53 KAPX 010730
CF6PLN
PRELIMINARY LOCAL CLIMATOLOGICAL DATA (WS FORM: F-6)
STATION: PELLSTON
MONTH: SEPTEMBER
YEAR: 2023
LATITUDE: 45 34 N
LONGITUDE: 84 48 W
TEMPERATURE IN F: :PCPN: SNOW: WIND :SUNSHINE: SKY :PK WND
================================================================================
1 2 3 4 5 6A 6B 7 8 9 10 11 12 13 14 15 16 17 18
12Z AVG MX 2MIN
DY MAX MIN AVG DEP HDD CDD WTR SNW DPTH SPD SPD DIR MIN PSBL S-S WX SPD DR
================================================================================
1 80 43 62 0 3 0 0.00 M M 5.1 16 220 M M 1 1 24 240
2 81 69 75 13 0 10 0.00 M M 9.1 22 260 M M 0 33 280
3 88 65 77 15 0 12 0.00 M M 5.1 18 250 M M 0 31 230
4 91 60 76 15 0 11 0.00 M M 4.8 14 250 M M 0 21 260
5 94 58 76 15 0 11 0.00 M M 4.4 16 220 M M 1 3 27 190
6 80 65 73 12 0 8 0.48 M M 4.2 15 80 M M 7 13 20 290
7 67 54 61 1 4 0 0.10 M M 8.9 15 10 M M 10 13 21 20
8 69 42 56 -4 9 0 0.00 M M 5.2 13 330 M M 4 20 350
9 73 40 57 -3 8 0 0.00 M M 2.5 12 340 M M 0 16 290
10 68 41 55 -4 10 0 0.01 M M 1.0 9 360 M M 6 12 340
11 61 54 58 -1 7 0 0.41 M M 3.3 12 30 M M 10 1 14 30
12 61 48 55 -4 10 0 0.23 M M 9.2 18 310 M M 9 1 24 300
13 64 37 51 -7 14 0 0.00 M M 4.9 15 350 M M 0 1 20 350
14 67 35 51 -7 14 0 0.00 M M 2.1 13 230 M M 7 19 220
15 74 36 55 -3 10 0 0.00 M M 4.0 14 240 M M 4 21 240
16 74 53 64 7 1 0 T M M 4.1 14 280 M M 4 1 19 280
17 68 47 58 1 7 0 0.00 M M 7.3 17 310 M M 5 1 23 290
18 63 39 51 -6 14 0 0.00 M M 5.1 15 350 M M 5 1 20 10
19 69 33 51 -5 14 0 0.00 M M 1.3 12 360 M M 1 1 16 10
20 77 42 60 4 5 0 T M M 1.7 9 350 M M 4 1 17 10
21 81 47 64 8 1 0 0.00 M M 1.7 10 30 M M 3 12 13 20
22 81 51 66 11 0 1 0.40 M M 3.5 13 180 M M 4 123 21 220
23 76 48 62 7 3 0 0.00 M M 4.8 17 110 M M 3 12 22 110
24 74 44 59 5 6 0 0.00 M M 5.3 18 80 M M 3 12 26 80
25 76 44 60 6 5 0 0.00 M M 4.6 16 80 M M 3 12 23 80
26 69 46 58 4 7 0 0.00 M M 7.1 18 110 M M 6 1 26 110
27 68 47 58 5 7 0 0.00 M M 9.6 23 100 M M 6 1 33 70
28 72 46 59 6 6 0 0.00 M M 6.0 16 90 M M 5 1 22 90
29 69 41 55 3 10 0 0.00 M M 2.1 10 140 M M 7 12 17 110
30 74 45 60 8 5 0 0.18 M M 3.8 14 240 M M 6 12 23 240
================================================================================
SM 2209 1420 180 53 1.81 M 141.8 M 124
================================================================================
AV 73.6 47.3 4.7 FASTST M M 4 MAX(MPH)
MISC ----> 23 100 # 33 280
================================================================================
NOTES:
# LAST OF SEVERAL OCCURRENCES
COLUMN 17 PEAK WIND IN M.P.H.
PRELIMINARY LOCAL CLIMATOLOGICAL DATA (WS FORM: F-6) , PAGE 2
STATION: PELLSTON
MONTH: SEPTEMBER
YEAR: 2023
LATITUDE: 45 34 N
LONGITUDE: 84 48 W
[TEMPERATURE DATA] [PRECIPITATION DATA] SYMBOLS USED IN COLUMN 16
AVERAGE MONTHLY: 60.5 TOTAL FOR MONTH: 1.81 1 = FOG OR MIST
DPTR FM NORMAL: 3.2 DPTR FM NORMAL: -1.57 2 = FOG REDUCING VISIBILITY
HIGHEST: 94 ON 5 GRTST 24HR 0.64 ON 11-12 TO 1/4 MILE OR LESS
LOWEST: 33 ON 19 3 = THUNDER
SNOW, ICE PELLETS, HAIL 4 = ICE PELLETS
TOTAL MONTH: M 5 = HAIL
GRTST 24HR M ON M 6 = FREEZING RAIN OR DRIZZLE
GRTST DEPTH: M ON M 7 = DUSTSTORM OR SANDSTORM:
VSBY 1/2 MILE OR LESS
8 = SMOKE OR HAZE
[NO. OF DAYS WITH] [WEATHER - DAYS WITH] 9 = BLOWING SNOW
X = TORNADO
MAX 32 OR BELOW: 0 0.01 INCH OR MORE: 7
MAX 90 OR ABOVE: 2 0.10 INCH OR MORE: 6
MIN 32 OR BELOW: 0 0.50 INCH OR MORE: 0
MIN 0 OR BELOW: 0 1.00 INCH OR MORE: 0
[HDD (BASE 65) ]
TOTAL THIS MO. 180 CLEAR (SCALE 0-3) 12
DPTR FM NORMAL -73 PTCLDY (SCALE 4-7) 15
TOTAL FM JUL 1 277 CLOUDY (SCALE 8-10) 3
DPTR FM NORMAL -115
[CDD (BASE 65) ]
TOTAL THIS MO. 53
DPTR FM NORMAL 29 [PRESSURE DATA]
TOTAL FM JAN 1 263 HIGHEST SLP 30.32 ON 27
DPTR FM NORMAL 11 LOWEST SLP 29.67 ON 6
[REMARKS]
#FINAL-09-23#