000
CXUS52 KMFL 011030
CF6PMP
PRELIMINARY LOCAL CLIMATOLOGICAL DATA (WS FORM: F-6)
STATION: POMPANO BEACH ARPK
MONTH: MAY
YEAR: 2021
LATITUDE: 26 14 N
LONGITUDE: 80 7 W
TEMPERATURE IN F: :PCPN: SNOW: WIND :SUNSHINE: SKY :PK WND
================================================================================
1 2 3 4 5 6A 6B 7 8 9 10 11 12 13 14 15 16 17 18
12Z AVG MX 2MIN
DY MAX MIN AVG DEP HDD CDD WTR SNW DPTH SPD SPD DIR MIN PSBL S-S WX SPD DR
================================================================================
1 88 72 80 2 0 15 0.00 0.0 0 8.9 17 140 M M 3 21 130
2 88 73 81 3 0 16 0.00 0.0 0 10.2 21 150 M M 1 27 150
3 88 78 83 4 0 18 0.00 M M 12.3 21 150 M M 2 26 150
4 88 79 84 5 0 19 0.00 M M 11.6 20 160 M M 1 25 140
5 88 76 82 3 0 17 0.00 M M 9.0 18 150 M M 1 27 140
6 89 72 81 2 0 16 1.20 0.0 0 7.4 29 250 M M 2 13 39 250
7 89 70 80 1 0 15 0.34 M M 9.9 23 190 M M 3 38 28 210
8 83 73 78 -1 0 13 0.00 0.0 0 11.5 18 80 M M 3 23 90
9 85 76 81 2 0 16 0.00 0.0 0 13.6 21 110 M M 4 25 100
10 87 78 83 4 0 18 0.00 M M 11.3 18 150 M M 2 38 23 140
11 87 74 81 2 0 16 0.00 M M 8.3 16 120 M M 3 20 140
12 88 73 81 2 0 16 0.49 M M 10.1 20 290 M M 3 13 24 300
13 85 74 80 1 0 15 T M M 7.3 22 30 M M 2 3 26 30
14 82 73 78 -2 0 13 0.06 M M 9.2 18 30 M M 5 22 40
15 84 71 78 -2 0 13 0.04 M M 12.7 25 30 M M 3 32 30
16 82 74 78 -2 0 13 T M M 12.4 22 40 M M 5 27 50
17 83 74 79 -1 0 14 T M M 11.8 20 80 M M 5 25 110
18 84 74 79 -1 0 14 0.02 M M 16.1 24 100 M M 6 31 100
19 83 74 79 -1 0 14 T M M 19.2 25 90 M M 6 33 100
20 83 75 79 -1 0 14 0.01 M M 19.2 25 70 M M 7 34 70
21 83 74 79 -1 0 14 0.00 M M 17.7 26 70 M M 3 35 70
22 83 74 79 -1 0 14 T M M 15.3 22 70 M M 4 28 40
23 83 74 79 -1 0 14 0.00 M M 11.9 17 80 M M 3 22 90
24 84 73 79 -1 0 14 0.00 M M 10.0 16 100 M M 2 21 110
25 83 75 79 -2 0 14 0.00 M M 12.1 16 110 M M 4 22 110
26 85 76 81 0 0 16 0.00 M M 10.3 16 110 M M 2 22 110
27 84 76 80 -1 0 15 0.00 M M 8.3 13 130 M M 1 18 110
28 86 73 80 -1 0 15 0.00 M M 9.3 17 140 M M 1 23 130
29 87 72 80 -1 0 15 0.00 M M 9.8 20 130 M M 2 24 140
30 87 73 80 -1 0 15 0.00 M M 7.5 17 100 M M 3 8 22 130
31 86 74 80 -1 0 15 T M M 10.1 22 80 M M 2 31 80
================================================================================
SM 2645 2297 0 466 2.16 0.0 354.3 M 94
================================================================================
AV 85.3 74.1 11.4 FASTST M M 3 MAX(MPH)
MISC ----> 29 250 39 250
================================================================================
NOTES:
# LAST OF SEVERAL OCCURRENCES
COLUMN 17 PEAK WIND IN M.P.H.
PRELIMINARY LOCAL CLIMATOLOGICAL DATA (WS FORM: F-6) , PAGE 2
STATION: POMPANO BEACH ARPK
MONTH: MAY
YEAR: 2021
LATITUDE: 26 14 N
LONGITUDE: 80 7 W
[TEMPERATURE DATA] [PRECIPITATION DATA] SYMBOLS USED IN COLUMN 16
AVERAGE MONTHLY: 79.7 TOTAL FOR MONTH: 2.16 1 = FOG OR MIST
DPTR FM NORMAL: 0.0 DPTR FM NORMAL: -3.30 2 = FOG REDUCING VISIBILITY
HIGHEST: 89 ON 7, 6 GRTST 24HR 1.20 ON 6- 6 TO 1/4 MILE OR LESS
LOWEST: 70 ON 7 3 = THUNDER
SNOW, ICE PELLETS, HAIL 4 = ICE PELLETS
TOTAL MONTH: 0.0 INCH 5 = HAIL
GRTST 24HR 0.0 6 = FREEZING RAIN OR DRIZZLE
GRTST DEPTH: 0 7 = DUSTSTORM OR SANDSTORM:
VSBY 1/2 MILE OR LESS
8 = SMOKE OR HAZE
[NO. OF DAYS WITH] [WEATHER - DAYS WITH] 9 = BLOWING SNOW
X = TORNADO
MAX 32 OR BELOW: 0 0.01 INCH OR MORE: 7
MAX 90 OR ABOVE: 0 0.10 INCH OR MORE: 3
MIN 32 OR BELOW: 0 0.50 INCH OR MORE: 1
MIN 0 OR BELOW: 0 1.00 INCH OR MORE: 1
[HDD (BASE 65) ]
TOTAL THIS MO. 0 CLEAR (SCALE 0-3) 17
DPTR FM NORMAL 0 PTCLDY (SCALE 4-7) 14
TOTAL FM JUL 1 131 CLOUDY (SCALE 8-10) 0
DPTR FM NORMAL -3
[CDD (BASE 65) ]
TOTAL THIS MO. 466
DPTR FM NORMAL 9 [PRESSURE DATA]
TOTAL FM JAN 1 1469 HIGHEST SLP 30.24 ON 21
DPTR FM NORMAL 85 LOWEST SLP 29.90 ON 29
[REMARKS]
#FINAL-05-21#