000
CXUS54 KOUN 010910
CF6PNC
PRELIMINARY LOCAL CLIMATOLOGICAL DATA (WS FORM: F-6)
STATION: PONCA CITY
MONTH: NOVEMBER
YEAR: 2021
LATITUDE: 36 44 N
LONGITUDE: 97 6 W
TEMPERATURE IN F: :PCPN: SNOW: WIND :SUNSHINE: SKY :PK WND
================================================================================
1 2 3 4 5 6A 6B 7 8 9 10 11 12 13 14 15 16 17 18
12Z AVG MX 2MIN
DY MAX MIN AVG DEP HDD CDD WTR SNW DPTH SPD SPD DIR MIN PSBL S-S WX SPD DR
================================================================================
1 50 42 46 -8 19 0 0.00 0.0 M 11.3 18 70 M M 8 23 70
2 47 38 43 -11 22 0 0.44 0.0 M 8.7 15 50 M M 8 18 50
3 52 42 47 -6 18 0 0.03 0.0 M 4.5 9 100 M M 10 13 100
4 55 43 49 -4 16 0 0.00 0.0 M 3.0 10 210 M M 7 14 200
5 61 40 51 -1 14 0 0.00 0.0 M 7.8 17 160 M M 3 26 150
6 68 43 56 4 9 0 0.00 0.0 M 8.6 20 160 M M 0 25 150
7 79 49 64 12 1 0 0.00 0.0 M 11.9 20 170 M M 0 33 190
8 79 54 67 16 0 2 0.00 0.0 M 9.5 18 160 M M 0 25 160
9 71 54 63 12 2 0 0.00 0.0 M 3.3 12 150 M M 4 15 180
10 66 51 59 9 6 0 0.10 0.0 M 10.6 20 160 M M 7 13 29 180
11 62 37 50 0 15 0 0.00 0.0 M 6.0 15 280 M M 0 24 300
12 53 34 44 -6 21 0 0.01 0.0 M 10.0 25 330 M M 3 39 30
13 61 26 44 -5 21 0 0.00 0.0 M 3.9 13 200 M M 0 19 170
14 61 37 49 0 16 0 0.00 0.0 M 3.8 20 20 M M 0 24 10
15 73 44 59 11 6 0 0.00 0.0 M 6.2 15 210 M M 0 21 210
16 79 48 64 16 1 0 0.00 0.0 M 11.2 21 170 M M 0 30 160
17 69 36 53 6 12 0 0.00 0.0 M 15.0 38 30 M M 3 1 46 30
18 55 24 40 -7 25 0 0.00 0.0 M 2.1 9 340 M M 0 14 340
19 58 27 43 -4 22 0 0.00 0.0 M 12.6 26 170 M M 0 34 170
20 63 43 53 7 12 0 0.00 0.0 M 9.1 20 160 M M 0 26 170
21 63 32 48 2 17 0 0.00 0.0 0 9.0 23 10 M M 0 29 20
22 64 27 46 1 19 0 0.00 0.0 M 3.7 17 240 M M 0 24 240
23 72 32 52 7 13 0 0.00 0.0 M 9.7 24 170 M M 0 33 160
24 69 44 57 12 8 0 0.00 0.0 M 14.2 30 360 M M 1 36 360
25 50 25 38 -6 27 0 0.00 0.0 M 9.8 29 350 M M 0 36 350
26 65 24 45 1 20 0 0.00 0.0 M 8.0 16 210 M M 0 23 200
27 71 34 53 9 12 0 0.00 0.0 M 6.9 17 10 M M 0 20 10
28 60 32 46 3 19 0 0.00 0.0 M 3.1 10 360 M M 0 13 60
29 75 41 58 15 7 0 0.00 M M 5.2 9 210 M M 0 M M
30 70 35 53 11 12 0 0.00 M M 7.7 22 90 M M 0 27 90
================================================================================
SM 1921 1138 412 2 0.58 0.0 236.4 M 54
================================================================================
AV 64.0 37.9 7.9 FASTST M M 2 MAX(MPH)
MISC ----> 38 30 46 30
================================================================================
NOTES:
# LAST OF SEVERAL OCCURRENCES
COLUMN 17 PEAK WIND IN M.P.H.
PRELIMINARY LOCAL CLIMATOLOGICAL DATA (WS FORM: F-6) , PAGE 2
STATION: PONCA CITY
MONTH: NOVEMBER
YEAR: 2021
LATITUDE: 36 44 N
LONGITUDE: 97 6 W
[TEMPERATURE DATA] [PRECIPITATION DATA] SYMBOLS USED IN COLUMN 16
AVERAGE MONTHLY: 51.0 TOTAL FOR MONTH: 0.58 1 = FOG OR MIST
DPTR FM NORMAL: 2.9 DPTR FM NORMAL: -1.07 2 = FOG REDUCING VISIBILITY
HIGHEST: 79 ON 16, 8 GRTST 24HR 0.47 ON 2- 3 TO 1/4 MILE OR LESS
LOWEST: 24 ON 26,18 3 = THUNDER
SNOW, ICE PELLETS, HAIL 4 = ICE PELLETS
TOTAL MONTH: 0.0 INCH 5 = HAIL
GRTST 24HR 0.0 6 = FREEZING RAIN OR DRIZZLE
GRTST DEPTH: 0 7 = DUSTSTORM OR SANDSTORM:
VSBY 1/2 MILE OR LESS
8 = SMOKE OR HAZE
[NO. OF DAYS WITH] [WEATHER - DAYS WITH] 9 = BLOWING SNOW
X = TORNADO
MAX 32 OR BELOW: 0 0.01 INCH OR MORE: 4
MAX 90 OR ABOVE: 0 0.10 INCH OR MORE: 2
MIN 32 OR BELOW: 9 0.50 INCH OR MORE: 0
MIN 0 OR BELOW: 0 1.00 INCH OR MORE: 0
[HDD (BASE 65) ]
TOTAL THIS MO. 412 CLEAR (SCALE 0-3) 24
DPTR FM NORMAL -100 PTCLDY (SCALE 4-7) 4
TOTAL FM JUL 1 520 CLOUDY (SCALE 8-10) 2
DPTR FM NORMAL -217
[CDD (BASE 65) ]
TOTAL THIS MO. 2
DPTR FM NORMAL -3 [PRESSURE DATA]
TOTAL FM JAN 1 2100 HIGHEST SLP 30.60 ON 18
DPTR FM NORMAL 161 LOWEST SLP 29.60 ON 16
[REMARKS]
#FINAL-11-21#