000
CXUS54 KMOB 010629
CF6PNS
PRELIMINARY LOCAL CLIMATOLOGICAL DATA (WS FORM: F-6)
STATION: PENSACOLA
MONTH: JUNE
YEAR: 2022
LATITUDE: 30 28 N
LONGITUDE: 87 12 W
TEMPERATURE IN F: :PCPN: SNOW: WIND :SUNSHINE: SKY :PK WND
================================================================================
1 2 3 4 5 6A 6B 7 8 9 10 11 12 13 14 15 16 17 18
12Z AVG MX 2MIN
DY MAX MIN AVG DEP HDD CDD WTR SNW DPTH SPD SPD DIR MIN PSBL S-S WX SPD DR
================================================================================
1 90 75 83 3 0 18 0.00 0.0 0 5.4 15 190 M M 2 13 21 190
2 92 74 83 3 0 18 0.00 0.0 0 6.6 16 170 M M 1 20 180
3 92 73 83 3 0 18 0.68 0.0 0 5.2 25 70 M M 1 3 39 80
4 92 72 82 2 0 17 0.00 0.0 0 5.6 10 350 M M 2 16 50
5 87 72 80 0 0 15 0.00 0.0 0 6.4 16 340 M M 2 3 21 350
6 89 76 83 2 0 18 0.00 0.0 0 8.7 17 180 M M 2 3 23 210
7 90 75 83 2 0 18 0.00 0.0 0 6.5 17 180 M M 0 21 170
8 92 78 85 4 0 20 0.00 0.0 0 9.7 20 200 M M 1 25 210
9 95 76 86 5 0 21 0.85 0.0 0 8.2 25 320 M M 2 13 35 310
10 91 72 82 1 0 17 0.91 0.0 0 5.5 39 330 M M 3 123 58 330
11 91 72 82 1 0 17 0.00 0.0 0 5.0 14 300 M M 2 19 290
12 89 76 83 1 0 18 T 0.0 0 6.5 21 230 M M 3 13 27 270
13 92 81 87 5 0 22 0.05 0.0 0 7.7 17 190 M M 2 8 22 210
14 93 74 84 2 0 19 1.15 0.0 0 8.1 24 10 M M 3 138 45 350
15 92 73 83 1 0 18 0.00 0.0 0 4.8 12 170 M M 0 15 160
16 93 81 87 5 0 22 0.00 0.0 0 5.8 13 190 M M 2 19 180
17 96 79 88 6 0 23 0.00 0.0 0 6.0 12 230 M M 1 16 190
18 100 81 91 9 0 26 0.00 0.0 0 8.0 17 350 M M 0 25 330
19 97 80 89 7 0 24 0.00 0.0 0 5.6 13 150 M M 1 18 330
20 91 81 86 4 0 21 0.00 0.0 0 9.3 17 140 M M 3 23 150
21 93 79 86 4 0 21 0.00 0.0 0 6.7 14 180 M M 2 21 190
22 100 78 89 6 0 24 0.00 0.0 0 7.7 16 350 M M 0 22 340
23 101 78 90 7 0 25 0.00 0.0 0 7.6 16 180 M M 1 23 220
24 98 78 88 5 0 23 0.86 0.0 0 4.1 20 360 M M 2 138 26 350
25 92 77 85 2 0 20 1.34 0.0 0 8.6 31 200 M M 4 13 39 210
26 88 78 83 0 0 18 0.02 0.0 0 5.9 15 110 M M 1 3 24 100
27 95 77 86 3 0 21 T 0.0 0 5.3 16 150 M M 3 21 160
28 92 75 84 1 0 19 0.08 0.0 0 7.1 17 110 M M 1 13 27 70
29 84 76 80 -3 0 15 0.61 0.0 0 6.9 14 130 M M 3 13 19 110
30 84 75 80 -3 0 15 0.84 0.0 0 5.7 15 130 M M 4 13 18 140
================================================================================
SM 2771 2292 0 591 7.39 0.0 200.2 M 54
================================================================================
AV 92.4 76.4 6.7 FASTST M M 2 MAX(MPH)
MISC ----> 39 330 58 330
================================================================================
NOTES:
# LAST OF SEVERAL OCCURRENCES
COLUMN 17 PEAK WIND IN M.P.H.
PRELIMINARY LOCAL CLIMATOLOGICAL DATA (WS FORM: F-6) , PAGE 2
STATION: PENSACOLA
MONTH: JUNE
YEAR: 2022
LATITUDE: 30 28 N
LONGITUDE: 87 12 W
[TEMPERATURE DATA] [PRECIPITATION DATA] SYMBOLS USED IN COLUMN 16
AVERAGE MONTHLY: 84.4 TOTAL FOR MONTH: 7.39 1 = FOG OR MIST
DPTR FM NORMAL: 2.7 DPTR FM NORMAL: 0.07 2 = FOG REDUCING VISIBILITY
HIGHEST: 101 ON 23 GRTST 24HR 2.04 ON 24-25 TO 1/4 MILE OR LESS
LOWEST: 72 ON 11,10 3 = THUNDER
SNOW, ICE PELLETS, HAIL 4 = ICE PELLETS
TOTAL MONTH: 0.0 INCH 5 = HAIL
GRTST 24HR 0.0 6 = FREEZING RAIN OR DRIZZLE
GRTST DEPTH: 0 7 = DUSTSTORM OR SANDSTORM:
VSBY 1/2 MILE OR LESS
8 = SMOKE OR HAZE
[NO. OF DAYS WITH] [WEATHER - DAYS WITH] 9 = BLOWING SNOW
X = TORNADO
MAX 32 OR BELOW: 0 0.01 INCH OR MORE: 11
MAX 90 OR ABOVE: 24 0.10 INCH OR MORE: 8
MIN 32 OR BELOW: 0 0.50 INCH OR MORE: 8
MIN 0 OR BELOW: 0 1.00 INCH OR MORE: 2
[HDD (BASE 65) ]
TOTAL THIS MO. 0 CLEAR (SCALE 0-3) 28
DPTR FM NORMAL 0 PTCLDY (SCALE 4-7) 2
TOTAL FM JUL 1 1013 CLOUDY (SCALE 8-10) 0
DPTR FM NORMAL -291
[CDD (BASE 65) ]
TOTAL THIS MO. 591
DPTR FM NORMAL 89 [PRESSURE DATA]
TOTAL FM JAN 1 1301 HIGHEST SLP M ON M
DPTR FM NORMAL 237 LOWEST SLP 29.72 ON 4
[REMARKS]
#FINAL-06-22#