000
CXUS51 KALY 011542
CLMPOU
CLIMATE REPORT
NATIONAL WEATHER SERVICE ALBANY NY
1142 AM EDT MON MAY 01 2023
...................................
...THE POUGHKEEPSIE NY CLIMATE SUMMARY FOR THE MONTH OF APRIL 2023...
CLIMATE NORMAL PERIOD: 1991 TO 2020
CLIMATE RECORD PERIOD: 1931 TO 2023
WEATHER OBSERVED NORMAL DEPART LAST YEAR`S
VALUE DATE(S) VALUE FROM VALUE DATE(S)
NORMAL
................................................................
TEMPERATURE (F)
RECORD
HIGH 94 04/18/1976
LOW 13 04/03/1954
HIGHEST 91 04/14 85 04/14
LOWEST 23 04/03 27 04/18
AVG. MAXIMUM 65.3 60.6 4.7 59.6
AVG. MINIMUM 40.6 37.5 3.1 37.3
MEAN 53.0 49.0 4.0 48.5
DAYS MAX >= 90 2 0.3 1.7 0
DAYS MAX <= 32 0 0.0 0.0 0
DAYS MIN <= 32 8 9.1 -1.1 8
DAYS MIN <= 0 0 0.0 0.0 0
PRECIPITATION (INCHES)
RECORD
MAXIMUM 8.51 1983
MINIMUM 0.78 1941
TOTALS 4.59 3.62 0.97 5.12
DAILY AVG. 0.15 0.17
DAYS >= .01 11 11.2 -0.2 13
DAYS >= .10 8 6.9 1.1 11
DAYS >= .50 4 1.6 2.4 2
DAYS >= 1.00 1 0.5 0.5 1
GREATEST
24 HR. TOTAL 1.45 04/22 TO 04/23
DEGREE DAYS
HEATING TOTAL 367 484 -117 491
SINCE 7/1 4937 5753 -816 5303
COOLING TOTAL 14 5 9 4
SINCE 1/1 14 5 9 4
................................................................
WIND (MPH)
AVERAGE WIND SPEED 5.4
HIGHEST WIND SPEED/DIRECTION 32/260 DATE 04/01
HIGHEST GUST SPEED/DIRECTION 46/250 DATE 04/01
SKY COVER
AVERAGE SKY COVER 0.46
AVERAGE RH (PERCENT) 63
WEATHER CONDITIONS. NUMBER OF DAYS WITH
THUNDERSTORM 3 MIXED PRECIP 0
HEAVY RAIN 3 RAIN 7
LIGHT RAIN 11 FREEZING RAIN 0
LT FREEZING RAIN 0 HAIL 0
HEAVY SNOW 0 SNOW 0
LIGHT SNOW 0 SLEET 0
FOG 14 FOG W/VIS <= 1/4 MILE 3
HAZE 4
- INDICATES NEGATIVE NUMBERS.
R INDICATES RECORD WAS SET OR TIED.
MM INDICATES DATA IS MISSING.
T INDICATES TRACE AMOUNT.
$$