000
CXUS56 KLOX 011255
CF6PRB
PRELIMINARY LOCAL CLIMATOLOGICAL DATA (WS FORM: F-6)
STATION: PASO ROBLES AIRPORT CA
MONTH: FEBRUARY
YEAR: 2023
LATITUDE: 35 40 N
LONGITUDE: 120 38 W
TEMPERATURE IN F: :PCPN: SNOW: WIND :SUNSHINE: SKY :PK WND
================================================================================
1 2 3 4 5 6A 6B 7 8 9 10 11 12 13 14 15 16 17 18
12Z AVG MX 2MIN
DY MAX MIN AVG DEP HDD CDD WTR SNW DPTH SPD SPD DIR MIN PSBL S-S WX SPD DR
================================================================================
1 63 28 46 -3 19 0 0.00 M M 2.0 9 120 M M 0 1 9 130
2 64 30 47 -2 18 0 0.00 M M 2.7 18 190 M M 0 23 190
3 65 39 52 3 13 0 0.00 M M 3.7 12 250 M M 1 14 230
4 67 36 52 3 13 0 0.05 M M 5.5 18 240 M M 6 1 20 230
5 59 43 51 2 14 0 0.07 M M 7.8 24 300 M M 4 1 30 300
6 57 33 45 -4 20 0 0.00 M M 4.6 16 80 M M 1 18 90
7 60 32 46 -3 19 0 0.00 M M 2.9 10 90 M M 0 1 14 80
8 64 33 49 0 16 0 0.00 M M 6.1 15 90 M M 0 1 19 110
9 71 34 53 3 12 0 0.00 M M 2.2 12 100 M M 0 1 14 100
10 67 35 51 1 14 0 0.00 M M 5.1 17 210 M M 1 128 22 300
11 53 32 43 -7 22 0 0.13 M M 6.6 16 290 M M 4 1 19 290
12 61 32 47 -3 18 0 0.00 M M 3.8 9 330 M M 2 12 13 330
13 57 32 45 -5 20 0 0.00 M M 8.4 20 210 M M 3 25 210
14 54 37 46 -4 19 0 T M M 13.1 29 330 M M 3 38 310
15 55 29 42 -8 23 0 0.00 M M 5.1 16 320 M M 0 21 320
16 61 26 44 -6 21 0 0.00 M M 2.7 12 210 M M 0 13 220
17 61 28 45 -5 20 0 0.00 M M 4.5 18 90 M M 0 21 70
18 63 25 44 -6 21 0 0.00 M M 4.4 13 90 M M 0 16 90
19 65 40 53 3 12 0 0.00 M M 4.6 14 100 M M 0 17 100
20 70 31 51 0 14 0 0.00 M M 2.3 8 90 M M 0 11 310
21 62 34 48 -3 17 0 0.00 M M 10.0 33 320 M M 1 8 43 320
22 51 33 42 -9 23 0 T M M 9.0 21 260 M M 3 25 270
23 49 34 42 -9 23 0 0.18 M M 8.8 20 160 M M 7 1 29 230
24 47 32 40 -11 25 0 1.80 M M 7.2 25 160 M M 10 1 35 160
25 47 33 40 -11 25 0 0.07 M M 1.8 12 210 M M 8 1 13 200
26 51 33 42 -9 23 0 0.02 M M 6.0 17 180 M M 7 1 23 170
27 52 38 45 -7 20 0 0.38 M M 9.2 26 210 M M 8 1 36 210
28 53 36 45 -7 20 0 0.15 M M 8.4 21 230 M M 8 1 28 220
================================================================================
SM 1649 928 524 0 2.85 M 158.5 M 77
================================================================================
AV 58.9 33.1 5.7 FASTST M M 3 MAX(MPH)
MISC ----> 33 320 43 320
================================================================================
NOTES:
# LAST OF SEVERAL OCCURRENCES
COLUMN 17 PEAK WIND IN M.P.H.
PRELIMINARY LOCAL CLIMATOLOGICAL DATA (WS FORM: F-6) , PAGE 2
STATION: PASO ROBLES AIRPORT CA
MONTH: FEBRUARY
YEAR: 2023
LATITUDE: 35 40 N
LONGITUDE: 120 38 W
[TEMPERATURE DATA] [PRECIPITATION DATA] SYMBOLS USED IN COLUMN 16
AVERAGE MONTHLY: 46.0 TOTAL FOR MONTH: 2.85 1 = FOG OR MIST
DPTR FM NORMAL: -4.1 DPTR FM NORMAL: 0.37 2 = FOG REDUCING VISIBILITY
HIGHEST: 71 ON 9 GRTST 24HR 1.80 ON 24-24 TO 1/4 MILE OR LESS
LOWEST: 25 ON 18 3 = THUNDER
SNOW, ICE PELLETS, HAIL 4 = ICE PELLETS
TOTAL MONTH: M 5 = HAIL
GRTST 24HR M ON M 6 = FREEZING RAIN OR DRIZZLE
GRTST DEPTH: M ON M 7 = DUSTSTORM OR SANDSTORM:
VSBY 1/2 MILE OR LESS
8 = SMOKE OR HAZE
[NO. OF DAYS WITH] [WEATHER - DAYS WITH] 9 = BLOWING SNOW
X = TORNADO
MAX 32 OR BELOW: 0 0.01 INCH OR MORE: 9
MAX 90 OR ABOVE: 0 0.10 INCH OR MORE: 5
MIN 32 OR BELOW: 12 0.50 INCH OR MORE: 1
MIN 0 OR BELOW: 0 1.00 INCH OR MORE: 1
[HDD (BASE 65) ]
TOTAL THIS MO. 524 CLEAR (SCALE 0-3) 17
DPTR FM NORMAL 107 PTCLDY (SCALE 4-7) 10
TOTAL FM JUL 1 2125 CLOUDY (SCALE 8-10) 1
DPTR FM NORMAL 95
[CDD (BASE 65) ]
TOTAL THIS MO. 0
DPTR FM NORMAL 0 [PRESSURE DATA]
TOTAL FM JAN 1 0 HIGHEST SLP 30.41 ON 6
DPTR FM NORMAL 0 LOWEST SLP 29.65 ON 24
[REMARKS]
#FINAL-02-23#