000
CXUS56 KFGZ 010910
CF6PRC
PRELIMINARY LOCAL CLIMATOLOGICAL DATA (WS FORM: F-6)
STATION: PRESCOTT AZ AIRPORT
MONTH: APRIL
YEAR: 2021
LATITUDE: 34 39 N
LONGITUDE: 112 26 W
TEMPERATURE IN F: :PCPN: SNOW: WIND :SUNSHINE: SKY :PK WND
================================================================================
1 2 3 4 5 6A 6B 7 8 9 10 11 12 13 14 15 16 17 18
12Z AVG MX 2MIN
DY MAX MIN AVG DEP HDD CDD WTR SNW DPTH SPD SPD DIR MIN PSBL S-S WX SPD DR
================================================================================
1 76 31 54 5 11 0 0.00 M M 6.9 20 130 M M 0 26 140
2 74 50 62 13 3 0 T M M 6.1 23 170 M M 4 3 36 170
3 79 42 61 11 4 0 0.00 M M 5.8 13 280 M M 0 17 270
4 81 44 63 13 2 0 0.00 M M 7.9 18 240 M M 0 24 240
5 77 45 61 11 4 0 0.00 M M 12.5 26 240 M M 0 34 240
6 72 41 57 7 8 0 0.00 M M 8.7 20 340 M M 0 25 270
7 75 34 55 5 10 0 0.00 M M 6.2 20 240 M M 0 24 250
8 74 52 63 12 2 0 0.00 M M 10.1 23 250 M M 0 32 240
9 74 38 56 5 9 0 0.00 M M 5.9 16 350 M M 0 22 310
10 75 37 56 5 9 0 0.00 M M 7.8 20 220 M M 0 26 230
11 76 40 58 7 7 0 0.00 M M 7.3 20 250 M M 0 25 250
12 74 47 61 9 4 0 0.00 M M 8.1 21 230 M M 0 26 230
13 69 49 59 7 6 0 0.00 M M 11.8 26 210 M M 0 37 200
14 68 46 57 5 8 0 0.00 M M 12.7 29 210 M M 0 40 210
15 64 42 53 1 12 0 0.00 M M 10.0 22 240 M M 0 30 240
16 65 33 49 -4 16 0 0.00 M M 4.9 17 250 M M 1 24 280
17 63 35 49 -4 16 0 0.00 M M 6.0 25 270 M M 4 36 270
18 64 32 48 -5 17 0 0.00 M M 7.2 21 50 M M 2 29 50
19 71 33 52 -1 13 0 0.00 M M 7.7 21 230 M M 0 27 250
20 73 47 60 6 5 0 0.00 M M 9.1 24 220 M M 0 30 230
21 68 47 58 4 7 0 0.00 M M 14.8 31 220 M M 0 43 190
22 65 42 54 0 11 0 0.00 M M 10.0 21 360 M M 3 29 240
23 68 39 54 -1 11 0 0.00 M M 10.3 23 250 M M 2 30 260
24 71 41 56 1 9 0 0.00 M M 10.1 25 210 M M 0 35 220
25 71 50 61 6 4 0 0.00 M M 11.9 28 200 M M 0 37 190
26 63 46 55 -1 10 0 0.00 M M 13.6 26 220 M M 1 35 230
27 53 38 46 -10 19 0 0.07 M M 8.6 18 10 M M 8 13 23 220
28 67 34 51 -5 14 0 0.00 M M 9.3 29 360 M M 4 36 360
29 78 40 59 3 6 0 0.00 M M 5.8 17 20 M M 0 24 20
30 84 43 64 7 1 0 0.00 M M 6.5 22 250 M M 0 27 250
================================================================================
SM 2132 1238 258 0 0.07 M 263.6 M 29
================================================================================
AV 71.1 41.3 8.8 FASTST M M 1 MAX(MPH)
MISC ----> 31 220 43 190
================================================================================
NOTES:
# LAST OF SEVERAL OCCURRENCES
COLUMN 17 PEAK WIND IN M.P.H.
PRELIMINARY LOCAL CLIMATOLOGICAL DATA (WS FORM: F-6) , PAGE 2
STATION: PRESCOTT AZ AIRPORT
MONTH: APRIL
YEAR: 2021
LATITUDE: 34 39 N
LONGITUDE: 112 26 W
[TEMPERATURE DATA] [PRECIPITATION DATA] SYMBOLS USED IN COLUMN 16
AVERAGE MONTHLY: 56.2 TOTAL FOR MONTH: 0.07 1 = FOG OR MIST
DPTR FM NORMAL: 3.5 DPTR FM NORMAL: -0.43 2 = FOG REDUCING VISIBILITY
HIGHEST: 84 ON 30 GRTST 24HR 0.07 ON 27-27 TO 1/4 MILE OR LESS
LOWEST: 31 ON 1 3 = THUNDER
SNOW, ICE PELLETS, HAIL 4 = ICE PELLETS
TOTAL MONTH: M 5 = HAIL
GRTST 24HR M ON M 6 = FREEZING RAIN OR DRIZZLE
GRTST DEPTH: M ON M 7 = DUSTSTORM OR SANDSTORM:
VSBY 1/2 MILE OR LESS
8 = SMOKE OR HAZE
[NO. OF DAYS WITH] [WEATHER - DAYS WITH] 9 = BLOWING SNOW
X = TORNADO
MAX 32 OR BELOW: 0 0.01 INCH OR MORE: 1
MAX 90 OR ABOVE: 0 0.10 INCH OR MORE: 0
MIN 32 OR BELOW: 2 0.50 INCH OR MORE: 0
MIN 0 OR BELOW: 0 1.00 INCH OR MORE: 0
[HDD (BASE 65) ]
TOTAL THIS MO. 258 CLEAR (SCALE 0-3) 26
DPTR FM NORMAL -114 PTCLDY (SCALE 4-7) 4
TOTAL FM JUL 1 3877 CLOUDY (SCALE 8-10) 0
DPTR FM NORMAL -241
[CDD (BASE 65) ]
TOTAL THIS MO. 0
DPTR FM NORMAL -2 [PRESSURE DATA]
TOTAL FM JAN 1 0 HIGHEST SLP M ON M
DPTR FM NORMAL -2 LOWEST SLP 29.56 ON 21
[REMARKS]
#FINAL-04-21#