000
CXUS54 KFWD 010831
CF6PRX
PRELIMINARY LOCAL CLIMATOLOGICAL DATA (WS FORM: F-6)
STATION: PARIS
MONTH: NOVEMBER
YEAR: 2021
LATITUDE: 33 37 N
LONGITUDE: 95 27 W
TEMPERATURE IN F: :PCPN: SNOW: WIND :SUNSHINE: SKY :PK WND
================================================================================
1 2 3 4 5 6A 6B 7 8 9 10 11 12 13 14 15 16 17 18
12Z AVG MX 2MIN
DY MAX MIN AVG DEP HDD CDD WTR SNW DPTH SPD SPD DIR MIN PSBL S-S WX SPD DR
================================================================================
1 74 49 62 2 3 0 T M M 9.2 14 140 M M 0 M M
2 58 45 52 -8 13 0 0.32 M M 10.0 17 70 M M 10 1 M M
3 46 43 45 -15 20 0 1.11 M M 10.5 15 70 M M 10 1 20 80
4 58 39 49 -10 16 0 0.00 M M 4.2 9 60 M M 5 M M
5 59 35 47 -12 18 0 0.00 M M 4.0 8 110 M M 1 M M
6 64 35 50 -8 15 0 0.00 M M 4.3 7 100 M M 0 8 M M
7 72 38 55 -3 10 0 0.00 M M 7.1 13 160 M M 0 1 M M
8 75 41 58 0 7 0 0.00 M M 8.1 12 160 M M 0 1 16 200
9 74 49 62 5 3 0 0.00 M M 8.8 16 170 M M 0 20 220
10 72 54 63 6 2 0 1.64 M M 10.8 29 320 M M 9 13 39 330
11 64 42 53 -3 12 0 T M M 9.0 17 330 M M 2 12 21 360
12 66 40 53 -3 12 0 0.00 M M 8.3 21 320 M M 1 8 30 310
13 60 34 47 -9 18 0 0.00 M M 6.4 10 310 M M 0 M M
14 68 38 53 -2 12 0 0.00 M M 4.7 8 20 M M 0 M M
15 74 42 58 3 7 0 0.00 M M 5.0 8 140 M M 0 M M
16 76 56 66 12 0 1 0.00 M M 15.5 24 180 M M 2 32 180
17 80 54 67 13 0 2 0.00 M M 17.2 27 200 M M 7 36 210
18 60 38 49 -5 16 0 0.00 M M 11.8 18 350 M M 2 24 40
19 59 33 46 -7 19 0 0.00 M M 8.2 12 130 M M 0 8 18 130
20 74 38 56 3 9 0 0.00 M M 10.7 17 180 M M 2 25 170
21 69 48 59 7 6 0 0.00 M M 10.8 21 340 M M 8 27 340
22 64 37 51 -1 14 0 0.00 M M 5.3 10 340 M M 0 M M
23 70 38 54 3 11 0 0.00 M M 8.3 15 170 M M 0 16 170
24 70 45 58 7 7 0 0.10 M M 9.7 16 150 M M 6 18 160
25 64 35 50 -1 15 0 0.02 M M 14.0 24 340 M M 4 35 340
26 57 29 43 -7 22 0 0.00 M M 5.5 9 340 M M 0 M M
27 53 33 43 -7 22 0 0.03 M M 6.5 13 220 M M 5 1 M M
28 65 42 54 5 11 0 0.00 M M 7.3 16 340 M M 3 1 23 350
29 70 36 53 4 12 0 0.00 M M 5.6 12 200 M M 0 M M
30 76 41 59 10 6 0 0.00 M M 7.3 10 190 M M 0 M M
================================================================================
SM 1991 1227 338 3 3.22 M 253.9 M 77
================================================================================
AV 66.4 40.9 8.5 FASTST M M 3 MAX(MPH)
MISC ----> 29 320 39 330
================================================================================
NOTES:
# LAST OF SEVERAL OCCURRENCES
COLUMN 17 PEAK WIND IN M.P.H.
PRELIMINARY LOCAL CLIMATOLOGICAL DATA (WS FORM: F-6) , PAGE 2
STATION: PARIS
MONTH: NOVEMBER
YEAR: 2021
LATITUDE: 33 37 N
LONGITUDE: 95 27 W
[TEMPERATURE DATA] [PRECIPITATION DATA] SYMBOLS USED IN COLUMN 16
AVERAGE MONTHLY: 53.6 TOTAL FOR MONTH: 3.22 1 = FOG OR MIST
DPTR FM NORMAL: -1.0 DPTR FM NORMAL: -1.46 2 = FOG REDUCING VISIBILITY
HIGHEST: 80 ON 17 GRTST 24HR 1.64 ON 10-10 TO 1/4 MILE OR LESS
LOWEST: 29 ON 26 3 = THUNDER
SNOW, ICE PELLETS, HAIL 4 = ICE PELLETS
TOTAL MONTH: M 5 = HAIL
GRTST 24HR M ON M 6 = FREEZING RAIN OR DRIZZLE
GRTST DEPTH: M ON M 7 = DUSTSTORM OR SANDSTORM:
VSBY 1/2 MILE OR LESS
8 = SMOKE OR HAZE
[NO. OF DAYS WITH] [WEATHER - DAYS WITH] 9 = BLOWING SNOW
X = TORNADO
MAX 32 OR BELOW: 0 0.01 INCH OR MORE: 6
MAX 90 OR ABOVE: 0 0.10 INCH OR MORE: 4
MIN 32 OR BELOW: 1 0.50 INCH OR MORE: 2
MIN 0 OR BELOW: 0 1.00 INCH OR MORE: 2
[HDD (BASE 65) ]
TOTAL THIS MO. 338 CLEAR (SCALE 0-3) 20
DPTR FM NORMAL 5 PTCLDY (SCALE 4-7) 7
TOTAL FM JUL 1 380 CLOUDY (SCALE 8-10) 3
DPTR FM NORMAL -54
[CDD (BASE 65) ]
TOTAL THIS MO. 3
DPTR FM NORMAL -16 [PRESSURE DATA]
TOTAL FM JAN 1 1928 HIGHEST SLP 30.57 ON 19
DPTR FM NORMAL -611 LOWEST SLP 29.80 ON 10
[REMARKS]
#FINAL-11-21#