000
CXUS54 KFWD 010832
CF6PRX
PRELIMINARY LOCAL CLIMATOLOGICAL DATA (WS FORM: F-6)
STATION: PARIS
MONTH: NOVEMBER
YEAR: 2023
LATITUDE: 33 37 N
LONGITUDE: 95 27 W
TEMPERATURE IN F: :PCPN: SNOW: WIND :SUNSHINE: SKY :PK WND
================================================================================
1 2 3 4 5 6A 6B 7 8 9 10 11 12 13 14 15 16 17 18
12Z AVG MX 2MIN
DY MAX MIN AVG DEP HDD CDD WTR SNW DPTH SPD SPD DIR MIN PSBL S-S WX SPD DR
================================================================================
1 54 29 42 -18 23 0 0.00 M M 4.7 10 110 M M 0 M M
2 61 30 46 -14 19 0 0.00 M M 7.7 14 140 M M 0 M M
3 72 37 55 -5 10 0 0.00 M M 8.8 14 220 M M 0 20 220
4 76 46 61 2 4 0 0.00 M M 7.0 14 210 M M 2 21 190
5 80 56 68 9 0 3 0.00 M M 8.2 14 180 M M 5 17 180
6 81 59 70 12 0 5 0.00 M M 12.0 21 200 M M 1 28 200
7 85 58 72 14 0 7 0.00 M M 10.4 17 190 M M 0 23 180
8 82 65 74 16 0 9 0.00 M M 12.4 21 200 M M 3 28 200
9 67 51 59 2 6 0 0.50 M M 9.8 15 360 M M 9 1 21 40
10 64 50 57 0 8 0 0.01 M M 9.4 15 50 M M 5 8 21 50
11 66 48 57 1 8 0 0.00 M M 7.9 18 80 M M 6 8 24 90
12 65 44 55 -1 10 0 0.00 M M 4.8 9 120 M M 1 8 M M
13 70 47 59 3 6 0 0.00 M M 6.9 12 40 M M 0 M M
14 71 46 59 4 6 0 0.00 M M 5.0 8 90 M M 1 8 M M
15 72 44 58 3 7 0 0.00 M M 6.5 12 100 M M 1 M M
16 66 56 61 7 4 0 0.00 M M 7.6 12 150 M M 10 1 M M
17 61 58 60 6 5 0 0.00 M M 5.3 8 20 M M 10 1 M M
18 71 49 60 6 5 0 0.00 M M 4.9 9 340 M M 1 M M
19 69 46 58 5 7 0 0.05 M M 9.7 18 150 M M 4 8 22 160
20 77 52 65 12 0 0 T M M 14.2 24 340 M M 8 33 350
21 58 40 49 -3 16 0 0.00 M M 15.3 23 330 M M 8 31 340
22 55 34 45 -7 20 0 0.00 M M 5.6 12 320 M M 0 M M
23 63 32 48 -3 17 0 0.00 M M 5.8 9 110 M M 0 M M
24 62 35 49 -2 16 0 0.00 M M 4.2 9 100 M M 0 M M
25 60 38 49 -2 16 0 0.10 M M 7.7 12 100 M M 2 M M
26 50 34 42 -8 23 0 0.01 M M 10.6 18 300 M M 4 1 25 310
27 53 25 39 -11 26 0 0.00 M M 3.9 10 330 M M 0 M M
28 62 31 47 -2 18 0 0.00 M M 5.4 10 210 M M 0 M M
29 65 34 50 1 15 0 0.00 M M 7.4 14 200 M M 2 M M
30 55 48 52 3 13 0 1.45 M M 9.6 15 120 M M 8 13 M M
================================================================================
SM 1993 1322 308 24 2.12 M 238.7 M 91
================================================================================
AV 66.4 44.1 8.0 FASTST M M 3 MAX(MPH)
MISC ----> 24 340 33 350
================================================================================
NOTES:
# LAST OF SEVERAL OCCURRENCES
COLUMN 17 PEAK WIND IN M.P.H.
PRELIMINARY LOCAL CLIMATOLOGICAL DATA (WS FORM: F-6) , PAGE 2
STATION: PARIS
MONTH: NOVEMBER
YEAR: 2023
LATITUDE: 33 37 N
LONGITUDE: 95 27 W
[TEMPERATURE DATA] [PRECIPITATION DATA] SYMBOLS USED IN COLUMN 16
AVERAGE MONTHLY: 55.3 TOTAL FOR MONTH: 2.12 1 = FOG OR MIST
DPTR FM NORMAL: 0.7 DPTR FM NORMAL: -2.56 2 = FOG REDUCING VISIBILITY
HIGHEST: 85 ON 7 GRTST 24HR 1.45 ON 30-30 TO 1/4 MILE OR LESS
LOWEST: 25 ON 27 3 = THUNDER
SNOW, ICE PELLETS, HAIL 4 = ICE PELLETS
TOTAL MONTH: M 5 = HAIL
GRTST 24HR M ON M 6 = FREEZING RAIN OR DRIZZLE
GRTST DEPTH: M ON M 7 = DUSTSTORM OR SANDSTORM:
VSBY 1/2 MILE OR LESS
8 = SMOKE OR HAZE
[NO. OF DAYS WITH] [WEATHER - DAYS WITH] 9 = BLOWING SNOW
X = TORNADO
MAX 32 OR BELOW: 0 0.01 INCH OR MORE: 6
MAX 90 OR ABOVE: 0 0.10 INCH OR MORE: 3
MIN 32 OR BELOW: 5 0.50 INCH OR MORE: 2
MIN 0 OR BELOW: 0 1.00 INCH OR MORE: 1
[HDD (BASE 65) ]
TOTAL THIS MO. 308 CLEAR (SCALE 0-3) 19
DPTR FM NORMAL -25 PTCLDY (SCALE 4-7) 8
TOTAL FM JUL 1 419 CLOUDY (SCALE 8-10) 3
DPTR FM NORMAL -15
[CDD (BASE 65) ]
TOTAL THIS MO. 24
DPTR FM NORMAL 5 [PRESSURE DATA]
TOTAL FM JAN 1 2643 HIGHEST SLP 30.56 ON 1
DPTR FM NORMAL 104 LOWEST SLP 29.64 ON 20
[REMARKS]
#FINAL-11-23#