000
CXUS56 KPDT 011810
CF6PSC
PRELIMINARY LOCAL CLIMATOLOGICAL DATA (WS FORM: F-6)
STATION: PASCO WA
MONTH: APRIL
YEAR: 2022
LATITUDE: 46 16 N
LONGITUDE: 119 7 W
TEMPERATURE IN F: :PCPN: SNOW: WIND :SUNSHINE: SKY :PK WND
================================================================================
1 2 3 4 5 6A 6B 7 8 9 10 11 12 13 14 15 16 17 18
12Z AVG MX 2MIN
DY MAX MIN AVG DEP HDD CDD WTR SNW DPTH SPD SPD DIR MIN PSBL S-S WX SPD DR
================================================================================
1 63 30 47 -3 18 0 0.07 M M 5.7 21 280 M M 2 27 290
2 65 39 52 2 13 0 0.10 M M 10.2 22 210 M M 2 27 210
3 65 34 50 0 15 0 0.00 M M 8.0 25 230 M M 1 33 220
4 62 42 52 2 13 0 T M M 23.1 46 250 M M 5 8 61 240
5 63 34 49 -1 16 0 0.00 M M 12.4 28 270 M M 1 36 270
6 64 26 45 -5 20 0 0.00 M M 2.7 12 60 M M 0 18 30
7 71 31 51 0 14 0 0.00 M M 4.2 10 20 M M 0 8 15 320
8 70 39 55 4 10 0 0.00 M M 14.9 33 270 M M 2 46 270
9 61 38 50 -1 15 0 0.00 M M 13.5 33 280 M M 1 43 270
10 54 36 45 -6 20 0 0.03 M M 6.6 22 270 M M 7 29 260
11 45 34 40 -12 25 0 0.41 M M 12.0 33 60 M M 10 1 41 50
12 50 33 42 -10 23 0 0.03 M M 3.5 20 210 M M 5 18 24 210
13 50 33 42 -10 23 0 T M M 5.8 17 270 M M 7 22 260
14 48 31 40 -12 25 0 0.11 M M 6.7 18 320 M M 6 1 23 310
15 54 32 43 -9 22 0 0.00 M M 4.2 14 170 M M 5 16 170
16 46 34 40 -13 25 0 0.32 M M 9.6 18 300 M M 7 1 23 280
17 59 35 47 -6 18 0 0.00 M M 6.9 15 230 M M 1 21 170
18 59 39 49 -4 16 0 0.01 M M 9.4 29 260 M M 5 39 260
19 60 41 51 -2 14 0 0.00 M M 11.8 22 230 M M 2 29 210
20 63 32 48 -6 17 0 0.24 M M 5.2 35 290 M M 4 1 45 290
21 65 38 52 -2 13 0 0.06 M M 8.5 20 230 M M 4 28 230
22 68 32 50 -4 15 0 0.00 M M 5.3 23 290 M M 0 29 280
23 69 35 52 -2 13 0 0.00 M M 4.5 14 230 M M 0 19 150
24 73 34 54 -1 11 0 0.00 M M 2.8 9 40 M M 0 13 10
25 70 42 56 1 9 0 0.01 M M 8.5 20 240 M M 3 27 240
26 66 48 57 2 8 0 0.00 M M 13.2 29 240 M M 5 37 230
27 63 42 53 -3 12 0 0.00 M M 5.5 17 220 M M 4 22 220
28 65 37 51 -5 14 0 T M M 4.8 21 270 M M 5 25 240
29 68 44 56 0 9 0 0.00 M M 8.9 15 200 M M 3 27 200
30 58 49 54 -3 11 0 0.54 M M 5.3 15 310 M M 10 1 18 300
================================================================================
SM 1837 1094 477 0 1.93 M 243.7 M 107
================================================================================
AV 61.2 36.5 8.1 FASTST M M 4 MAX(MPH)
MISC ----> 46 250 61 240
================================================================================
NOTES:
# LAST OF SEVERAL OCCURRENCES
COLUMN 17 PEAK WIND IN M.P.H.
PRELIMINARY LOCAL CLIMATOLOGICAL DATA (WS FORM: F-6) , PAGE 2
STATION: PASCO WA
MONTH: APRIL
YEAR: 2022
LATITUDE: 46 16 N
LONGITUDE: 119 7 W
[TEMPERATURE DATA] [PRECIPITATION DATA] SYMBOLS USED IN COLUMN 16
AVERAGE MONTHLY: 48.9 TOTAL FOR MONTH: 1.93 1 = FOG OR MIST
DPTR FM NORMAL: -3.9 DPTR FM NORMAL: 1.27 2 = FOG REDUCING VISIBILITY
HIGHEST: 73 ON 24 GRTST 24HR 0.54 ON 30-30 TO 1/4 MILE OR LESS
LOWEST: 26 ON 6 3 = THUNDER
SNOW, ICE PELLETS, HAIL 4 = ICE PELLETS
TOTAL MONTH: M 5 = HAIL
GRTST 24HR M ON M 6 = FREEZING RAIN OR DRIZZLE
GRTST DEPTH: M ON M 7 = DUSTSTORM OR SANDSTORM:
VSBY 1/2 MILE OR LESS
8 = SMOKE OR HAZE
[NO. OF DAYS WITH] [WEATHER - DAYS WITH] 9 = BLOWING SNOW
X = TORNADO
MAX 32 OR BELOW: 0 0.01 INCH OR MORE: 12
MAX 90 OR ABOVE: 0 0.10 INCH OR MORE: 6
MIN 32 OR BELOW: 7 0.50 INCH OR MORE: 1
MIN 0 OR BELOW: 0 1.00 INCH OR MORE: 0
[HDD (BASE 65) ]
TOTAL THIS MO. 477 CLEAR (SCALE 0-3) 15
DPTR FM NORMAL 106 PTCLDY (SCALE 4-7) 13
TOTAL FM JUL 1 4464 CLOUDY (SCALE 8-10) 2
DPTR FM NORMAL -363
[CDD (BASE 65) ]
TOTAL THIS MO. 0
DPTR FM NORMAL -2 [PRESSURE DATA]
TOTAL FM JAN 1 0 HIGHEST SLP 30.60 ON 6
DPTR FM NORMAL -2 LOWEST SLP 29.31 ON 11
[REMARKS]
#FINAL-04-22#