000
CXUS56 KPDT 011910
CF6PSC
PRELIMINARY LOCAL CLIMATOLOGICAL DATA (WS FORM: F-6)
STATION: PASCO WA
MONTH: FEBRUARY
YEAR: 2022
LATITUDE: 46 16 N
LONGITUDE: 119 7 W
TEMPERATURE IN F: :PCPN: SNOW: WIND :SUNSHINE: SKY :PK WND
================================================================================
1 2 3 4 5 6A 6B 7 8 9 10 11 12 13 14 15 16 17 18
12Z AVG MX 2MIN
DY MAX MIN AVG DEP HDD CDD WTR SNW DPTH SPD SPD DIR MIN PSBL S-S WX SPD DR
================================================================================
1 49 22 36 0 29 0 T M M 5.4 20 260 M M 4 24 250
2 36 22 29 -7 36 0 T M M 3.9 13 340 M M 9 20 350
3 41 26 34 -2 31 0 0.00 M M 2.6 9 350 M M 6 18 12 360
4 46 23 35 -1 30 0 0.00 M M 5.2 25 240 M M 1 1 34 240
5 55 29 42 5 23 0 0.00 M M 5.5 21 260 M M 0 30 260
6 49 25 37 0 28 0 0.00 M M 3.0 9 330 M M 0 18 11 330
7 62 24 43 6 22 0 0.00 M M 5.3 22 250 M M 0 1 31 240
8 57 26 42 5 23 0 T M M 2.7 13 180 M M 2 16 190
9 65 32 49 12 16 0 0.00 M M 3.8 12 20 M M 0 14 20
10 69 31 50 13 15 0 0.00 M M 6.0 21 10 M M 0 1 26 10
11 57 26 42 4 23 0 0.00 M M 4.6 15 310 M M 0 1 19 330
12 53 21 37 -1 28 0 0.00 M M 4.6 13 10 M M 0 17 20
13 52 21 37 -1 28 0 0.00 M M 2.7 8 340 M M 0 10 120
14 55 30 43 5 22 0 T M M 4.2 22 220 M M 5 29 220
15 58 35 47 9 18 0 0.00 M M 5.3 15 220 M M 6 20 230
16 59 27 43 5 22 0 0.00 M M 5.9 23 330 M M 2 31 330
17 54 28 41 2 24 0 0.00 M M 7.9 18 210 M M 1 23 200
18 64 27 46 7 19 0 0.00 M M 2.2 9 350 M M 0 12 190
19 57 30 44 5 21 0 0.00 M M 13.9 29 230 M M 0 39 220
20 56 35 46 7 19 0 0.02 M M 10.0 23 230 M M 5 30 220
21 44 26 35 -5 30 0 0.02 M M 11.2 28 20 M M 9 1 39 20
22 32 16 24 -16 41 0 0.00 M M 17.0 28 20 M M 1 36 20
23 31 9 20 -20 45 0 0.00 M M 5.3 13 180 M M 1 17 360
24 31 17 24 -16 41 0 0.03 M M 5.7 13 290 M M 7 1 16 270
25 39 10 25 -16 40 0 0.00 M M 2.8 15 310 M M 0 17 320
26 44 14 29 -12 36 0 0.00 M M 3.1 12 300 M M 1 17 360
27 54 30 42 1 23 0 0.08 M M 3.6 13 120 M M 8 16 130
28 66 39 53 11 12 0 0.01 M M 6.5 24 230 M M 9 41 200
================================================================================
SM 1435 701 745 0 0.16 M 159.9 M 77
================================================================================
AV 51.3 25.0 5.7 FASTST M M 3 MAX(MPH)
MISC ----> 29 230 41 200
================================================================================
NOTES:
# LAST OF SEVERAL OCCURRENCES
COLUMN 17 PEAK WIND IN M.P.H.
PRELIMINARY LOCAL CLIMATOLOGICAL DATA (WS FORM: F-6) , PAGE 2
STATION: PASCO WA
MONTH: FEBRUARY
YEAR: 2022
LATITUDE: 46 16 N
LONGITUDE: 119 7 W
[TEMPERATURE DATA] [PRECIPITATION DATA] SYMBOLS USED IN COLUMN 16
AVERAGE MONTHLY: 38.1 TOTAL FOR MONTH: 0.16 1 = FOG OR MIST
DPTR FM NORMAL: -0.3 DPTR FM NORMAL: -0.47 2 = FOG REDUCING VISIBILITY
HIGHEST: 69 ON 10 GRTST 24HR 0.09 ON 27-28 TO 1/4 MILE OR LESS
LOWEST: 9 ON 23 3 = THUNDER
SNOW, ICE PELLETS, HAIL 4 = ICE PELLETS
TOTAL MONTH: M 5 = HAIL
GRTST 24HR M ON M 6 = FREEZING RAIN OR DRIZZLE
GRTST DEPTH: M ON M 7 = DUSTSTORM OR SANDSTORM:
VSBY 1/2 MILE OR LESS
8 = SMOKE OR HAZE
[NO. OF DAYS WITH] [WEATHER - DAYS WITH] 9 = BLOWING SNOW
X = TORNADO
MAX 32 OR BELOW: 3 0.01 INCH OR MORE: 5
MAX 90 OR ABOVE: 0 0.10 INCH OR MORE: 0
MIN 32 OR BELOW: 25 0.50 INCH OR MORE: 0
MIN 0 OR BELOW: 0 1.00 INCH OR MORE: 0
[HDD (BASE 65) ]
TOTAL THIS MO. 745 CLEAR (SCALE 0-3) 18
DPTR FM NORMAL 0 PTCLDY (SCALE 4-7) 7
TOTAL FM JUL 1 3525 CLOUDY (SCALE 8-10) 3
DPTR FM NORMAL -337
[CDD (BASE 65) ]
TOTAL THIS MO. 0
DPTR FM NORMAL 0 [PRESSURE DATA]
TOTAL FM JAN 1 0 HIGHEST SLP 30.65 ON 25
DPTR FM NORMAL 0 LOWEST SLP 29.81 ON 14
[REMARKS]
#FINAL-02-22#