000
CXUS56 KPDT 011910
CF6PSC
PRELIMINARY LOCAL CLIMATOLOGICAL DATA (WS FORM: F-6)
STATION: PASCO WA
MONTH: OCTOBER
YEAR: 2020
LATITUDE: 46 16 N
LONGITUDE: 119 7 W
TEMPERATURE IN F: :PCPN: SNOW: WIND :SUNSHINE: SKY :PK WND
================================================================================
1 2 3 4 5 6A 6B 7 8 9 10 11 12 13 14 15 16 17 18
12Z AVG MX 2MIN
DY MAX MIN AVG DEP HDD CDD WTR SNW DPTH SPD SPD DIR MIN PSBL S-S WX SPD DR
================================================================================
1 80 45 63 5 2 0 0.00 M M 2.7 8 10 M M 1 1 8 10
2 82 46 64 7 1 0 0.00 M M 2.1 9 30 M M 0 1 26 90
3 82 46 64 7 1 0 0.00 M M 2.0 7 360 M M 0 1 8 330
4 87 46 67 11 0 2 0.00 M M 4.4 12 200 M M 0 1 15 170
5 84 45 65 9 0 0 0.00 M M 2.5 8 340 M M 0 9 150
6 90 48 69 13 0 4 0.00 M M 1.6 8 340 M M 0 18 8 340
7 83 47 65 10 0 0 0.00 M M 2.7 8 130 M M 0 18 11 330
8 85 51 68 13 0 3 0.00 M M 6.9 16 210 M M 1 19 210
9 84 51 68 14 0 3 0.00 M M 6.3 18 210 M M 0 23 210
10 68 54 61 7 4 0 0.15 M M 11.9 29 220 M M 4 36 240
11 67 53 60 6 5 0 T M M 16.1 25 230 M M 6 33 220
12 73 46 60 7 5 0 0.00 M M 9.7 24 240 M M 1 32 220
13 72 46 59 6 6 0 0.04 M M 13.9 37 270 M M 5 78 46 270
14 69 43 56 4 9 0 0.00 M M 10.7 25 240 M M 0 31 240
15 65 35 50 -2 15 0 0.00 M M 3.2 8 140 M M 1 10 220
16 75 40 58 6 7 0 0.00 M M 10.1 29 240 M M 2 8 37 230
17 70 51 61 10 4 0 T M M 6.1 17 300 M M 3 22 300
18 73 55 64 13 1 0 T M M 15.0 32 230 M M 5 78 40 230
19 73 51 62 11 3 0 0.00 M M 9.6 23 220 M M 1 78 28 220
20 64 43 54 4 11 0 0.00 M M 3.2 13 330 M M 4 8 14 320
21 62 35 49 -1 16 0 T M M 7.2 25 320 M M 3 31 310
22 56 26 41 -9 24 0 0.00 M M 2.4 9 350 M M 0 18 10 350
23 47 22 35 -14 30 0 0.07 M M 6.9 17 150 M M 6 18 21 150
24 46 29 38 -11 27 0 T M M 12.1 22 20 M M 5 1 26 10
25 43 17 30 -19 35 0 0.00 M M 7.5 20 360 M M 0 8 23 360
26 45 18 32 -16 33 0 0.00 M M 2.8 9 110 M M 2 10 110
27 50 20 35 -13 30 0 0.00 M M 2.3 7 10 M M 0 8 8 340
28 60 25 43 -5 22 0 0.00 M M 3.5 9 310 M M 0 1 11 320
29 68 27 48 1 17 0 0.00 M M 2.5 7 350 M M 0 18 8 350
30 70 33 52 5 13 0 T M M 12.2 32 230 M M 1 178 39 230
31 61 27 44 -3 21 0 0.00 M M 2.5 9 350 M M 0 9 350
================================================================================
SM 2134 1221 342 12 0.26 M 202.6 M 51
================================================================================
AV 68.8 39.4 6.5 FASTST M M 2 MAX(MPH)
MISC ----> 37 270 46 270
================================================================================
NOTES:
# LAST OF SEVERAL OCCURRENCES
COLUMN 17 PEAK WIND IN M.P.H.
PRELIMINARY LOCAL CLIMATOLOGICAL DATA (WS FORM: F-6) , PAGE 2
STATION: PASCO WA
MONTH: OCTOBER
YEAR: 2020
LATITUDE: 46 16 N
LONGITUDE: 119 7 W
[TEMPERATURE DATA] [PRECIPITATION DATA] SYMBOLS USED IN COLUMN 16
AVERAGE MONTHLY: 54.1 TOTAL FOR MONTH: 0.26 1 = FOG OR MIST
DPTR FM NORMAL: 2.2 DPTR FM NORMAL: -0.39 2 = FOG REDUCING VISIBILITY
HIGHEST: 90 ON 6 GRTST 24HR 0.15 ON 10-10 TO 1/4 MILE OR LESS
LOWEST: 17 ON 25 3 = THUNDER
SNOW, ICE PELLETS, HAIL 4 = ICE PELLETS
TOTAL MONTH: M 5 = HAIL
GRTST 24HR M ON M 6 = FREEZING RAIN OR DRIZZLE
GRTST DEPTH: M ON M 7 = DUSTSTORM OR SANDSTORM:
VSBY 1/2 MILE OR LESS
8 = SMOKE OR HAZE
[NO. OF DAYS WITH] [WEATHER - DAYS WITH] 9 = BLOWING SNOW
X = TORNADO
MAX 32 OR BELOW: 0 0.01 INCH OR MORE: 3
MAX 90 OR ABOVE: 1 0.10 INCH OR MORE: 1
MIN 32 OR BELOW: 9 0.50 INCH OR MORE: 0
MIN 0 OR BELOW: 0 1.00 INCH OR MORE: 0
[HDD (BASE 65) ]
TOTAL THIS MO. 342 CLEAR (SCALE 0-3) 24
DPTR FM NORMAL -65 PTCLDY (SCALE 4-7) 7
TOTAL FM JUL 1 384 CLOUDY (SCALE 8-10) 0
DPTR FM NORMAL -133
[CDD (BASE 65) ]
TOTAL THIS MO. 12
DPTR FM NORMAL 11 [PRESSURE DATA]
TOTAL FM JAN 1 1006 HIGHEST SLP 30.68 ON 25
DPTR FM NORMAL 296 LOWEST SLP 29.59 ON 10
[REMARKS]
#FINAL-10-20#