000
CXUS55 KALY 010810
CF6PSF
PRELIMINARY LOCAL CLIMATOLOGICAL DATA (WS FORM: F-6)
STATION: PITTSFIELD MA
MONTH: NOVEMBER
YEAR: 2022
LATITUDE: 42 25 N
LONGITUDE: 73 18 W
TEMPERATURE IN F: :PCPN: SNOW: WIND :SUNSHINE: SKY :PK WND
================================================================================
1 2 3 4 5 6A 6B 7 8 9 10 11 12 13 14 15 16 17 18
12Z AVG MX 2MIN
DY MAX MIN AVG DEP HDD CDD WTR SNW DPTH SPD SPD DIR MIN PSBL S-S WX SPD DR
================================================================================
1 63 52 58 15 7 0 0.12 M M 5.9 17 290 M M 8 1 25 290
2 66 39 53 11 12 0 0.00 M M 4.3 14 280 M M 1 17 290
3 65 33 49 7 16 0 0.00 M M 2.6 14 240 M M 0 1 17 240
4 67 34 51 9 14 0 0.00 M M 5.5 17 210 M M 0 1 24 220
5 71 60 66 25 0 1 0.00 M M 10.0 21 190 M M 5 31 190
6 67 64 66 25 0 1 0.18 M M 13.4 22 220 M M 8 1 34 200
7 67 44 56 15 9 0 0.09 M M 13.0 25 290 M M 3 1 37 300
8 50 30 40 0 25 0 0.00 M M 7.9 20 320 M M 0 31 330
9 51 23 37 -3 28 0 0.00 M M 2.3 10 200 M M 0 14 190
10 61 28 45 5 20 0 0.00 M M 4.4 15 240 M M 0 19 230
11 68 46 57 18 8 0 0.55 M M 5.9 21 180 M M 8 1 30 140
12 68 45 57 18 8 0 0.56 M M 10.9 40 260 M M 9 1 54 270
13 47 32 40 1 25 0 0.04 M M 10.3 23 280 M M 8 1 31 300
14 37 25 31 -7 34 0 0.00 M M 11.2 22 320 M M 3 34 300
15 36 19 28 -10 37 0 0.20 M M 2.7 9 50 M M 3 16 13 50
16 38 31 35 -3 30 0 0.32 M M 8.4 20 280 M M 9 16 27 300
17 38 30 34 -3 31 0 0.03 M M 12.6 28 290 M M 9 18 38 280
18 38 25 32 -5 33 0 0.00 M M 7.9 18 250 M M 7 24 250
19 35 20 28 -9 37 0 0.00 M M 4.8 15 230 M M 1 21 240
20 30 22 26 -10 39 0 T M M 14.2 31 270 M M 6 1 43 280
21 35 14 25 -11 40 0 T M M 9.3 22 220 M M 2 1 32 210
22 43 25 34 -2 31 0 0.00 M M 5.9 15 260 M M 2 22 280
23 44 24 34 -1 31 0 0.00 M M 5.6 18 280 M M 2 25 320
24 46 22 34 -1 31 0 0.00 M M 2.0 13 230 M M 0 16 230
25 46 29 38 3 27 0 0.11 M M 13.5 26 280 M M 7 1 39 290
26 47 33 40 6 25 0 0.00 M M 9.8 22 300 M M 5 33 290
27 48 27 38 4 27 0 0.76 M M 2.0 18 290 M M 5 1 23 290
28 47 32 40 6 25 0 0.02 M M 11.5 24 280 M M 9 18 39 280
29 37 24 31 -2 34 0 0.00 M M 4.1 12 320 M M 7 16 340
30 54 24 39 6 26 0 0.73 M M 11.9 25 300 M M 9 1 39 140
================================================================================
SM 1510 956 710 2 3.71 M 233.8 M 136
================================================================================
AV 50.3 31.9 7.8 FASTST M M 5 MAX(MPH)
MISC ----> 40 260 54 270
================================================================================
NOTES:
# LAST OF SEVERAL OCCURRENCES
COLUMN 17 PEAK WIND IN M.P.H.
PRELIMINARY LOCAL CLIMATOLOGICAL DATA (WS FORM: F-6) , PAGE 2
STATION: PITTSFIELD MA
MONTH: NOVEMBER
YEAR: 2022
LATITUDE: 42 25 N
LONGITUDE: 73 18 W
[TEMPERATURE DATA] [PRECIPITATION DATA] SYMBOLS USED IN COLUMN 16
AVERAGE MONTHLY: 41.1 TOTAL FOR MONTH: 3.71 1 = FOG OR MIST
DPTR FM NORMAL: 3.2 DPTR FM NORMAL: 0.19 2 = FOG REDUCING VISIBILITY
HIGHEST: 71 ON 5 GRTST 24HR 1.11 ON 11-12 TO 1/4 MILE OR LESS
LOWEST: 14 ON 21 3 = THUNDER
SNOW, ICE PELLETS, HAIL 4 = ICE PELLETS
TOTAL MONTH: M 5 = HAIL
GRTST 24HR M ON M 6 = FREEZING RAIN OR DRIZZLE
GRTST DEPTH: M ON M 7 = DUSTSTORM OR SANDSTORM:
VSBY 1/2 MILE OR LESS
8 = SMOKE OR HAZE
[NO. OF DAYS WITH] [WEATHER - DAYS WITH] 9 = BLOWING SNOW
X = TORNADO
MAX 32 OR BELOW: 1 0.01 INCH OR MORE: 13
MAX 90 OR ABOVE: 0 0.10 INCH OR MORE: 9
MIN 32 OR BELOW: 20 0.50 INCH OR MORE: 4
MIN 0 OR BELOW: 0 1.00 INCH OR MORE: 0
[HDD (BASE 65) ]
TOTAL THIS MO. 710 CLEAR (SCALE 0-3) 13
DPTR FM NORMAL -103 PTCLDY (SCALE 4-7) 11
TOTAL FM JUL 1 1369 CLOUDY (SCALE 8-10) 6
DPTR FM NORMAL -213
[CDD (BASE 65) ]
TOTAL THIS MO. 2
DPTR FM NORMAL 2 [PRESSURE DATA]
TOTAL FM JAN 1 413 HIGHEST SLP 30.66 ON 9
DPTR FM NORMAL 68 LOWEST SLP 29.26 ON 27
[REMARKS]
#FINAL-11-22#