000
CXUS56 KOTX 010840
CLMPUW
CLIMATE REPORT
NATIONAL WEATHER SERVICE SPOKANE WA
140 AM PDT MON MAY 01 2023
...................................
...THE PULLMAN_MOSCOW AIRPORT CLIMATE SUMMARY FOR THE MONTH OF APRIL 2023...
CLIMATE NORMAL PERIOD 1991 TO 2020
CLIMATE RECORD PERIOD 9999 TO 9999
WEATHER OBSERVED NORMAL DEPART LAST YEAR`S
VALUE DATE(S) VALUE FROM VALUE DATE(S)
NORMAL
................................................................
TEMPERATURE (F)
RECORD
HIGH 88 04/30/1987
LOW 6 04/01/1936
HIGHEST 82 04/29 MM MM 68 04/07
LOWEST 24 04/05 MM MM 24 04/14
04/20
AVG. MAXIMUM 55.0 56.4 -1.4 49.9
AVG. MINIMUM 34.3 37.2 -2.9 32.2
MEAN 44.6 46.8 -2.2 41.1
DAYS MAX >= 90 0 0.0 0.0 0
DAYS MAX <= 32 0 0.0 0.0 0
DAYS MIN <= 32 13 9.0 4.0 15
DAYS MIN <= 0 0 0.0 0.0 0
PRECIPITATION (INCHES)
RECORD
MAXIMUM 5.04 1958
MINIMUM 0.16 1956
TOTALS 1.50 1.79 -0.29 2.36
DAILY AVG. 0.05 0.06 -0.01 0.08
DAYS >= .01 14 10.4 3.6 16
DAYS >= .10 4 5.0 -1.0 9
DAYS >= .50 0 0.4 -0.4 1
DAYS >= 1.00 0 0.0 0.0 0
GREATEST
24 HR. TOTAL 0.41 03/31 TO 04/01 0.57
DEGREE DAYS
HEATING TOTAL 605 546 59 709
SINCE 7/1 5995 5743 252 MM
COOLING TOTAL 1 0 1 0
SINCE 1/1 1 0 1 MM
................................................................
WIND (MPH)
AVERAGE WIND SPEED 8.1
HIGHEST WIND SPEED/DIRECTION 28/230 DATE 04/01
HIGHEST GUST SPEED/DIRECTION 37/250 DATE 04/01
SKY COVER
POSSIBLE SUNSHINE (PERCENT) MM
AVERAGE SKY COVER 0.48
NUMBER OF DAYS FAIR 11
NUMBER OF DAYS PC 13
NUMBER OF DAYS CLOUDY 6
AVERAGE RH (PERCENT) 65
WEATHER CONDITIONS. NUMBER OF DAYS WITH
THUNDERSTORM 0 MIXED PRECIP 0
HEAVY RAIN 0 RAIN 2
LIGHT RAIN 13 FREEZING RAIN 0
LT FREEZING RAIN 0 HAIL 0
HEAVY SNOW 1 SNOW 3
LIGHT SNOW 7 SLEET 0
FOG 10 FOG W/VIS <= 1/4 MILE 2
HAZE 5
- INDICATES NEGATIVE NUMBERS.
R INDICATES RECORD WAS SET OR TIED.
MM INDICATES DATA IS MISSING.
T INDICATES TRACE AMOUNT.
$$