000
CXUS54 KOUN 010910
CF6PWA
PRELIMINARY LOCAL CLIMATOLOGICAL DATA (WS FORM: F-6)
STATION: BETHANY/WILEY POST
MONTH: FEBRUARY
YEAR: 2024
LATITUDE: 35 31 N
LONGITUDE: 97 38 W
TEMPERATURE IN F: :PCPN: SNOW: WIND :SUNSHINE: SKY :PK WND
================================================================================
1 2 3 4 5 6A 6B 7 8 9 10 11 12 13 14 15 16 17 18
12Z AVG MX 2MIN
DY MAX MIN AVG DEP HDD CDD WTR SNW DPTH SPD SPD DIR MIN PSBL S-S WX SPD DR
================================================================================
1 75 51 63 23 2 0 0.00 M M 16.3 26 180 M M 1 34 180
2 64 52 58 17 7 0 0.07 M M 15.1 25 150 M M 5 13 36 170
3 63 49 56 15 9 0 0.26 M M 13.5 24 160 M M 5 13 34 160
4 52 45 49 8 16 0 0.15 M M 13.2 23 360 M M 10 1 33 360
5 54 35 45 4 20 0 0.00 0.0 M 9.8 21 10 M M 5 18 27 360
6 64 29 47 6 18 0 0.00 0.0 M 6.8 16 160 M M 0 128 22 160
7 66 44 55 14 10 0 0.00 0.0 M 17.5 30 180 M M 1 41 170
8 69 49 59 17 6 0 0.00 M M 17.1 24 220 M M 0 37 210
9 63 43 53 11 12 0 0.00 M M 10.2 18 240 M M 0 25 240
10 50 38 44 2 21 0 T M M 11.1 20 30 M M 4 24 20
11 40 33 37 -5 28 0 0.66 M M 15.4 24 360 M M 9 1 32 20
12 51 31 41 -1 24 0 0.05 M M 8.3 16 350 M M 3 1 22 350
13 60 27 44 2 21 0 0.00 M M 10.6 20 200 M M 0 26 210
14 69 41 55 12 10 0 0.00 M M 17.1 33 200 M M 0 45 200
15 57 37 47 4 18 0 0.00 M M 9.3 21 10 M M 0 28 360
16 47 31 39 -4 26 0 0.00 M M 17.8 32 360 M M 5 1 44 10
17 33 21 27 -17 38 0 0.00 M M 11.8 25 10 M M 4 37 10
18 54 19 37 -7 28 0 0.00 M M 9.2 16 210 M M 0 22 220
19 64 35 50 6 15 0 0.00 M M 10.1 21 170 M M 0 27 180
20 79 32 56 12 9 0 0.00 M M 10.1 26 170 M M 0 35 170
21 81 48 65 20 0 0 0.00 M M 14.2 31 190 M M 0 42 190
22 70 44 57 12 8 0 0.00 M M 13.9 28 200 M M 0 37 190
23 69 38 54 9 11 0 0.00 M M 9.3 24 340 M M 0 34 280
24 73 30 52 6 13 0 0.00 M M 8.6 24 200 M M 0 33 200
25 75 49 62 16 3 0 0.00 M M 7.1 20 200 M M 0 8 25 200
26 88 46 67 21 0 2 0.00 M M 11.8 25 220 M M 0 39 220
27 80 36 58 12 7 0 0.00 0.0 0 18.1 37 350 M M 0 8 50 340
28 46 24 35 -12 30 0 0.00 M M 12.9 31 360 M M 1 41 360
29 49 27 38 -9 27 0 0.18 M M 10.5 22 170 M M 4 1 28 180
================================================================================
SM 1805 1084 437 2 1.37 0.0 356.7 M 57
================================================================================
AV 62.2 37.4 12.3 FASTST M M 2 MAX(MPH)
MISC ----> 37 350 50 340
================================================================================
NOTES:
# LAST OF SEVERAL OCCURRENCES
COLUMN 17 PEAK WIND IN M.P.H.
PRELIMINARY LOCAL CLIMATOLOGICAL DATA (WS FORM: F-6) , PAGE 2
STATION: BETHANY/WILEY POST
MONTH: FEBRUARY
YEAR: 2024
LATITUDE: 35 31 N
LONGITUDE: 97 38 W
[TEMPERATURE DATA] [PRECIPITATION DATA] SYMBOLS USED IN COLUMN 16
AVERAGE MONTHLY: 49.8 TOTAL FOR MONTH: 1.37 1 = FOG OR MIST
DPTR FM NORMAL: 6.6 DPTR FM NORMAL: 0.39 2 = FOG REDUCING VISIBILITY
HIGHEST: 88 ON 26 GRTST 24HR 0.71 ON 11-12 TO 1/4 MILE OR LESS
LOWEST: 19 ON 18 3 = THUNDER
SNOW, ICE PELLETS, HAIL 4 = ICE PELLETS
TOTAL MONTH: 0.0 INCH 5 = HAIL
GRTST 24HR 0.0 6 = FREEZING RAIN OR DRIZZLE
GRTST DEPTH: 0 7 = DUSTSTORM OR SANDSTORM:
VSBY 1/2 MILE OR LESS
8 = SMOKE OR HAZE
[NO. OF DAYS WITH] [WEATHER - DAYS WITH] 9 = BLOWING SNOW
X = TORNADO
MAX 32 OR BELOW: 0 0.01 INCH OR MORE: 6
MAX 90 OR ABOVE: 0 0.10 INCH OR MORE: 4
MIN 32 OR BELOW: 10 0.50 INCH OR MORE: 1
MIN 0 OR BELOW: 0 1.00 INCH OR MORE: 0
[HDD (BASE 65) ]
TOTAL THIS MO. 437 CLEAR (SCALE 0-3) 20
DPTR FM NORMAL -176 PTCLDY (SCALE 4-7) 7
TOTAL FM JUL 1 2560 CLOUDY (SCALE 8-10) 2
DPTR FM NORMAL -261
[CDD (BASE 65) ]
TOTAL THIS MO. 2
DPTR FM NORMAL 0 [PRESSURE DATA]
TOTAL FM JAN 1 2 HIGHEST SLP 30.51 ON 17
DPTR FM NORMAL 0 LOWEST SLP 29.38 ON 27
[REMARKS]
#FINAL-02-24#