000
CXUS54 KOUN 010810
CF6PWA
PRELIMINARY LOCAL CLIMATOLOGICAL DATA (WS FORM: F-6)
STATION: BETHANY/WILEY POST
MONTH: OCTOBER
YEAR: 2023
LATITUDE: 35 31 N
LONGITUDE: 97 38 W
TEMPERATURE IN F: :PCPN: SNOW: WIND :SUNSHINE: SKY :PK WND
================================================================================
1 2 3 4 5 6A 6B 7 8 9 10 11 12 13 14 15 16 17 18
12Z AVG MX 2MIN
DY MAX MIN AVG DEP HDD CDD WTR SNW DPTH SPD SPD DIR MIN PSBL S-S WX SPD DR
================================================================================
1 91 63 77 9 0 12 0.00 M M 10.7 17 140 M M 0 27 150
2 89 64 77 9 0 12 0.00 M M 11.6 20 150 M M 0 28 150
3 88 71 80 12 0 15 T M M 15.8 23 160 M M 1 31 160
4 81 64 73 6 0 8 0.41 M M 8.9 21 310 M M 5 13 29 330
5 82 61 72 5 0 7 0.00 M M 6.9 17 340 M M 5 18 23 350
6 75 50 63 -3 2 0 0.00 M M 9.9 25 10 M M 4 34 360
7 67 41 54 -12 11 0 0.00 0.0 M 4.7 10 30 M M 2 8 16 10
8 80 44 62 -4 3 0 0.00 0.0 M 11.0 20 210 M M 0 25 190
9 84 50 67 2 0 2 0.00 M M 7.2 13 200 M M 0 18 210
10 90 59 75 10 0 10 0.00 M M 10.5 22 180 M M 0 28 180
11 84 63 74 10 0 9 M M M 18.5 30 170 M M 2 41 170
12 79 65 72 8 0 7 0.00 M M 22.4 31 170 M M 7 41 170
13 71 52 62 -2 3 0 M M M 14.6 25 320 M M 2 39 340
14 64 47 56 -7 9 0 0.00 M M 13.4 23 320 M M 1 32 330
15 62 43 53 -10 12 0 0.00 M M 12.1 21 350 M M 5 29 350
16 64 38 51 -11 14 0 0.00 M M 5.5 16 10 M M 0 18 23 340
17 77 36 57 -5 8 0 0.00 M M 11.6 21 180 M M 0 1 30 170
18 82 47 65 3 0 0 0.00 M M 10.6 21 190 M M 0 28 180
19 84 42 63 2 2 0 0.00 M M 5.3 15 300 M M 0 8 20 290
20 89 48 69 8 0 4 0.00 M M 4.6 10 190 M M 0 8 13 330
21 91 61 76 16 0 11 0.00 M M 8.1 16 210 M M 0 20 200
22 90 62 76 16 0 11 0.00 M M 12.4 22 160 M M 0 30 170
23 82 66 74 14 0 9 0.00 M M 17.4 28 170 M M 2 37 160
24 73 63 68 9 0 3 1.15 M M 17.3 28 160 M M 10 1 37 160
25 75 64 70 11 0 5 0.14 M M 15.4 26 170 M M 8 1 37 170
26 83 66 75 17 0 10 T M M 16.2 30 200 M M 5 1 37 180
27 74 47 61 3 4 0 0.00 M M 14.5 23 350 M M 8 32 300
28 49 37 43 -15 22 0 0.06 M M 13.3 20 350 M M 10 1 27 360
29 38 33 36 -21 29 0 0.88 M M 18.0 26 360 M M 10 13 37 360
30 46 26 36 -21 29 0 0.00 M M 9.8 22 360 M M 0 29 360
31 47 24 36 -20 29 0 0.00 M M 11.9 24 10 M M 0 32 360
================================================================================
SM 2331 1597 177 135 2.64 0.0 370.1 M 87
================================================================================
AV 75.2 51.5 11.9 FASTST M M 3 MAX(MPH)
MISC ----> 31 170 # 41 170
================================================================================
NOTES:
# LAST OF SEVERAL OCCURRENCES
COLUMN 17 PEAK WIND IN M.P.H.
PRELIMINARY LOCAL CLIMATOLOGICAL DATA (WS FORM: F-6) , PAGE 2
STATION: BETHANY/WILEY POST
MONTH: OCTOBER
YEAR: 2023
LATITUDE: 35 31 N
LONGITUDE: 97 38 W
[TEMPERATURE DATA] [PRECIPITATION DATA] SYMBOLS USED IN COLUMN 16
AVERAGE MONTHLY: 63.4 TOTAL FOR MONTH: 2.64 1 = FOG OR MIST
DPTR FM NORMAL: 1.0 DPTR FM NORMAL: -0.08 2 = FOG REDUCING VISIBILITY
HIGHEST: 91 ON 21, 1 GRTST 24HR 1.15 ON 24-24 TO 1/4 MILE OR LESS
LOWEST: 24 ON 31 3 = THUNDER
SNOW, ICE PELLETS, HAIL 4 = ICE PELLETS
TOTAL MONTH: 0.0 INCH 5 = HAIL
GRTST 24HR 0.0 6 = FREEZING RAIN OR DRIZZLE
GRTST DEPTH: M ON M 7 = DUSTSTORM OR SANDSTORM:
VSBY 1/2 MILE OR LESS
8 = SMOKE OR HAZE
[NO. OF DAYS WITH] [WEATHER - DAYS WITH] 9 = BLOWING SNOW
X = TORNADO
MAX 32 OR BELOW: 0 0.01 INCH OR MORE: 5
MAX 90 OR ABOVE: 4 0.10 INCH OR MORE: 4
MIN 32 OR BELOW: 2 0.50 INCH OR MORE: 2
MIN 0 OR BELOW: 0 1.00 INCH OR MORE: 1
[HDD (BASE 65) ]
TOTAL THIS MO. 177 CLEAR (SCALE 0-3) 20
DPTR FM NORMAL 16 PTCLDY (SCALE 4-7) 7
TOTAL FM JUL 1 177 CLOUDY (SCALE 8-10) 4
DPTR FM NORMAL 1
[CDD (BASE 65) ]
TOTAL THIS MO. 135
DPTR FM NORMAL 56 [PRESSURE DATA]
TOTAL FM JAN 1 2322 HIGHEST SLP M ON M
DPTR FM NORMAL 161 LOWEST SLP 29.45 ON 12
[REMARKS]
#FINAL-10-23#