000
CXUS54 KFWD 072154
CF6PWG
PRELIMINARY LOCAL CLIMATOLOGICAL DATA (WS FORM: F-6)
STATION: WACO MCGREGOR
MONTH: AUGUST
YEAR: 2022
LATITUDE: 31 28 N
LONGITUDE: 97 19 W
TEMPERATURE IN F: :PCPN: SNOW: WIND :SUNSHINE: SKY :PK WND
================================================================================
1 2 3 4 5 6A 6B 7 8 9 10 11 12 13 14 15 16 17 18
12Z AVG MX 2MIN
DY MAX MIN AVG DEP HDD CDD WTR SNW DPTH SPD SPD DIR MIN PSBL S-S WX SPD DR
================================================================================
1 101 78 90 6 0 25 0.00 M M 11.5 17 170 M M 0 20 120
2 104 78 91 7 0 26 0.00 M M 13.6 20 170 M M 0 31 170
3 104 77 91 7 0 26 0.00 M M 14.6 23 170 M M 0 31 170
4 104 79 92 8 0 27 0.00 M M 11.3 17 160 M M 0 23 180
5 104 79 92 8 0 27 0.00 M M 11.6 18 140 M M 0 25 140
6 99 76 88 4 0 23 0.00 M M 10.4 15 140 M M 0 21 130
7 101 75 88 4 0 23 0.00 M M 11.4 17 170 M M 1 23 150
8 101 78 90 6 0 25 0.00 M M 8.9 17 170 M M 0 26 160
9 102 78 90 6 0 25 0.00 M M 7.1 13 140 M M 0 8 17 140
10 102 75 89 5 0 24 0.41 M M 7.7 24 330 M M 1 138 35 350
11 99 72 86 2 0 21 0.00 M M 4.4 12 20 M M 0 M M
12 99 75 87 3 0 22 M M M 7.2 14 40 M M 1 17 100
13 101 75 88 4 0 23 0.00 M M 6.0 14 60 M M 1 20 20
14 99 76 88 4 0 23 0.00 M M 7.7 15 160 M M 1 23 160
15 101 73 87 3 0 22 0.00 M M 8.0 14 110 M M 0 20 180
16 102 76 89 5 0 24 0.00 M M 5.9 13 180 M M 1 M M
17 103 75 89 5 0 24 0.11 M M 7.7 15 10 M M 0 3 33 350
18 93 72 83 -1 0 18 0.75 M M 8.0 25 340 M M 3 13 33 340
19 92 74 83 -1 0 18 T M M 6.6 22 180 M M 4 27 160
20 99 74 87 3 0 22 0.00 M M 9.1 20 120 M M 2 30 120
21 94 76 85 1 0 20 0.13 M M 10.7 20 170 M M 2 18 26 170
22 86 73 80 -3 0 15 1.06 M M 7.8 16 330 M M 3 13 21 330
23 88 73 81 -2 0 16 0.01 M M 6.6 13 10 M M 6 M M
24 90 74 82 -1 0 17 0.00 M M 7.4 15 20 M M 5 21 20
25 93 71 82 -1 0 17 0.00 M M 7.3 12 40 M M 1 17 10
26 94 72 83 0 0 18 0.00 M M 6.4 12 60 M M 1 16 60
27 98 84 91 8 0 26 0.00 M M 9.3 16 140 M M 0 M M
28 99 78 89 7 0 24 0.00 M M 12.6 17 140 M M 1 8 31 160
29 97 76 87 5 0 22 0.00 M M 10.1 20 120 M M 2 8 18 130
30 83 74 79 -3 0 14 0.15 M M 5.9 10 170 M M 7 13 M M
31 85 73 79 -3 0 14 0.01 M M 3.8 8 340 M M 4 M M
================================================================================
SM 3017 2339 0 671 2.63 M 266.3 M 47
================================================================================
AV 97.3 75.5 8.6 FASTST M M 2 MAX(MPH)
MISC ----> 25 340 35 350
================================================================================
NOTES:
# LAST OF SEVERAL OCCURRENCES
COLUMN 17 PEAK WIND IN M.P.H.
PRELIMINARY LOCAL CLIMATOLOGICAL DATA (WS FORM: F-6) , PAGE 2
STATION: WACO MCGREGOR
MONTH: AUGUST
YEAR: 2022
LATITUDE: 31 28 N
LONGITUDE: 97 19 W
[TEMPERATURE DATA] [PRECIPITATION DATA] SYMBOLS USED IN COLUMN 16
AVERAGE MONTHLY: 86.4 TOTAL FOR MONTH: 2.63 1 = FOG OR MIST
DPTR FM NORMAL: 2.7 DPTR FM NORMAL: 0.29 2 = FOG REDUCING VISIBILITY
HIGHEST: 104 ON 5, 4 GRTST 24HR 1.07 ON 22-23 TO 1/4 MILE OR LESS
LOWEST: 71 ON 25 3 = THUNDER
SNOW, ICE PELLETS, HAIL 4 = ICE PELLETS
TOTAL MONTH: M 5 = HAIL
GRTST 24HR M ON M 6 = FREEZING RAIN OR DRIZZLE
GRTST DEPTH: M ON M 7 = DUSTSTORM OR SANDSTORM:
VSBY 1/2 MILE OR LESS
8 = SMOKE OR HAZE
[NO. OF DAYS WITH] [WEATHER - DAYS WITH] 9 = BLOWING SNOW
X = TORNADO
MAX 32 OR BELOW: 0 0.01 INCH OR MORE: 8
MAX 90 OR ABOVE: 27 0.10 INCH OR MORE: 6
MIN 32 OR BELOW: 0 0.50 INCH OR MORE: 2
MIN 0 OR BELOW: 0 1.00 INCH OR MORE: 1
[HDD (BASE 65) ]
TOTAL THIS MO. 0 CLEAR (SCALE 0-3) 25
DPTR FM NORMAL 0 PTCLDY (SCALE 4-7) 6
TOTAL FM JUL 1 0 CLOUDY (SCALE 8-10) 0
DPTR FM NORMAL 0
[CDD (BASE 65) ]
TOTAL THIS MO. 671
DPTR FM NORMAL 92 [PRESSURE DATA]
TOTAL FM JAN 1 2768 HIGHEST SLP 30.11 ON 7
DPTR FM NORMAL 830 LOWEST SLP 29.74 ON 28
[REMARKS]
#FINAL-08-22#