000
CXUS54 KFWD 010730
CF6RBD
PRELIMINARY LOCAL CLIMATOLOGICAL DATA (WS FORM: F-6)
STATION: DALLAS EXECUTIVE
MONTH: JUNE
YEAR: 2021
LATITUDE: 32 40 N
LONGITUDE: 96 52 W
TEMPERATURE IN F: :PCPN: SNOW: WIND :SUNSHINE: SKY :PK WND
================================================================================
1 2 3 4 5 6A 6B 7 8 9 10 11 12 13 14 15 16 17 18
12Z AVG MX 2MIN
DY MAX MIN AVG DEP HDD CDD WTR SNW DPTH SPD SPD DIR MIN PSBL S-S WX SPD DR
================================================================================
1 74 64 69 -10 0 4 0.01 M M 6.7 17 310 M M 8 1 22 330
2 83 62 73 -6 0 8 M M M 5.5 15 270 M M 3 22 270
3 82 64 73 -6 0 8 0.00 M M 4.8 10 170 M M 0 15 150
4 82 67 75 -5 0 10 0.24 M M 5.8 12 150 M M 5 13 17 160
5 87 69 78 -2 0 13 0.45 M M 6.1 16 170 M M 6 13 22 180
6 89 69 79 -1 0 14 0.00 M M 9.4 15 200 M M 5 22 190
7 82 69 76 -4 0 11 0.33 M M 8.2 25 260 M M 5 138 43 260
8 88 72 80 0 0 15 0.03 M M 10.6 26 130 M M 4 13 38 130
9 92 77 85 4 0 20 0.00 M M 11.1 18 190 M M 4 24 170
10 91 76 84 3 0 19 0.00 M M 10.5 17 170 M M 4 23 180
11 92 77 85 4 0 20 0.00 M M 12.6 22 170 M M 3 29 190
12 92 74 83 2 0 18 0.00 M M 7.4 22 190 M M 1 32 60
13 99 76 88 6 0 23 0.00 M M 3.9 10 120 M M 1 18 120
14 97 78 88 6 0 23 0.00 M M 4.3 14 70 M M 1 3 19 70
15 96 72 84 2 0 19 0.00 M M 3.5 12 100 M M 0 19 100
16 98 70 84 2 0 19 0.00 M M 4.3 12 80 M M 0 16 70
17 98 76 87 5 0 22 0.00 M M 5.2 13 130 M M 0 16 170
18 94 76 85 3 0 20 0.00 M M 7.4 15 130 M M 1 21 110
19 94 71 83 1 0 18 0.00 M M 7.0 13 160 M M 0 18 180
20 95 76 86 3 0 21 0.00 M M 11.6 20 170 M M 0 27 190
21 94 69 82 -1 0 17 0.23 M M 12.1 24 360 M M 6 138 32 360
22 86 69 78 -5 0 13 0.00 M M 8.3 14 120 M M 5 22 110
23 95 75 85 2 0 20 0.00 M M 10.7 17 170 M M 5 25 190
24 95 77 86 3 0 21 0.00 M M 13.6 21 180 M M 1 27 180
25 95 78 87 4 0 22 0.00 M M 14.2 23 160 M M 2 33 140
26 94 77 86 3 0 21 0.00 M M 14.0 22 170 M M 3 33 180
27 91 77 84 0 0 19 0.13 M M 7.6 17 140 M M 4 3 23 150
28 86 74 80 -4 0 15 0.65 M M 6.7 21 110 M M 5 1 28 120
29 88 74 81 -3 0 16 0.24 M M 8.1 23 170 M M 7 13 32 170
30 90 74 82 -2 0 17 0.00 M M 4.5 9 140 M M 5 1 13 280
================================================================================
SM 2719 2179 0 506 2.31 M 245.7 M 94
================================================================================
AV 90.6 72.6 8.2 FASTST M M 3 MAX(MPH)
MISC ----> 26 130 43 260
================================================================================
NOTES:
# LAST OF SEVERAL OCCURRENCES
COLUMN 17 PEAK WIND IN M.P.H.
PRELIMINARY LOCAL CLIMATOLOGICAL DATA (WS FORM: F-6) , PAGE 2
STATION: DALLAS EXECUTIVE
MONTH: JUNE
YEAR: 2021
LATITUDE: 32 40 N
LONGITUDE: 96 52 W
[TEMPERATURE DATA] [PRECIPITATION DATA] SYMBOLS USED IN COLUMN 16
AVERAGE MONTHLY: 81.6 TOTAL FOR MONTH: 2.31 1 = FOG OR MIST
DPTR FM NORMAL: -0.1 DPTR FM NORMAL: -1.56 2 = FOG REDUCING VISIBILITY
HIGHEST: 99 ON 13 GRTST 24HR 1.48 ON 31- 1 TO 1/4 MILE OR LESS
LOWEST: 62 ON 2 3 = THUNDER
SNOW, ICE PELLETS, HAIL 4 = ICE PELLETS
TOTAL MONTH: M 5 = HAIL
GRTST 24HR M ON M 6 = FREEZING RAIN OR DRIZZLE
GRTST DEPTH: M ON M 7 = DUSTSTORM OR SANDSTORM:
VSBY 1/2 MILE OR LESS
8 = SMOKE OR HAZE
[NO. OF DAYS WITH] [WEATHER - DAYS WITH] 9 = BLOWING SNOW
X = TORNADO
MAX 32 OR BELOW: 0 0.01 INCH OR MORE: 9
MAX 90 OR ABOVE: 19 0.10 INCH OR MORE: 7
MIN 32 OR BELOW: 0 0.50 INCH OR MORE: 1
MIN 0 OR BELOW: 0 1.00 INCH OR MORE: 0
[HDD (BASE 65) ]
TOTAL THIS MO. 0 CLEAR (SCALE 0-3) 13
DPTR FM NORMAL 0 PTCLDY (SCALE 4-7) 17
TOTAL FM JUL 1 2103 CLOUDY (SCALE 8-10) 0
DPTR FM NORMAL 11
[CDD (BASE 65) ]
TOTAL THIS MO. 506
DPTR FM NORMAL 5 [PRESSURE DATA]
TOTAL FM JAN 1 854 HIGHEST SLP M ON M
DPTR FM NORMAL -84 LOWEST SLP 29.68 ON 20
[REMARKS]
#FINAL-06-21#