000
CXUS56 KSTO 270201
CF6RDD
PRELIMINARY LOCAL CLIMATOLOGICAL DATA (WS FORM: F-6)
STATION: REDDING CA AIRPORT AND CITY
MONTH: MAY
YEAR: 2022
LATITUDE: 40 30 N
LONGITUDE: 122 18 W
TEMPERATURE IN F: :PCPN: SNOW: WIND :SUNSHINE: SKY :PK WND
================================================================================
1 2 3 4 5 6A 6B 7 8 9 10 11 12 13 14 15 16 17 18
12Z AVG MX 2MIN
DY MAX MIN AVG DEP HDD CDD WTR SNW DPTH SPD SPD DIR MIN PSBL S-S WX SPD DR
================================================================================
1 82 54 68 4 0 3 0.00 M M 6.1 31 10 M M 0 37 10
2 71 48 60 -4 5 0 0.00 M M 6.3 15 230 M M 2 33 210
3 84 48 66 2 0 1 0.00 M M 7.9 14 360 M M 0 M M
4 89 51 70 6 0 5 0.00 0.0 M 5.6 15 160 M M 0 M M
5 69 61 65 0 0 0 0.00 0.0 M 6.5 18 190 M M 8 25 180
6 75 54 65 0 0 0 0.00 0.0 M 11.1 30 180 M M 5 37 170
7 73 44 59 -6 6 0 0.00 0.0 M 6.9 20 260 M M 2 25 260
8 62 41 52 -14 13 0 0.00 0.0 M 8.4 24 230 M M 3 33 230
9 61 37 49 -17 16 0 0.07 0.0 M 5.0 16 170 M M 5 13 20 300
10 64 40 52 -14 13 0 T M M 3.8 17 10 M M 3 8 24 10
11 74 38 56 -11 9 0 0.00 M M 3.6 13 200 M M 1 19 180
12 71 53 62 -5 3 0 T M M 7.4 17 170 M M 7 21 170
13 79 49 64 -3 1 0 0.00 0.0 M 2.6 10 190 M M 4 17 190
14 86 53 70 2 0 5 0.00 0.0 M 4.1 9 70 M M 0 12 10
15 93 55 74 6 0 9 0.00 0.0 M 5.1 17 170 M M 0 22 170
16 86 52 69 1 0 4 0.00 0.0 M 3.5 16 180 M M 0 19 300
17 92 54 73 5 0 8 0.00 0.0 M 6.5 14 340 M M 0 18 350
18 95 69 82 13 0 17 0.00 M M 8.9 16 300 M M 0 29 360
19 86 59 73 4 0 8 0.00 M M 13.7 30 10 M M 0 38 40
20 81 56 69 0 0 4 0.00 0.0 M 18.2 36 20 M M 0 47 20
21 88 62 75 5 0 10 0.00 0.0 M 7.5 15 360 M M 0 20 20
22 91 60 76 6 0 11 0.00 0.0 M 9.4 20 10 M M 0 26 40
23 94 67 81 11 0 16 0.00 0.0 M 10.0 18 360 M M 0 26 360
24 97 68 83 12 0 18 0.00 0.0 M 10.6 25 10 M M 0 31 20
25 103 70 87 16 0 22 0.00 0.0 M 6.9 16 350 M M 0 23 320
26 89 62 76 5 0 11 0.00 M M 5.1 17 170 M M 0 21 180
27 83 61 72 1 0 7 0.02 M M 5.7 14 270 M M 3 19 270
28 75 59 67 -5 0 2 0.02 M M 8.8 20 190 M M 6 30 250
29 80 48 64 -8 1 0 0.00 0.0 M 6.1 15 30 M M 2 24 360
30 81 57 69 -3 0 4 0.00 M M 11.9 21 20 M M 0 29 360
31 89 62 76 3 0 11 0.00 M M 7.9 21 10 M M 0 26 10
================================================================================
SM 2543 1692 67 176 0.11 0.0 231.1 M 51
================================================================================
AV 82.0 54.6 7.5 FASTST M M 2 MAX(MPH)
MISC ----> 36 20 47 20
================================================================================
NOTES:
# LAST OF SEVERAL OCCURRENCES
COLUMN 17 PEAK WIND IN M.P.H.
PRELIMINARY LOCAL CLIMATOLOGICAL DATA (WS FORM: F-6) , PAGE 2
STATION: REDDING CA AIRPORT AND CITY
MONTH: MAY
YEAR: 2022
LATITUDE: 40 30 N
LONGITUDE: 122 18 W
[TEMPERATURE DATA] [PRECIPITATION DATA] SYMBOLS USED IN COLUMN 16
AVERAGE MONTHLY: 68.3 TOTAL FOR MONTH: 0.11 1 = FOG OR MIST
DPTR FM NORMAL: 0.1 DPTR FM NORMAL: -1.70 2 = FOG REDUCING VISIBILITY
HIGHEST: 103 ON 25 GRTST 24HR 0.07 ON 9- 9 TO 1/4 MILE OR LESS
LOWEST: 37 ON 9 3 = THUNDER
SNOW, ICE PELLETS, HAIL 4 = ICE PELLETS
TOTAL MONTH: 0.0 INCH 5 = HAIL
GRTST 24HR 0.0 6 = FREEZING RAIN OR DRIZZLE
GRTST DEPTH: M ON M 7 = DUSTSTORM OR SANDSTORM:
VSBY 1/2 MILE OR LESS
8 = SMOKE OR HAZE
[NO. OF DAYS WITH] [WEATHER - DAYS WITH] 9 = BLOWING SNOW
X = TORNADO
MAX 32 OR BELOW: 0 0.01 INCH OR MORE: 3
MAX 90 OR ABOVE: 7 0.10 INCH OR MORE: 0
MIN 32 OR BELOW: 0 0.50 INCH OR MORE: 0
MIN 0 OR BELOW: 0 1.00 INCH OR MORE: 0
[HDD (BASE 65) ]
TOTAL THIS MO. 67 CLEAR (SCALE 0-3) 24
DPTR FM NORMAL 7 PTCLDY (SCALE 4-7) 6
TOTAL FM JUL 1 2238 CLOUDY (SCALE 8-10) 1
DPTR FM NORMAL -329
[CDD (BASE 65) ]
TOTAL THIS MO. 176
DPTR FM NORMAL 18 [PRESSURE DATA]
TOTAL FM JAN 1 229 HIGHEST SLP 30.26 ON 12
DPTR FM NORMAL 40 LOWEST SLP 29.65 ON 25
[REMARKS]
#FINAL-05-22#