000
CXUS52 KRAH 010945
CF6RDU
PRELIMINARY LOCAL CLIMATOLOGICAL DATA (WS FORM: F-6)
STATION: RALEIGH-DURHAM INTL AIRPORT NC
MONTH: JANUARY
YEAR: 2021
LATITUDE: 35 52 N
LONGITUDE: 78 47 W
TEMPERATURE IN F: :PCPN: SNOW: WIND :SUNSHINE: SKY :PK WND
================================================================================
1 2 3 4 5 6A 6B 7 8 9 10 11 12 13 14 15 16 17 18
12Z AVG MX 2MIN
DY MAX MIN AVG DEP HDD CDD WTR SNW DPTH SPD SPD DIR MIN PSBL S-S WX SPD DR
================================================================================
1 55 41 48 7 17 0 0.65 0.0 0 7.9 18 50 M M 10 1 25 90
2 57 42 50 9 15 0 0.60 0.0 0 3.2 10 110 M M 9 1 15 240
3 55 44 50 9 15 0 0.93 0.0 0 3.1 12 40 M M 10 1 16 50
4 49 34 42 1 23 0 0.00 0.0 0 1.2 8 310 M M 5 1 12 330
5 48 29 39 -1 26 0 0.00 0.0 0 1.4 7 230 M M 6 1 10 320
6 51 34 43 3 22 0 0.00 0.0 0 2.5 12 20 M M 6 17 30
7 49 27 38 -2 27 0 0.00 0.0 0 2.8 8 70 M M 6 12 80
8 40 35 38 -2 27 0 0.35 T 0 5.5 13 30 M M 10 14 18 40
9 50 28 39 -1 26 0 0.00 0.0 0 2.9 12 310 M M 1 17 340
10 53 25 39 -1 26 0 0.00 0.0 0 0.7 8 290 M M 1 11 260
11 48 27 38 -2 27 0 0.05 0.0 0 1.6 10 230 M M 7 12 230
12 56 34 45 5 20 0 0.09 0.0 0 1.8 10 20 M M 5 1 16 10
13 57 26 42 1 23 0 0.00 0.0 0 3.0 13 220 M M 2 1 16 230
14 55 37 46 5 19 0 0.00 0.0 0 4.7 13 230 M M 5 1 15 230
15 57 33 45 4 20 0 0.24 0.0 0 6.0 25 170 M M 5 1 34 170
16 46 33 40 -1 25 0 T 0.0 0 7.5 22 250 M M 8 12 28 240
17 50 27 39 -2 26 0 0.00 0.0 0 6.9 16 230 M M 3 19 230
18 50 30 40 -1 25 0 0.00 0.0 0 5.3 17 270 M M 3 25 280
19 57 27 42 1 23 0 0.00 0.0 0 6.1 18 230 M M 4 22 240
20 54 31 43 2 22 0 0.00 0.0 0 6.0 16 300 M M 3 24 270
21 54 31 43 2 22 0 0.01 0.0 0 3.6 10 230 M M 9 13 230
22 60 36 48 7 17 0 0.00 0.0 0 3.6 15 270 M M 6 25 310
23 48 25 37 -4 28 0 0.00 0.0 0 4.0 15 330 M M 0 24 340
24 46 23 35 -6 30 0 0.00 0.0 0 3.8 10 240 M M 6 14 250
25 46 39 43 2 22 0 0.37 0.0 0 3.8 10 130 M M 10 1 14 30
26 48 41 45 3 20 0 0.37 0.0 0 4.5 15 140 M M 10 12 18 140
27 53 40 47 5 18 0 0.33 0.0 0 5.4 20 60 M M 9 12 25 50
28 40 29 35 -7 30 0 0.36 1.6 2 8.8 20 60 M M 6 1 32 290
29 39 25 32 -10 33 0 0.00 0.0 0 4.0 13 290 M M 2 17 330
30 44 20 32 -10 33 0 T 0.0 0 2.1 9 210 M M 5 1 13 200
31 38 33 36 -6 29 0 1.07 T 0 5.9 14 90 M M 10 124 19 90
================================================================================
SM 1553 986 736 0 5.42 1.6 129.6 M 182
================================================================================
AV 50.1 31.8 4.2 FASTST M M 6 MAX(MPH)
MISC ----> 25 170 34 170
================================================================================
NOTES:
# LAST OF SEVERAL OCCURRENCES
COLUMN 17 PEAK WIND IN M.P.H.
PRELIMINARY LOCAL CLIMATOLOGICAL DATA (WS FORM: F-6) , PAGE 2
STATION: RALEIGH-DURHAM INTL AIRPORT NC
MONTH: JANUARY
YEAR: 2021
LATITUDE: 35 52 N
LONGITUDE: 78 47 W
[TEMPERATURE DATA] [PRECIPITATION DATA] SYMBOLS USED IN COLUMN 16
AVERAGE MONTHLY: 41.0 TOTAL FOR MONTH: 5.42 1 = FOG OR MIST
DPTR FM NORMAL: 0.0 DPTR FM NORMAL: 1.92 2 = FOG REDUCING VISIBILITY
HIGHEST: 60 ON 22 GRTST 24HR 1.29 ON 2- 3 TO 1/4 MILE OR LESS
LOWEST: 20 ON 30 3 = THUNDER
SNOW, ICE PELLETS, HAIL 4 = ICE PELLETS
TOTAL MONTH: 1.6 INCHES 5 = HAIL
GRTST 24HR 1.6 ON 28-28 6 = FREEZING RAIN OR DRIZZLE
GRTST DEPTH: 2 ON 28 7 = DUSTSTORM OR SANDSTORM:
VSBY 1/2 MILE OR LESS
8 = SMOKE OR HAZE
[NO. OF DAYS WITH] [WEATHER - DAYS WITH] 9 = BLOWING SNOW
X = TORNADO
MAX 32 OR BELOW: 0 0.01 INCH OR MORE: 13
MAX 90 OR ABOVE: 0 0.10 INCH OR MORE: 10
MIN 32 OR BELOW: 16 0.50 INCH OR MORE: 4
MIN 0 OR BELOW: 0 1.00 INCH OR MORE: 1
[HDD (BASE 65) ]
TOTAL THIS MO. 736 CLEAR (SCALE 0-3) 6
DPTR FM NORMAL -10 PTCLDY (SCALE 4-7) 16
TOTAL FM JUL 1 1778 CLOUDY (SCALE 8-10) 9
DPTR FM NORMAL -217
[CDD (BASE 65) ]
TOTAL THIS MO. 0
DPTR FM NORMAL 0 [PRESSURE DATA]
TOTAL FM JAN 1 0 HIGHEST SLP 30.42 ON 30
DPTR FM NORMAL 0 LOWEST SLP 29.60 ON 16
[REMARKS]
#FINAL-01-21#