000
CXUS52 KRAH 011433
CLMRDU
CLIMATE REPORT
NATIONAL WEATHER SERVICE RALEIGH NC
1033 AM EDT SAT JUL 01 2023
...................................
...THE RALEIGH NC CLIMATE SUMMARY FOR THE MONTH OF JUNE 2023...
CLIMATE NORMAL PERIOD 1991 TO 2020
CLIMATE RECORD PERIOD 1887 TO 2023
WEATHER OBSERVED NORMAL DEPART LAST YEAR`S
VALUE DATE(S) VALUE FROM VALUE
NORMAL
..............................................................
TEMPERATURE (F)
RECORD
HIGH 105 06/30/2012
06/29/2012
LOW 38 06/08/1977
HIGHEST 94 06/16 100
06/18
06/26
LOWEST 50 06/09 55
AVG. MAXIMUM 86.1 87.4 -1.3 90.0
AVG. MINIMUM 63.5 66.0 -2.5 66.9
MEAN 74.8 76.7 -1.9 78.4
DAYS MAX >= 90 10 17
DAYS MAX <= 32 0 0
DAYS MIN <= 32 0 0
DAYS MIN <= 0 0 0
PRECIPITATION (INCHES)
RECORD
MAXIMUM 10.45 2006
TOTALS 3.12 3.89 -0.77 1.61
DAYS >= .01 10
DAYS >= .10 5
DAYS >= .50 3
DAYS >= 1.00 1
GREATEST
24 HR. TOTAL 1.55 06/22 TO 06/23
DEGREE DAYS
HEATING TOTAL 0 3 -3 0
SINCE 7/1 2438 3151 -713 MM
COOLING TOTAL 300 354 -54 412
SINCE 1/1 519 588 -69 MM
..............................................................
WIND (MPH)
AVERAGE WIND SPEED 5.8
HIGHEST WIND SPEED/DIRECTION 32/220 DATE 06/26
HIGHEST GUST SPEED/DIRECTION 42/210 DATE 06/26
SKY COVER
POSSIBLE SUNSHINE (PERCENT) MM
AVERAGE SKY COVER 0.56
NUMBER OF DAYS FAIR 7
NUMBER OF DAYS PC 14
NUMBER OF DAYS CLOUDY 9
AVERAGE RH (PERCENT) 68
WEATHER CONDITIONS. NUMBER OF DAYS WITH
THUNDERSTORM 7 MIXED PRECIP 0
HEAVY RAIN 3 RAIN 4
LIGHT RAIN 11 FREEZING RAIN 0
LT FREEZING RAIN 0 HAIL 0
HEAVY SNOW 0 SNOW 0
LIGHT SNOW 0 SLEET 0
FOG 14 FOG W/VIS <= 1/4 MILE 1
HAZE 10
- INDICATES NEGATIVE NUMBERS.
R INDICATES RECORD WAS SET OR TIED.
MM INDICATES DATA IS MISSING.
T INDICATES TRACE AMOUNT.
$$