000
CXUS53 KGRB 012208
CF6RHI
PRELIMINARY LOCAL CLIMATOLOGICAL DATA (WS FORM: F-6)
STATION: RHINELANDER WI
MONTH: MAY
YEAR: 2022
LATITUDE: 45 37 N
LONGITUDE: 89 27 W
TEMPERATURE IN F: :PCPN: SNOW: WIND :SUNSHINE: SKY :PK WND
================================================================================
1 2 3 4 5 6A 6B 7 8 9 10 11 12 13 14 15 16 17 18
12Z AVG MX 2MIN
DY MAX MIN AVG DEP HDD CDD WTR SNW DPTH SPD SPD DIR MIN PSBL S-S WX SPD DR
================================================================================
1 51 41 46 -1 19 0 0.16 0.0 0 8.5 17 280 M M 10 1 26 270
2 47 39 43 -5 22 0 T 0.0 0 5.2 15 320 M M 10 1 23 330
3 51 33 42 -6 23 0 0.00 0.0 0 5.8 14 10 M M 6 22 50
4 62 25 44 -5 21 0 0.00 0.0 0 4.2 12 70 M M 0 17 80
5 65 30 48 -1 17 0 0.00 0.0 0 3.5 13 100 M M 0 19 70
6 69 33 51 1 14 0 0.00 0.0 0 6.6 20 110 M M 0 25 90
7 68 31 50 0 15 0 0.00 0.0 0 6.8 17 100 M M 0 31 130
8 60 41 51 1 14 0 0.00 0.0 0 9.5 21 120 M M 4 32 130
9 73 46 60 9 5 0 0.36 0.0 0 14.1 31 140 M M 5 1 49 130
10 78 60 69 18 0 4 0.00 0.0 0 4.6 10 40 M M 7 3 16 10
11 78 59 69 17 0 4 0.06 0.0 0 10.5 24 110 M M 8 138 33 120
12 91 62 77 25 0 12 1.13 0.0 0 9.3 24 330 M M 5 13 39 340
13 88 63 76 24 0 11 T 0.0 0 11.6 23 280 M M 2 32 230
14 82 49 66 13 0 1 0.05 0.0 0 6.0 28 260 M M 2 3 43 190
15 73 42 58 5 7 0 T 0.0 0 10.4 25 280 M M 2 35 270
16 66 44 55 1 10 0 0.00 0.0 0 7.7 23 260 M M 6 35 290
17 67 32 50 -4 15 0 0.00 0.0 0 4.1 13 110 M M 1 1 18 110
18 63 47 55 1 10 0 0.32 0.0 0 8.0 23 320 M M 8 13 43 310
19 68 46 57 2 8 0 0.41 0.0 0 7.4 20 140 M M 6 13 30 150
20 64 51 58 3 7 0 0.44 0.0 0 9.1 23 270 M M 5 13 32 270
21 58 40 49 -7 16 0 0.03 0.0 0 5.7 13 350 M M 7 1 22 290
22 50 29 40 -16 25 0 0.08 0.0 0 4.7 16 280 M M 8 18 24 300
23 62 26 44 -12 21 0 0.00 0.0 0 3.8 13 180 M M 3 1 19 140
24 67 36 52 -5 13 0 0.00 0.0 0 4.3 13 90 M M 0 22 110
25 52 45 49 -8 16 0 0.41 0.0 0 8.0 17 90 M M 10 1 28 100
26 54 49 52 -5 13 0 0.16 0.0 0 4.0 10 10 M M 10 1 17 20
27 71 43 57 -1 8 0 0.00 0.0 0 3.0 12 10 M M 3 1 19 350
28 60 42 51 -7 14 0 0.20 0.0 0 6.2 16 130 M M 6 1 23 120
29 75 55 65 7 0 0 0.01 0.0 0 8.0 22 160 M M 2 37 200
30 83 67 75 16 0 10 T 0.0 0 10.8 21 160 M M 1 34 160
31 80 55 68 9 0 3 0.01 0.0 0 18.1 30 240 M M 2 53 220
================================================================================
SM 2076 1361 333 45 3.83 0.0 229.5 M 139
================================================================================
AV 67.0 43.9 7.4 FASTST M M 4 MAX(MPH)
MISC ----> 31 140 53 220
================================================================================
NOTES:
# LAST OF SEVERAL OCCURRENCES
COLUMN 17 PEAK WIND IN M.P.H.
PRELIMINARY LOCAL CLIMATOLOGICAL DATA (WS FORM: F-6) , PAGE 2
STATION: RHINELANDER WI
MONTH: MAY
YEAR: 2022
LATITUDE: 45 37 N
LONGITUDE: 89 27 W
[TEMPERATURE DATA] [PRECIPITATION DATA] SYMBOLS USED IN COLUMN 16
AVERAGE MONTHLY: 55.4 TOTAL FOR MONTH: 3.83 1 = FOG OR MIST
DPTR FM NORMAL: 1.9 DPTR FM NORMAL: 0.41 2 = FOG REDUCING VISIBILITY
HIGHEST: 91 ON 12 GRTST 24HR 1.19 ON 11-12 TO 1/4 MILE OR LESS
LOWEST: 25 ON 4 3 = THUNDER
SNOW, ICE PELLETS, HAIL 4 = ICE PELLETS
TOTAL MONTH: 0.0 INCH 5 = HAIL
GRTST 24HR 0.0 6 = FREEZING RAIN OR DRIZZLE
GRTST DEPTH: 0 7 = DUSTSTORM OR SANDSTORM:
VSBY 1/2 MILE OR LESS
8 = SMOKE OR HAZE
[NO. OF DAYS WITH] [WEATHER - DAYS WITH] 9 = BLOWING SNOW
X = TORNADO
MAX 32 OR BELOW: 0 0.01 INCH OR MORE: 15
MAX 90 OR ABOVE: 1 0.10 INCH OR MORE: 9
MIN 32 OR BELOW: 6 0.50 INCH OR MORE: 1
MIN 0 OR BELOW: 0 1.00 INCH OR MORE: 1
[HDD (BASE 65) ]
TOTAL THIS MO. 333 CLEAR (SCALE 0-3) 13
DPTR FM NORMAL -37 PTCLDY (SCALE 4-7) 13
TOTAL FM JUL 1 8893 CLOUDY (SCALE 8-10) 5
DPTR FM NORMAL 180
[CDD (BASE 65) ]
TOTAL THIS MO. 45
DPTR FM NORMAL 32 [PRESSURE DATA]
TOTAL FM JAN 1 45 HIGHEST SLP 30.45 ON 23
DPTR FM NORMAL 31 LOWEST SLP 29.26 ON 20
[REMARKS]
#FINAL-05-22#