000
CXUS53 KGRB 020105
CF6RHI
PRELIMINARY LOCAL CLIMATOLOGICAL DATA (WS FORM: F-6)
STATION: RHINELANDER WI
MONTH: FEBRUARY
YEAR: 2022
LATITUDE: 45 37 N
LONGITUDE: 89 27 W
TEMPERATURE IN F: :PCPN: SNOW: WIND :SUNSHINE: SKY :PK WND
================================================================================
1 2 3 4 5 6A 6B 7 8 9 10 11 12 13 14 15 16 17 18
12Z AVG MX 2MIN
DY MAX MIN AVG DEP HDD CDD WTR SNW DPTH SPD SPD DIR MIN PSBL S-S WX SPD DR
================================================================================
1 33 6 20 7 45 0 0.00 0.0 9 15.0 30 270 M M 3 8 42 260
2 10 -10 0 -13 65 0 0.00 0.0 9 7.0 15 280 M M 0 23 290
3 8 -17 -4 -17 69 0 0.00 0.0 9 2.8 10 70 M M 0 15 80
4 8 -14 -3 -16 68 0 0.03 0.4 9 2.2 8 220 M M 7 18 13 210
5 16 -15 1 -13 64 0 0.02 0.3 9 6.7 20 190 M M 7 8 26 210
6 23 11 17 3 48 0 0.08 1.4 10 5.7 10 310 M M 10 18 17 340
7 22 11 17 3 48 0 T T 10 5.8 12 260 M M 8 18 16 310
8 34 10 22 8 43 0 0.00 0.0 10 7.4 16 210 M M 2 23 170
9 33 20 27 13 38 0 0.04 0.5 10 10.3 23 270 M M 10 18 32 320
10 22 13 18 3 47 0 0.15 3.9 13 9.7 16 190 M M 9 128 25 280
11 32 3 18 3 47 0 0.04 0.7 13 11.0 18 330 M M 10 1 34 310
12 6 -16 -5 -20 70 0 T T 12 4.4 12 260 M M 5 8 17 340
13 10 -17 -3 -18 68 0 0.00 0.0 12 2.4 9 220 M M 3 18 13 320
14 16 -15 1 -15 64 0 T T 12 2.4 14 280 M M 3 19 280
15 26 -15 6 -10 59 0 T T 12 8.3 21 140 M M 5 32 180
16 32 14 23 7 42 0 0.00 0.0 12 5.8 15 330 M M 3 18 24 320
17 14 -15 0 -17 65 0 T T 12 6.7 13 300 M M 5 22 330
18 22 -22 0 -17 65 0 0.04 1.6 12 12.5 35 270 M M 8 1289 53 270
19 12 -7 3 -14 62 0 T T 11 13.0 24 220 M M 4 8 36 210
20 41 12 27 9 38 0 0.00 0.0 11 12.5 24 270 M M 6 37 220
21 20 11 16 -2 49 0 0.08 0.9 9 11.5 22 80 M M 10 18 35 70
22 15 8 12 -6 53 0 0.31 4.1 10 8.9 20 40 M M 10 128 30 50
23 16 -7 5 -14 60 0 0.01 0.2 14 4.5 12 20 M M 4 20 10
24 17 -16 1 -18 64 0 0.01 0.4 14 3.1 12 80 M M 4 1 15 40
25 21 2 12 -8 53 0 0.03 0.3 14 5.4 15 230 M M 4 1 21 220
26 30 0 15 -5 50 0 0.00 0.0 14 15.2 32 260 M M 0 8 42 270
27 27 10 19 -2 46 0 0.00 0.0 13 6.6 16 300 M M 2 26 280
28 32 13 23 2 42 0 T T 12 7.2 16 100 M M 8 21 110
================================================================================
SM 598 -42 1532 0 0.84 14.7 214.0 M 150
================================================================================
AV 21.4 -1.5 7.6 FASTST M M 5 MAX(MPH)
MISC ----> 35 270 53 270
================================================================================
NOTES:
# LAST OF SEVERAL OCCURRENCES
COLUMN 17 PEAK WIND IN M.P.H.
PRELIMINARY LOCAL CLIMATOLOGICAL DATA (WS FORM: F-6) , PAGE 2
STATION: RHINELANDER WI
MONTH: FEBRUARY
YEAR: 2022
LATITUDE: 45 37 N
LONGITUDE: 89 27 W
[TEMPERATURE DATA] [PRECIPITATION DATA] SYMBOLS USED IN COLUMN 16
AVERAGE MONTHLY: 9.9 TOTAL FOR MONTH: 0.84 1 = FOG OR MIST
DPTR FM NORMAL: -6.4 DPTR FM NORMAL: 0.05 2 = FOG REDUCING VISIBILITY
HIGHEST: 41 ON 20 GRTST 24HR 0.31 ON 22-22 TO 1/4 MILE OR LESS
LOWEST: -22 ON 18 3 = THUNDER
SNOW, ICE PELLETS, HAIL 4 = ICE PELLETS
TOTAL MONTH: 14.7 INCHES 5 = HAIL
GRTST 24HR 4.1 ON 22-22 6 = FREEZING RAIN OR DRIZZLE
GRTST DEPTH: 14 ON 26,25 7 = DUSTSTORM OR SANDSTORM:
VSBY 1/2 MILE OR LESS
8 = SMOKE OR HAZE
[NO. OF DAYS WITH] [WEATHER - DAYS WITH] 9 = BLOWING SNOW
X = TORNADO
MAX 32 OR BELOW: 24 0.01 INCH OR MORE: 12
MAX 90 OR ABOVE: 0 0.10 INCH OR MORE: 2
MIN 32 OR BELOW: 28 0.50 INCH OR MORE: 0
MIN 0 OR BELOW: 14 1.00 INCH OR MORE: 0
[HDD (BASE 65) ]
TOTAL THIS MO. 1532 CLEAR (SCALE 0-3) 7
DPTR FM NORMAL 168 PTCLDY (SCALE 4-7) 13
TOTAL FM JUL 1 6440 CLOUDY (SCALE 8-10) 8
DPTR FM NORMAL -20
[CDD (BASE 65) ]
TOTAL THIS MO. 0
DPTR FM NORMAL 0 [PRESSURE DATA]
TOTAL FM JAN 1 0 HIGHEST SLP 30.70 ON 3
DPTR FM NORMAL 0 LOWEST SLP 29.23 ON 11
[REMARKS]
#FINAL-02-22#