000
CXUS53 KGRB 010915
CLMRHI
CLIMATE REPORT
NATIONAL WEATHER SERVICE GREEN BAY
415 AM CDT SAT JUL 01 2023
...................................
...THE RHINELANDER WI CLIMATE SUMMARY FOR THE MONTH OF JUNE 2023...
CLIMATE NORMAL PERIOD: 1991 TO 2020
CLIMATE RECORD PERIOD: 1908 TO 2023
WEATHER OBSERVED NORMAL DEPART LAST YEAR`S
VALUE DATE(S) VALUE FROM VALUE DATE(S)
NORMAL
................................................................
TEMPERATURE (F)
RECORD
HIGH 104 06/29/1931
LOW 28 06/05/2001
HIGHEST 89 06/03 87 2 93 06/20
LOWEST 34 06/08 35 -1 33 06/04
AVG. MAXIMUM 77.8 75.5 2.3 75.7
AVG. MINIMUM 50.8 50.3 0.5 49.1
MEAN 64.3 62.9 1.4 62.4
DAYS MAX >= 90 0 0.6 -0.6 1
DAYS MAX <= 32 0 0.0 0.0 0
DAYS MIN <= 32 0 0.5 -0.5 0
DAYS MIN <= 0 0 0.0 0.0 0
PRECIPITATION (INCHES)
RECORD
MAXIMUM 11.72 1946
MINIMUM 0.47 2006
TOTALS 2.49 3.93 -1.44 2.43
DAYS >= .01 9 12.5 -3.5 11
DAYS >= .10 4 7.6 -3.6 6
DAYS >= .50 1 2.3 -1.3 1
DAYS >= 1.00 1 0.8 0.2 1
GREATEST
STORM TOTAL 1.50
(MM/DD(HH))
SNOWFALL (INCHES)
RECORDS
TOTAL T 1945
TOTALS 0.0 MM MM 0.0
SINCE 7/1 122.9 MM MM MM
DAYS >= TRACE 0 MM MM 0
DAYS >= 1.0 0 MM MM 0
GREATEST
SNOW DEPTH 0 0 MM
24 HR TOTAL MM
DEGREE DAYS
HEATING TOTAL 100 120 -20 135
SINCE 7/1 8390 8830 -440 MM
COOLING TOTAL 85 57 28 65
SINCE 1/1 96 71 25 MM
................................................................
WIND (MPH)
AVERAGE WIND SPEED 4.6
HIGHEST WIND SPEED/DIRECTION 24/270 DATE 06/23
HIGHEST GUST SPEED/DIRECTION 33/320 DATE 06/29
SKY COVER
POSSIBLE SUNSHINE (PERCENT) MM
AVERAGE SKY COVER 0.39
NUMBER OF DAYS FAIR 16
NUMBER OF DAYS PC 8
NUMBER OF DAYS CLOUDY 6
AVERAGE RH (PERCENT) 65
WEATHER CONDITIONS. NUMBER OF DAYS WITH
THUNDERSTORM 6 MIXED PRECIP 0
HEAVY RAIN 3 RAIN 3
LIGHT RAIN 12 FREEZING RAIN 0
LT FREEZING RAIN 0 HAIL 0
HEAVY SNOW 0 SNOW 0
LIGHT SNOW 0 SLEET 0
FOG 22 FOG W/VIS <= 1/4 MILE 6
HAZE 16
- INDICATES NEGATIVE NUMBERS.
R INDICATES RECORD WAS SET OR TIED.
MM INDICATES DATA IS MISSING.
T INDICATES TRACE AMOUNT.
$$