000
CXUS55 KGJT 021809
CF6RIL
PRELIMINARY LOCAL CLIMATOLOGICAL DATA (WS FORM: F-6)
STATION: RIFLE CO
MONTH: OCTOBER
YEAR: 2020
LATITUDE: 39 31 N
LONGITUDE: 107 43 W
TEMPERATURE IN F: :PCPN: SNOW: WIND :SUNSHINE: SKY :PK WND
================================================================================
1 2 3 4 5 6A 6B 7 8 9 10 11 12 13 14 15 16 17 18
12Z AVG MX 2MIN
DY MAX MIN AVG DEP HDD CDD WTR SNW DPTH SPD SPD DIR MIN PSBL S-S WX SPD DR
================================================================================
1 81 37 59 4 6 0 0.00 M M 4.3 15 300 M M 0 8 25 290
2 80 37 59 4 6 0 0.00 M M 4.0 18 290 M M 0 8 25 250
3 80 37 59 5 6 0 0.00 M M 4.3 15 300 M M 0 20 260
4 81 36 59 5 6 0 0.00 M M 5.6 23 270 M M 0 28 250
5 81 37 59 5 6 0 0.00 M M 2.2 10 240 M M 0 8 14 280
6 83 35 59 6 6 0 0.00 M M 4.7 17 260 M M 0 8 22 250
7 84 35 60 7 5 0 0.00 M M 4.5 20 250 M M 0 8 25 250
8 83 35 59 7 6 0 0.00 M M 4.5 22 260 M M 0 8 29 270
9 82 38 60 8 5 0 0.00 M M 4.8 24 260 M M 0 8 29 260
10 82 41 62 10 3 0 0.00 M M 6.6 29 250 M M 0 35 270
11 67 35 51 0 14 0 T M M 8.8 32 320 M M 2 8 45 250
12 69 27 48 -3 17 0 0.00 M M 5.8 24 270 M M 0 8 33 280
13 77 31 54 4 11 0 0.00 M M 6.5 29 260 M M 0 8 36 270
14 79 34 57 7 8 0 0.00 M M 10.3 31 260 M M 0 8 44 260
15 63 34 49 0 16 0 0.00 M M 4.5 14 320 M M 0 20 310
16 69 27 48 -1 17 0 0.00 M M 6.1 21 260 M M 0 28 260
17 71 29 50 1 15 0 0.00 M M 5.9 23 270 M M 0 32 280
18 75 38 57 9 8 0 0.00 M M 7.0 25 260 M M 0 8 34 270
19 73 36 55 7 10 0 0.00 M M 6.6 23 260 M M 0 8 30 260
20 74 33 54 7 11 0 0.00 M M 6.4 24 260 M M 0 29 260
21 76 33 55 8 10 0 0.00 M M 4.9 28 280 M M 0 8 35 280
22 75 32 54 8 11 0 0.00 M M 12.6 33 320 M M 1 8 46 310
23 59 25 42 -4 23 0 0.00 M M 3.4 20 310 M M 0 28 330
24 70 29 50 4 15 0 0.00 M M 5.2 28 270 M M 1 8 37 270
25 58 14 36 -9 29 0 0.40 M M 13.3 30 310 M M 8 126 40 320
26 21 2 12 -33 53 0 0.06 M M 6.2 25 310 M M 7 89 35 320
27 34 -6 14 -30 51 0 0.00 M M 3.4 8 100 M M 0 8 10 120
28 44 12 28 -16 37 0 0.00 M M 3.1 9 110 M M 0 11 80
29 53 21 37 -7 28 0 0.00 M M 2.3 10 120 M M 0 10 120
30 57 26 42 -1 23 0 0.00 M M 1.6 12 120 M M 0 12 120
31 62 27 45 2 20 0 0.00 M M 1.9 8 140 M M 0 11 60
================================================================================
SM 2143 907 482 0 0.46 M 171.3 M 19
================================================================================
AV 69.1 29.3 5.5 FASTST M M 1 MAX(MPH)
MISC ----> # 33 320 # 46 310
================================================================================
NOTES:
# LAST OF SEVERAL OCCURRENCES
COLUMN 17 PEAK WIND IN M.P.H.
PRELIMINARY LOCAL CLIMATOLOGICAL DATA (WS FORM: F-6) , PAGE 2
STATION: RIFLE CO
MONTH: OCTOBER
YEAR: 2020
LATITUDE: 39 31 N
LONGITUDE: 107 43 W
[TEMPERATURE DATA] [PRECIPITATION DATA] SYMBOLS USED IN COLUMN 16
AVERAGE MONTHLY: 49.2 TOTAL FOR MONTH: 0.46 1 = FOG OR MIST
DPTR FM NORMAL: 0.3 DPTR FM NORMAL: -1.43 2 = FOG REDUCING VISIBILITY
HIGHEST: 84 ON 7 GRTST 24HR 0.40 ON 25-25 TO 1/4 MILE OR LESS
LOWEST: -6 ON 27 3 = THUNDER
SNOW, ICE PELLETS, HAIL 4 = ICE PELLETS
TOTAL MONTH: M 5 = HAIL
GRTST 24HR M ON M 6 = FREEZING RAIN OR DRIZZLE
GRTST DEPTH: M ON M 7 = DUSTSTORM OR SANDSTORM:
VSBY 1/2 MILE OR LESS
8 = SMOKE OR HAZE
[NO. OF DAYS WITH] [WEATHER - DAYS WITH] 9 = BLOWING SNOW
X = TORNADO
MAX 32 OR BELOW: 1 0.01 INCH OR MORE: 2
MAX 90 OR ABOVE: 0 0.10 INCH OR MORE: 1
MIN 32 OR BELOW: 14 0.50 INCH OR MORE: 0
MIN 0 OR BELOW: 1 1.00 INCH OR MORE: 0
[HDD (BASE 65) ]
TOTAL THIS MO. 482 CLEAR (SCALE 0-3) 29
DPTR FM NORMAL -16 PTCLDY (SCALE 4-7) 2
TOTAL FM JUL 1 589 CLOUDY (SCALE 8-10) 0
DPTR FM NORMAL -55
[CDD (BASE 65) ]
TOTAL THIS MO. 0
DPTR FM NORMAL 0 [PRESSURE DATA]
TOTAL FM JAN 1 903 HIGHEST SLP 30.56 ON 27
DPTR FM NORMAL 362 LOWEST SLP 29.51 ON 25
[REMARKS]
#FINAL-10-20#